{"id":4,"date":"2019-06-05T11:34:16","date_gmt":"2019-06-05T14:34:16","guid":{"rendered":"http:\/\/localhost\/goiania-site\/public_html\/secbase\/?page_id=81"},"modified":"2023-11-14T14:50:59","modified_gmt":"2023-11-14T17:50:59","slug":"sobre-a-secretaria","status":"publish","type":"page","link":"https:\/\/www.goiania.go.gov.br\/sme\/sobre-a-secretaria\/","title":{"rendered":"Sobre a Secretaria"},"content":{"rendered":"\n<p><strong>Apresenta\u00e7\u00e3o&nbsp;<\/strong><\/p>\n\n\n\n<p>A Secretaria Municipal de Educa\u00e7\u00e3o (SME) \u00e9 o \u00f3rg\u00e3o integrante do Sistema Administrativo da Prefeitura Municipal de Goi\u00e2nia que tem por finalidade promover a execu\u00e7\u00e3o das pol\u00edticas p\u00fablicas de Educa\u00e7\u00e3o e gest\u00e3o de recursos em conson\u00e2ncia com as diretrizes e normas nacionais, estaduais e municipais. A SME pauta-se em uma gest\u00e3o democr\u00e1tica e participativa, com o objetivo de proporcionar a inclus\u00e3o social, observando as normas gerais e princ\u00edpios da administra\u00e7\u00e3o p\u00fablica.<\/p>\n\n\n\n<p>&nbsp;<strong>Miss\u00e3o<\/strong><\/p>\n\n\n\n<p>A SME tem como miss\u00e3o ser um agente de transforma\u00e7\u00e3o e aprendizagem na vida das crian\u00e7as, adolescentes, adultos e idosos da Capital, de forma a assegurar educa\u00e7\u00e3o e esporte de qualidade.<\/p>\n\n\n\n<p><\/p>\n\n\n\n<p><strong>Endere\u00e7o:<\/strong> Rua 227-A n\u00ba 331 Qd. 67-D Setor Leste Universit\u00e1rio<\/p>\n\n\n\n<p><strong>Hor\u00e1rio de funcionamento:<\/strong> 07:00h \u00e0s 18:00h <\/p>\n\n\n\n<p><\/p>\n","protected":false},"excerpt":{"rendered":"<p>Apresenta\u00e7\u00e3o&nbsp; A Secretaria Municipal de Educa\u00e7\u00e3o (SME) \u00e9 o \u00f3rg\u00e3o integrante do Sistema Administrativo da Prefeitura Municipal de Goi\u00e2nia que tem por finalidade promover a execu\u00e7\u00e3o das pol\u00edticas p\u00fablicas de Educa\u00e7\u00e3o e gest\u00e3o de recursos em conson\u00e2ncia com as diretrizes e normas nacionais, estaduais e municipais. A SME pauta-se em uma gest\u00e3o democr\u00e1tica e participativa, [&hellip;]<\/p>\n","protected":false},"author":1,"featured_media":0,"parent":0,"menu_order":0,"comment_status":"closed","ping_status":"closed","template":"page-templates\/page-sidebar-right.php","meta":{"_acf_changed":false,"custom_icon_class":"","footnotes":""},"class_list":["post-4","page","type-page","status-publish","hentry"],"acf":[],"_links":{"self":[{"href":"https:\/\/www.goiania.go.gov.br\/sme\/wp-json\/wp\/v2\/pages\/4","targetHints":{"allow":["GET"]}}],"collection":[{"href":"https:\/\/www.goiania.go.gov.br\/sme\/wp-json\/wp\/v2\/pages"}],"about":[{"href":"https:\/\/www.goiania.go.gov.br\/sme\/wp-json\/wp\/v2\/types\/page"}],"author":[{"embeddable":true,"href":"https:\/\/www.goiania.go.gov.br\/sme\/wp-json\/wp\/v2\/users\/1"}],"replies":[{"embeddable":true,"href":"https:\/\/www.goiania.go.gov.br\/sme\/wp-json\/wp\/v2\/comments?post=4"}],"version-history":[{"count":9,"href":"https:\/\/www.goiania.go.gov.br\/sme\/wp-json\/wp\/v2\/pages\/4\/revisions"}],"predecessor-version":[{"id":214,"href":"https:\/\/www.goiania.go.gov.br\/sme\/wp-json\/wp\/v2\/pages\/4\/revisions\/214"}],"wp:attachment":[{"href":"https:\/\/www.goiania.go.gov.br\/sme\/wp-json\/wp\/v2\/media?parent=4"}],"curies":[{"name":"wp","href":"https:\/\/api.w.org\/{rel}","templated":true}]}}