{"id":161,"date":"2020-05-18T14:58:24","date_gmt":"2020-05-18T17:58:24","guid":{"rendered":"https:\/\/www.goiania.go.gov.br\/agetul\/programas\/"},"modified":"2020-05-18T14:58:24","modified_gmt":"2020-05-18T17:58:24","slug":"programas","status":"publish","type":"page","link":"https:\/\/www.goiania.go.gov.br\/semel\/lazer\/programas\/","title":{"rendered":"Programas"},"content":{"rendered":"\n<h2 class=\"wp-block-heading\">Atividades dos Programas<\/h2>\n\n\n\n<ul class=\"wp-block-list\"><li>Pr\u00e1ticas corporais e atividades f\u00edsicas;<ul><li>Modalidades: Alongamento; Gin\u00e1stica Localizada; Dan\u00e7a; Hidrogin\u00e1stica; Treinamento Funcional; Pilates e outras.<\/li><\/ul><\/li><li>Produ\u00e7\u00e3o do cuidado e de modos de vida ativos;<\/li><li>Pr\u00e1ticas integrativas e complementares; P<\/li><li>Pr\u00e1ticas art\u00edsticas e culturais;<\/li><li>Educa\u00e7\u00e3o popular em lazer;<\/li><li>Eventos de lazer e outros;<\/li><li>Planejamento e gest\u00e3o; e<\/li><li>Mobiliza\u00e7\u00e3o da comunidade.<\/li><\/ul>\n\n\n\n<h2 class=\"wp-block-heading\"><strong>Princ\u00edpios e Diretrizes<\/strong><\/h2>\n\n\n\n<p>S\u00e3o Princ\u00edpios e Diretrizes dos programas de lazer delineados e executados pela AGETUL, fundamentados na Lei Complementar n\u00ba 203 de 29 de janeiro de 2010 e operacionalizados nas Unidades de Lazer vinculada atrav\u00e9s das Portaria n\u00ba 11 e 12 de 15 de abril de 2015:<\/p>\n\n\n\n<h3 class=\"wp-block-heading\">Princ\u00edpios<\/h3>\n\n\n\n<ul class=\"wp-block-list\"><li><strong>cientificidade<\/strong>, que orienta a formula\u00e7\u00e3o e a operacionaliza\u00e7\u00e3o das a\u00e7\u00f5es de lazer a partir de bases cient\u00edficas, constitu\u00eddo por uma diversidade de saberes e pr\u00e1ticas sociais e culturais, impondo assim, sua media\u00e7\u00e3o l\u00f3gica com as \u00e1reas que lhe complementam;<\/li><li><strong>autonomia<\/strong>, definido pela faculdade de pessoas e comunidades de organizarem-se para as pr\u00e1ticas e de lazer, como sujeitos nas decis\u00f5es que as afetam;<\/li><li><strong>democratiza\u00e7\u00e3o<\/strong>, definido pela universaliza\u00e7\u00e3o do acesso e participa\u00e7\u00e3o nos programas p\u00fablicos de lazer, sem distin\u00e7\u00f5es e quaisquer formas de discrimina\u00e7\u00e3o;<\/li><li><strong>liberdade<\/strong>, expressa pela livre pr\u00e1tica do lazer, de acordo com o interesse, necessidade e objetivo do indiv\u00edduo;<\/li><li><strong>direito social<\/strong>, preconizado pelas garantias individuais e coletivas, bem como, do dever do Poder P\u00fablico Municipal de estimular, de fomentar e de promover as atividades de lazer formais e n\u00e3o formais;<\/li><li><strong>inclus\u00e3o social<\/strong>, caracterizada pelas diferentes estrat\u00e9gias voltadas \u00e0 incorpora\u00e7\u00e3o e integra\u00e7\u00e3o de segmentos sociais diferenciados, principalmente a popula\u00e7\u00e3o de menor renda;<\/li><li><strong>educa\u00e7\u00e3o<\/strong>, caracterizada por componentes como a ludicidade podendo manifestar-se em diferentes pr\u00e1ticas e espa\u00e7os\/equipamentos como espa\u00e7o\/tempo de organiza\u00e7\u00e3o cultural constituindo-se como um instrumento pol\u00edtico-pedag\u00f3gico de transforma\u00e7\u00e3o social;<\/li><li><strong>intersetorialidade <\/strong>na constru\u00e7\u00e3o e desenvolvimento das a\u00e7\u00f5es;<\/li><li><strong>interdisciplinaridade <\/strong>na produ\u00e7\u00e3o do conhecimento e das a\u00e7\u00f5es e<\/li><li><strong>intergeracionalidade <\/strong>promovendo o di\u00e1logo e troca entre gera\u00e7\u00f5es.<\/li><\/ul>\n\n\n\n<h3 class=\"wp-block-heading\">Diretrizes<\/h3>\n\n\n\n<ul class=\"wp-block-list\"><li>Configurar-se como unidade de execu\u00e7\u00e3o de pol\u00edticas p\u00fablicas de lazer efetivando o acesso gratuito da comunidade em atividades individuais e coletivas relacionadas ao fen\u00f4meno do lazer;<\/li><li>Referenciar-se como um programa p\u00fablico de lazer;<\/li><li>Estabelecer-se como espa\u00e7o de produ\u00e7\u00e3o, ressignifica\u00e7\u00e3o e viv\u00eancia de conhecimentos, a\u00e7\u00f5es e atividades favor\u00e1veis \u00e0 constru\u00e7\u00e3o de modos de lazer;<\/li><\/ul>\n\n\n\n<h3 class=\"wp-block-heading\">Objetivos<\/h3>\n\n\n\n<ul class=\"wp-block-list\"><li>Ampliar o acesso da popula\u00e7\u00e3o \u00e0s pol\u00edticas p\u00fablicas de lazer;<\/li><li>Fortalecer as a\u00e7\u00f5es e atividades de lazer como estrat\u00e9gia de educa\u00e7\u00e3o informal;<\/li><li>Promover pr\u00e1ticas de educa\u00e7\u00e3o popular;<\/li><li>Promover a\u00e7\u00f5es intersetoriais com outras pastas e inst\u00e2ncias do governo e outros equipamentos sociais;<\/li><li>Promover a converg\u00eancia de projetos ou programas nos \u00e2mbitos do lazer, sa\u00fade, educa\u00e7\u00e3o, cultura, assist\u00eancia social, esporte e outros;<\/li><li>Ampliar a autonomia dos indiv\u00edduos sobre as escolhas de modos de vidas mais ativos;<\/li><li>Promover mobiliza\u00e7\u00e3o comunit\u00e1ria com a constitui\u00e7\u00e3o de redes sociais de apoio e ambientes de conviv\u00eancia e solidariedade;<\/li><li>Potencializar as manifesta\u00e7\u00f5es culturais locais e o conhecimento popular na constru\u00e7\u00e3o de alternativas individuais e coletivas que favore\u00e7am a viv\u00eancia do lazer; e<\/li><li>Contribuir para amplia\u00e7\u00e3o e valoriza\u00e7\u00e3o da utiliza\u00e7\u00e3o dos espa\u00e7os p\u00fablicos de lazer, como proposta de inclus\u00e3o social, enfrentamento das viol\u00eancias e melhoria das condi\u00e7\u00f5es de sa\u00fade e qualidade de vida da popula\u00e7\u00e3o.<\/li><\/ul>\n","protected":false},"excerpt":{"rendered":"<p>Atividades dos Programas Pr\u00e1ticas corporais e atividades f\u00edsicas; Modalidades: Alongamento; Gin\u00e1stica Localizada; Dan\u00e7a; Hidrogin\u00e1stica; Treinamento Funcional; Pilates e outras. Produ\u00e7\u00e3o do cuidado e de modos de vida ativos; Pr\u00e1ticas integrativas e complementares; P Pr\u00e1ticas art\u00edsticas e culturais; Educa\u00e7\u00e3o popular em lazer; Eventos de lazer e outros; Planejamento e gest\u00e3o; e Mobiliza\u00e7\u00e3o da comunidade. Princ\u00edpios e [&hellip;]<\/p>\n","protected":false},"author":1,"featured_media":0,"parent":154,"menu_order":3,"comment_status":"closed","ping_status":"closed","template":"","meta":{"_acf_changed":false,"custom_icon_class":"","footnotes":""},"class_list":["post-161","page","type-page","status-publish","hentry"],"acf":[],"_links":{"self":[{"href":"https:\/\/www.goiania.go.gov.br\/semel\/wp-json\/wp\/v2\/pages\/161","targetHints":{"allow":["GET"]}}],"collection":[{"href":"https:\/\/www.goiania.go.gov.br\/semel\/wp-json\/wp\/v2\/pages"}],"about":[{"href":"https:\/\/www.goiania.go.gov.br\/semel\/wp-json\/wp\/v2\/types\/page"}],"author":[{"embeddable":true,"href":"https:\/\/www.goiania.go.gov.br\/semel\/wp-json\/wp\/v2\/users\/1"}],"replies":[{"embeddable":true,"href":"https:\/\/www.goiania.go.gov.br\/semel\/wp-json\/wp\/v2\/comments?post=161"}],"version-history":[{"count":0,"href":"https:\/\/www.goiania.go.gov.br\/semel\/wp-json\/wp\/v2\/pages\/161\/revisions"}],"up":[{"embeddable":true,"href":"https:\/\/www.goiania.go.gov.br\/semel\/wp-json\/wp\/v2\/pages\/154"}],"wp:attachment":[{"href":"https:\/\/www.goiania.go.gov.br\/semel\/wp-json\/wp\/v2\/media?parent=161"}],"curies":[{"name":"wp","href":"https:\/\/api.w.org\/{rel}","templated":true}]}}