{"id":1198,"date":"2023-01-20T10:29:32","date_gmt":"2023-01-20T13:29:32","guid":{"rendered":"https:\/\/www.goiania.go.gov.br\/agetul\/?page_id=1198"},"modified":"2023-01-20T10:29:32","modified_gmt":"2023-01-20T13:29:32","slug":"matriculas-vida-ativa","status":"publish","type":"page","link":"https:\/\/www.goiania.go.gov.br\/semel\/lazer\/programas\/matriculas-vida-ativa\/","title":{"rendered":"Matriculas Vida Ativa"},"content":{"rendered":"\n<p>As inscri\u00e7\u00f5es s\u00e3o feitas presencialmente.<br><strong>D\u00favidas?<\/strong> Entre em contato pelo (62) 3524-1180.<\/p>\n","protected":false},"excerpt":{"rendered":"<p>As inscri\u00e7\u00f5es s\u00e3o feitas presencialmente.D\u00favidas? Entre em contato pelo (62) 3524-1180.<\/p>\n","protected":false},"author":1,"featured_media":0,"parent":161,"menu_order":4,"comment_status":"closed","ping_status":"closed","template":"","meta":{"_acf_changed":false,"custom_icon_class":"","footnotes":""},"class_list":["post-1198","page","type-page","status-publish","hentry"],"acf":[],"_links":{"self":[{"href":"https:\/\/www.goiania.go.gov.br\/semel\/wp-json\/wp\/v2\/pages\/1198","targetHints":{"allow":["GET"]}}],"collection":[{"href":"https:\/\/www.goiania.go.gov.br\/semel\/wp-json\/wp\/v2\/pages"}],"about":[{"href":"https:\/\/www.goiania.go.gov.br\/semel\/wp-json\/wp\/v2\/types\/page"}],"author":[{"embeddable":true,"href":"https:\/\/www.goiania.go.gov.br\/semel\/wp-json\/wp\/v2\/users\/1"}],"replies":[{"embeddable":true,"href":"https:\/\/www.goiania.go.gov.br\/semel\/wp-json\/wp\/v2\/comments?post=1198"}],"version-history":[{"count":0,"href":"https:\/\/www.goiania.go.gov.br\/semel\/wp-json\/wp\/v2\/pages\/1198\/revisions"}],"up":[{"embeddable":true,"href":"https:\/\/www.goiania.go.gov.br\/semel\/wp-json\/wp\/v2\/pages\/161"}],"wp:attachment":[{"href":"https:\/\/www.goiania.go.gov.br\/semel\/wp-json\/wp\/v2\/media?parent=1198"}],"curies":[{"name":"wp","href":"https:\/\/api.w.org\/{rel}","templated":true}]}}