{"id":32,"date":"2022-02-08T16:57:55","date_gmt":"2022-02-08T19:57:55","guid":{"rendered":"https:\/\/www.goiania.go.gov.br\/sei\/?page_id=32"},"modified":"2022-02-10T10:07:29","modified_gmt":"2022-02-10T13:07:29","slug":"ambiente-de-treinamento","status":"publish","type":"page","link":"https:\/\/www.goiania.go.gov.br\/sei\/ambiente-de-treinamento\/","title":{"rendered":"Ambiente de Treinamento"},"content":{"rendered":"\n<p>Est\u00e1 dispon\u00edvel a plataforma de treinamento para voc\u00ea conhecer, simular e testar as funcionalidades dispon\u00edveis do&nbsp;<strong>SEI GOI\u00c2NIA<\/strong>.<br>Complemente a sua capacita\u00e7\u00e3o, confira o que o SEI oferece.<\/p>\n\n\n\n<p>Acesse o link:&nbsp;<strong><a href=\"https:\/\/pocsei.goiania.go.gov.br\/sip\/login.php?sigla_orgao_sistema=PMG&amp;sigla_sistema=SEI\">Ambiente de Treinamento SEI-GOI\u00c2NIA<\/a><\/strong><\/p>\n\n\n\n<p>As secretarias liberadas no ambiente de treinamento s\u00e3o: SEGOV e SEMAD.<br>Utilize um dos seguintes usu\u00e1rios abaixo, para acessar o\u00a0<strong>Ambiente de Treinamento<\/strong>:<\/p>\n\n\n\n<p><\/p>\n\n\n\n<p>Usu\u00e1rio: sei01 \/&nbsp;Senha: $ict&amp;c12<br>Usu\u00e1rio: sei02 \/&nbsp;Senha: $ict&amp;c12<br>Usu\u00e1rio: sei03 \/&nbsp;Senha: $ict&amp;c12<\/p>\n","protected":false},"excerpt":{"rendered":"<p>Est\u00e1 dispon\u00edvel a plataforma de treinamento para voc\u00ea conhecer, simular e testar as funcionalidades dispon\u00edveis do&nbsp;SEI GOI\u00c2NIA.Complemente a sua capacita\u00e7\u00e3o, confira o que o SEI oferece. Acesse o link:&nbsp;Ambiente de Treinamento SEI-GOI\u00c2NIA As secretarias liberadas no ambiente de treinamento s\u00e3o: SEGOV e SEMAD.Utilize um dos seguintes usu\u00e1rios abaixo, para acessar o\u00a0Ambiente de Treinamento: Usu\u00e1rio: sei01 [&hellip;]<\/p>\n","protected":false},"author":1,"featured_media":0,"parent":0,"menu_order":2,"comment_status":"closed","ping_status":"closed","template":"","meta":{"_acf_changed":false,"custom_icon_class":"","footnotes":""},"class_list":["post-32","page","type-page","status-publish","hentry"],"acf":[],"_links":{"self":[{"href":"https:\/\/www.goiania.go.gov.br\/sei\/wp-json\/wp\/v2\/pages\/32","targetHints":{"allow":["GET"]}}],"collection":[{"href":"https:\/\/www.goiania.go.gov.br\/sei\/wp-json\/wp\/v2\/pages"}],"about":[{"href":"https:\/\/www.goiania.go.gov.br\/sei\/wp-json\/wp\/v2\/types\/page"}],"author":[{"embeddable":true,"href":"https:\/\/www.goiania.go.gov.br\/sei\/wp-json\/wp\/v2\/users\/1"}],"replies":[{"embeddable":true,"href":"https:\/\/www.goiania.go.gov.br\/sei\/wp-json\/wp\/v2\/comments?post=32"}],"version-history":[{"count":4,"href":"https:\/\/www.goiania.go.gov.br\/sei\/wp-json\/wp\/v2\/pages\/32\/revisions"}],"predecessor-version":[{"id":38,"href":"https:\/\/www.goiania.go.gov.br\/sei\/wp-json\/wp\/v2\/pages\/32\/revisions\/38"}],"wp:attachment":[{"href":"https:\/\/www.goiania.go.gov.br\/sei\/wp-json\/wp\/v2\/media?parent=32"}],"curies":[{"name":"wp","href":"https:\/\/api.w.org\/{rel}","templated":true}]}}