{"id":5,"date":"2025-08-05T16:39:21","date_gmt":"2025-08-05T19:39:21","guid":{"rendered":"https:\/\/www.goiania.go.gov.br\/sehab\/?page_id=5"},"modified":"2025-10-16T17:30:51","modified_gmt":"2025-10-16T20:30:51","slug":"programa-municipal-de-habitacao-casa-da-gente","status":"publish","type":"page","link":"https:\/\/www.goiania.go.gov.br\/sehab\/programa-municipal-de-habitacao-casa-da-gente\/","title":{"rendered":"Programa Municipal de Habita\u00e7\u00e3o \u2013 Casa da Gente"},"content":{"rendered":"\n<ul class=\"wp-block-list\">\n<li><a href=\"https:\/\/www10.goiania.go.gov.br\/Internet\/Login.aspx?OriginalURL=https%3a%2f%2fwww10.goiania.go.gov.br%2fhabitacao%2fInscricaoProgramasWeb.aspx\" target=\"_blank\" rel=\"noreferrer noopener\">Inscri\u00e7\u00e3o e Atualiza\u00e7\u00e3o de dados no Programa Casa da Gente<\/a><\/li>\n\n\n\n<li><a href=\"https:\/\/drive.google.com\/file\/d\/15NJF9jYuWIqiCepG7MgPdciMBD6gW-Km\/view?usp=sharing\" target=\"_blank\" rel=\"noreferrer noopener\">Rela\u00e7\u00e3o de Documentos a ser apresentada<\/a><\/li>\n<\/ul>\n\n\n\n<ol class=\"wp-block-list\">\n<li><a href=\"https:\/\/drive.google.com\/file\/d\/13zJsd6gVtAqYiAvWAf2-wIaRM272T2ir\/view?usp=sharing\" target=\"_blank\" rel=\"noreferrer noopener\">Declara\u00e7\u00e3o de N\u00e3o Propriedade<\/a><\/li>\n\n\n\n<li><a href=\"https:\/\/drive.google.com\/file\/d\/1ZiuXqW0m7nk8z8uwJwHFBHcssgxi6Z7C\/view?usp=sharing\" target=\"_blank\" rel=\"noreferrer noopener\">Declara\u00e7\u00e3o de Renda Formal<\/a><\/li>\n\n\n\n<li><a href=\"https:\/\/drive.google.com\/file\/d\/1ZwqguI3QoD2_peciAh9ljMSzC4UBZFBS\/view?usp=sharing\" target=\"_blank\" rel=\"noreferrer noopener\">Declara\u00e7\u00e3o de Aut\u00f4nomo<\/a><\/li>\n\n\n\n<li><a href=\"https:\/\/drive.google.com\/file\/d\/1WRNY4RiC-XvZ-w2WLny1aLz4b1cnsaUW\/view?usp=sharing\" target=\"_blank\" rel=\"noreferrer noopener\">Declara\u00e7\u00e3o de Resid\u00eancia<\/a><\/li>\n<\/ol>\n\n\n\n<ul class=\"wp-block-list\">\n<li><a href=\"https:\/\/www.goiania.go.gov.br\/seplanh\/wp-content\/uploads\/sites\/4\/2024\/11\/Lista-de-Sorteados-em-14-05-2022_Apartamento-Ipe-Roxo-Financiamento-DOM_nao-publicado_-So-no-site-SEPLANH-1o-sorteio.pdf\">Rela\u00e7\u00e3o dos Sorteados \u2013 14 de maio de 2022<\/a><\/li>\n\n\n\n<li><a href=\"https:\/\/www.goiania.go.gov.br\/seplanh\/wp-content\/uploads\/sites\/4\/2024\/11\/Lista-de-Sorteados-em-15-06-2022_Apartamento-Ipe-Roxo-Financiamento-DOM_nao-publicado_-So-no-site-SEPLANH-2o-sorteio.pdf\">Rela\u00e7\u00e3o dos Sorteados \u2013 15 de junho de 2022<\/a><\/li>\n\n\n\n<li><a href=\"https:\/\/www.goiania.go.gov.br\/seplanh\/wp-content\/uploads\/sites\/4\/2024\/11\/Relacao-dos-Sorteados-em-06-08-2022-Programa-Cada-da-Gente-Doacao-05-Lotes-Jard.-Cerrado-Sem-Edital-so-no-site-da-seplanh.pdf\">Rela\u00e7\u00e3o dos Sorteados \u2013 06 de agosto de 2022<\/a><\/li>\n\n\n\n<li><a href=\"https:\/\/www.goiania.go.gov.br\/seplanh\/wp-content\/uploads\/sites\/4\/2024\/11\/Lista-de-Sorteados-em-27-08-2022_Apartamento-Ipe-Roxo-Financiamento-DOM_7878-05-09-2022-3o-sorteio.pdf\">Rela\u00e7\u00e3o dos Sorteados \u2013 27 de agosto de 2022<\/a><\/li>\n\n\n\n<li><a href=\"https:\/\/www.goiania.go.gov.br\/seplanh\/wp-content\/uploads\/sites\/4\/2024\/11\/Relacao-dos-Sorteados-em-13-03-2023-Programa-Casa-da-Gente-Doacao-de-Lotes.pdf\">Rela\u00e7\u00e3o dos Sorteados \u2013 13 de mar\u00e7o de 2023<\/a><\/li>\n\n\n\n<li><a href=\"https:\/\/www.goiania.go.gov.br\/seplanh\/wp-content\/uploads\/sites\/4\/2024\/11\/Lista-de-Aprovados-Casa-da-Gente-04.03.2023-1.pdf\">Fam\u00edlias contempladas 1\u00ba Sorteio Programa Casa da Gente \u2013 13 de mar\u00e7o de 2023<\/a><\/li>\n\n\n\n<li><a href=\"https:\/\/www.goiania.go.gov.br\/seplanh\/wp-content\/uploads\/sites\/4\/2024\/11\/Relacao-dos-Sorteados-em-13-05-2023-Progrma-Cada-da-Gente-Doacao-de-Lotes.pdf\">Rela\u00e7\u00e3o dos Sorteados Modalidade Doa\u00e7\u00e3o \u2013 13 de maio de 2023<\/a><\/li>\n\n\n\n<li><a href=\"https:\/\/www.goiania.go.gov.br\/seplanh\/wp-content\/uploads\/sites\/4\/2024\/11\/Contemplados.pdf\">Rela\u00e7\u00e3o de Contemplados \u2013 10.04.2024<\/a><\/li>\n\n\n\n<li><a href=\"https:\/\/www.goiania.go.gov.br\/seplanh\/wp-content\/uploads\/sites\/4\/2024\/11\/Edital-de-Convocacao-001.2024.pdf\">Edital de Convoca\u00e7\u00e3o n. 001\/2024 \u2013 Modalidade Doa\u00e7\u00e3o<\/a><\/li>\n\n\n\n<li><a href=\"https:\/\/www.goiania.go.gov.br\/seplanh\/wp-content\/uploads\/sites\/4\/2024\/11\/Relacao-dos-Sorteados-em-14-04-2024-Programa-Casa-da-Gente-Doacao-de-Lotes.pdf\">Sorteados Programa Casa da Gente \u2013 Modalidade Doa\u00e7\u00e3o \u2013 14.04.2024<\/a><\/li>\n\n\n\n<li><strong><a href=\"https:\/\/drive.google.com\/file\/d\/1oSkpAc46WOUpTZCXEpDd7CEcGuAv-Otu\/view?usp=drivesdk\" target=\"_blank\" rel=\"noreferrer noopener\">Edital de Convoca\u00e7\u00e3o Cadastro de Reservas \u2013 Sorteio realizado em 15.05.2023<\/a><\/strong><\/li>\n\n\n\n<li><a href=\"https:\/\/www.goiania.go.gov.br\/seplanh\/wp-content\/uploads\/sites\/4\/2024\/11\/Relacao-dos-Sorteados-em-16-09-2023-Programa-Casa-da-Gente-Doacao-de-Lotes.pdf\" target=\"_blank\" rel=\"noreferrer noopener\">Edital de Convoca\u00e7\u00e3o Cadastro de Reservas \u2013 Sorteio realizado em 18.09.2023<\/a><\/li>\n\n\n\n<li><a href=\"https:\/\/drive.google.com\/file\/d\/1PC3yhvANiX7EkzULB4kz_Easkh6xNwIf\/view?usp=sharing\" target=\"_blank\" rel=\"noreferrer noopener\"><strong>Resultado Final Lotes Remanescentes Jardim do Cerrado III e Fonte das \u00c1guas<\/strong><\/a><\/li>\n\n\n\n<li><a href=\"https:\/\/www.goiania.go.gov.br\/seplanh\/wp-content\/uploads\/sites\/4\/2024\/11\/Relacao-dos-Sorteados-em-18-05-2024-Programa-Casa-da-Gente-Doacao-de-Lotes.pdf\">Sorteados Programa Casa da Gente \u2013 Modalidade Doa\u00e7\u00e3o \u2013 18.05.24<\/a><\/li>\n\n\n\n<li><a href=\"https:\/\/www.goiania.go.gov.br\/seplanh\/wp-content\/uploads\/sites\/4\/2024\/11\/Relacao-dos-Sorteados-dia-22-06-2024-Residencial-Iris-Rezende-III-1.000-candidados-DOM_Edicao_8322-01-07-2024_1o-Sorteio.pdf\">Sorteados Programa Casa da Gente \u2013 Modalidade Financiamento \u2013 22.06.24<\/a><\/li>\n\n\n\n<li><a href=\"https:\/\/www.goiania.go.gov.br\/seplanh\/wp-content\/uploads\/sites\/4\/2024\/11\/Sorteio_Residencial_Iriz_Rezende_III.pdf\">Sorteados Programa Casa da Gente \u2013 Modalidade Financiamento (Residencial Iris Rezende III) \u2013 Cadastro de Reservas \u2013 19.11.24<\/a><\/li>\n\n\n\n<li><a href=\"https:\/\/www.goiania.go.gov.br\/seplanh\/wp-content\/uploads\/sites\/4\/2024\/11\/Sorteio_VIDA_CLUBE_PERIMETRAL.pdf\">Sorteados Programa Casa da Gente \u2013 Modalidade Financiamento (Empreendimento Vida Clube Perimetral) \u2013 19.11.24<\/a><\/li>\n<\/ul>\n\n\n\n<p><strong>2025<\/strong><\/p>\n\n\n\n<ul class=\"wp-block-list\">\n<li><a href=\"https:\/\/www.goiania.go.gov.br\/sehab\/wp-content\/uploads\/sites\/49\/2025\/10\/Edital-no-001-2025.pdf\" target=\"_blank\" rel=\"noreferrer noopener\">Edital n\u00ba 001\/2025 &#8211; 16\/10\/2025<\/a><\/li>\n\n\n\n<li><a href=\"https:\/\/www.goiania.go.gov.br\/sehab\/wp-content\/uploads\/sites\/49\/2025\/10\/Lista-Oficial-do-Sorteio.pdf\" target=\"_blank\" rel=\"noreferrer noopener\">Lista Oficial do Sorteio &#8211; 16\/10\/2025<\/a><\/li>\n\n\n\n<li><a href=\"https:\/\/www.goiania.go.gov.br\/sehab\/wp-content\/uploads\/sites\/49\/2025\/10\/Lista-Preliminar.pdf\" target=\"_blank\" rel=\"noreferrer noopener\">Lista Preliminar &#8211; 16\/10\/2025<\/a><\/li>\n\n\n\n<li><a href=\"https:\/\/www.goiania.go.gov.br\/sehab\/wp-content\/uploads\/sites\/49\/2025\/10\/Lista-Final-dos-candidatos-sorteados.pdf\" target=\"_blank\" rel=\"noreferrer noopener\">Lista Final dos candidatos sorteados &#8211; 16\/10\/2025<\/a><\/li>\n\n\n\n<li><a href=\"https:\/\/www.goiania.go.gov.br\/sehab\/wp-content\/uploads\/sites\/49\/2025\/10\/Relacao-Final-dos-candidatos-contemplados.pdf\" target=\"_blank\" rel=\"noreferrer noopener\">Rela\u00e7\u00e3o Final dos candidatos contemplados &#8211; 16\/10\/2025<\/a><\/li>\n\n\n\n<li><a href=\"https:\/\/www.goiania.go.gov.br\/sehab\/wp-content\/uploads\/sites\/49\/2025\/10\/EDITAL-No-002-2025.pdf\" target=\"_blank\" rel=\"noreferrer noopener\">Edital n\u00ba 002\/2025 &#8211; 16\/10\/2025<\/a><\/li>\n\n\n\n<li><a href=\"https:\/\/www.goiania.go.gov.br\/sehab\/wp-content\/uploads\/sites\/49\/2025\/10\/Lista-Oficial-do-Sorteio-Grupo-Idoso.pdf\" target=\"_blank\" rel=\"noreferrer noopener\">Lista Oficial do Sorteio &#8211; 16\/10\/2025<\/a><\/li>\n\n\n\n<li><a href=\"https:\/\/www.goiania.go.gov.br\/sehab\/wp-content\/uploads\/sites\/49\/2025\/10\/Lista-Preliminar-dos-candidatos-sorteados-Anexo-7533916.pdf\" target=\"_blank\" rel=\"noreferrer noopener\">Lista Preliminar dos candidatos sorteados &#8211; 16\/10\/2025<\/a><\/li>\n<\/ul>\n","protected":false},"excerpt":{"rendered":"<p>2025<\/p>\n","protected":false},"author":1,"featured_media":0,"parent":0,"menu_order":0,"comment_status":"closed","ping_status":"closed","template":"","meta":{"_acf_changed":false,"custom_icon_class":"","footnotes":""},"class_list":["post-5","page","type-page","status-publish","hentry"],"acf":[],"_links":{"self":[{"href":"https:\/\/www.goiania.go.gov.br\/sehab\/wp-json\/wp\/v2\/pages\/5","targetHints":{"allow":["GET"]}}],"collection":[{"href":"https:\/\/www.goiania.go.gov.br\/sehab\/wp-json\/wp\/v2\/pages"}],"about":[{"href":"https:\/\/www.goiania.go.gov.br\/sehab\/wp-json\/wp\/v2\/types\/page"}],"author":[{"embeddable":true,"href":"https:\/\/www.goiania.go.gov.br\/sehab\/wp-json\/wp\/v2\/users\/1"}],"replies":[{"embeddable":true,"href":"https:\/\/www.goiania.go.gov.br\/sehab\/wp-json\/wp\/v2\/comments?post=5"}],"version-history":[{"count":4,"href":"https:\/\/www.goiania.go.gov.br\/sehab\/wp-json\/wp\/v2\/pages\/5\/revisions"}],"predecessor-version":[{"id":22,"href":"https:\/\/www.goiania.go.gov.br\/sehab\/wp-json\/wp\/v2\/pages\/5\/revisions\/22"}],"wp:attachment":[{"href":"https:\/\/www.goiania.go.gov.br\/sehab\/wp-json\/wp\/v2\/media?parent=5"}],"curies":[{"name":"wp","href":"https:\/\/api.w.org\/{rel}","templated":true}]}}