{"id":637,"date":"2021-06-25T16:05:27","date_gmt":"2021-06-25T19:05:27","guid":{"rendered":"https:\/\/www.goiania.go.gov.br\/sefin\/departamentos\/gerencia-de-analise-e-estatisticas\/"},"modified":"2021-06-25T16:08:16","modified_gmt":"2021-06-25T19:08:16","slug":"gerencia-de-analise-e-estatisticas","status":"publish","type":"page","link":"https:\/\/www.goiania.go.gov.br\/sefaz\/departamentos\/gerencia-de-analise-e-estatisticas\/","title":{"rendered":"Ger\u00eancia de An\u00e1lise e Estat\u00edsticas"},"content":{"rendered":"\n<p>\u00c0 Ger\u00eancia de An\u00e1lise e Estat\u00edsticas (Gerane), departamento subordinado \u00e0 Diretoria de Intelig\u00eancia da Superintend\u00eancia de Intelig\u00eancia e Cobran\u00e7a da Secretaria Municipal de Finan\u00e7as compete, dentre outras atribui\u00e7\u00f5es:<\/p>\n\n\n\n<p>I \u2013 realizar estudos e an\u00e1lises referentes a aspectos econ\u00f4micos, fiscais e sociais do munic\u00edpio;<\/p>\n\n\n\n<p>II \u2013 construir indicadores e \u00edndices, visando acompanhar o desempenho econ\u00f4mico e fiscal; III \u2013 sistematizar, manter e disseminar s\u00e9ries hist\u00f3ricas de estat\u00edsticas e informa\u00e7\u00f5es, subsidiando a tomada de decis\u00e3o;<\/p>\n\n\n\n<p>IV \u2013 propor e acompanhar o desenvolvimento de sistema de visualiza\u00e7\u00e3o de informa\u00e7\u00f5es gerenciais e estat\u00edsticas;<\/p>\n\n\n\n<p>V \u2013 construir modelos de an\u00e1lises e estimativas estat\u00edsticas de valores mobili\u00e1rios e imobili\u00e1rios;<\/p>\n\n\n\n<p>VI \u2013 efetuar dilig\u00eancias para valida\u00e7\u00e3o de an\u00e1lises, obten\u00e7\u00e3o de novos dados e monitoramento da confiabilidade das informa\u00e7\u00f5es;<\/p>\n\n\n\n<p>VII \u2013 exercer outras atividades correlatas \u00e0s suas compet\u00eancias e que lhe forem determinadas pela Diretoria de Intelig\u00eancia.<\/p>\n","protected":false},"excerpt":{"rendered":"<p>\u00c0 Ger\u00eancia de An\u00e1lise e Estat\u00edsticas (Gerane), departamento subordinado \u00e0 Diretoria de Intelig\u00eancia da Superintend\u00eancia de Intelig\u00eancia e Cobran\u00e7a da Secretaria Municipal de Finan\u00e7as compete, dentre outras atribui\u00e7\u00f5es: I \u2013 realizar estudos e an\u00e1lises referentes a aspectos econ\u00f4micos, fiscais e sociais do munic\u00edpio; II \u2013 construir indicadores e \u00edndices, visando acompanhar o desempenho econ\u00f4mico e [&hellip;]<\/p>\n","protected":false},"author":1,"featured_media":0,"parent":314,"menu_order":47,"comment_status":"closed","ping_status":"closed","template":"","meta":{"_acf_changed":false,"custom_icon_class":"","footnotes":""},"class_list":["post-637","page","type-page","status-publish","hentry"],"acf":[],"_links":{"self":[{"href":"https:\/\/www.goiania.go.gov.br\/sefaz\/wp-json\/wp\/v2\/pages\/637","targetHints":{"allow":["GET"]}}],"collection":[{"href":"https:\/\/www.goiania.go.gov.br\/sefaz\/wp-json\/wp\/v2\/pages"}],"about":[{"href":"https:\/\/www.goiania.go.gov.br\/sefaz\/wp-json\/wp\/v2\/types\/page"}],"author":[{"embeddable":true,"href":"https:\/\/www.goiania.go.gov.br\/sefaz\/wp-json\/wp\/v2\/users\/1"}],"replies":[{"embeddable":true,"href":"https:\/\/www.goiania.go.gov.br\/sefaz\/wp-json\/wp\/v2\/comments?post=637"}],"version-history":[{"count":3,"href":"https:\/\/www.goiania.go.gov.br\/sefaz\/wp-json\/wp\/v2\/pages\/637\/revisions"}],"predecessor-version":[{"id":641,"href":"https:\/\/www.goiania.go.gov.br\/sefaz\/wp-json\/wp\/v2\/pages\/637\/revisions\/641"}],"up":[{"embeddable":true,"href":"https:\/\/www.goiania.go.gov.br\/sefaz\/wp-json\/wp\/v2\/pages\/314"}],"wp:attachment":[{"href":"https:\/\/www.goiania.go.gov.br\/sefaz\/wp-json\/wp\/v2\/media?parent=637"}],"curies":[{"name":"wp","href":"https:\/\/api.w.org\/{rel}","templated":true}]}}