{"id":575,"date":"2021-06-25T14:24:29","date_gmt":"2021-06-25T17:24:29","guid":{"rendered":"https:\/\/www.goiania.go.gov.br\/sefin\/departamentos\/gerencia-de-edificacoes\/"},"modified":"2021-06-25T14:33:07","modified_gmt":"2021-06-25T17:33:07","slug":"gerencia-de-edificacoes","status":"publish","type":"page","link":"https:\/\/www.goiania.go.gov.br\/sefaz\/departamentos\/gerencia-de-edificacoes\/","title":{"rendered":"Ger\u00eancia de Edifica\u00e7\u00f5es"},"content":{"rendered":"\n<p>\u00c0 Ger\u00eancia de Edifica\u00e7\u00f5es (Geredi), departamento subordinado \u00e0 Diretoria de Lan\u00e7amento e Fiscaliza\u00e7\u00e3o Imobili\u00e1ria da Superintend\u00eancia de Administra\u00e7\u00e3o Tribut\u00e1ria da Secretaria Municipal de Finan\u00e7as compete, dentre outras atribui\u00e7\u00f5es:<\/p>\n\n\n\n<p>I \u2013 executar e controlar as atividades de lan\u00e7amento do Imposto Sobre Servi\u00e7os vinculado \u00e0s atividades de obras constru\u00e7\u00e3o civil \u2013 ISS Solid\u00e1rio da Constru\u00e7\u00e3o Civil, bem como expedir as notifica\u00e7\u00f5es aos contribuintes para o pagamento do imposto;<\/p>\n\n\n\n<p>II \u2013 definir os par\u00e2metros de c\u00e1lculos para o lan\u00e7amento do ISS Solid\u00e1rio da Constru\u00e7\u00e3o Civil, em conformidade com os dados cadastrais, ortofotos, observados os crit\u00e9rios do C\u00f3digo Tribut\u00e1rio Municipal e legisla\u00e7\u00f5es complementares;<\/p>\n\n\n\n<p>III \u2013 proceder, quando for o caso, a revis\u00e3o de lan\u00e7amento do ISS Solid\u00e1rio da Constru\u00e7\u00e3o Civil, ap\u00f3s a devida an\u00e1lise documental, em conformidade com o C\u00f3digo Tribut\u00e1rio Municipal e legisla\u00e7\u00f5es complementares;<\/p>\n\n\n\n<p>IV \u2013 instruir e\/ou emitir parecer t\u00e9cnico em processos de requerimento bem como de recursos administrativos relativos ao lan\u00e7amento do ISS Solid\u00e1rio da Constru\u00e7\u00e3o Civil;<\/p>\n\n\n\n<p>V \u2013 analisar quanto aos aspectos formais, as pe\u00e7as fiscais que instruir\u00e3o os processos administrativos fiscais\/tribut\u00e1rios vinculados ao ISS Solid\u00e1rio da Constru\u00e7\u00e3o Civil (autos de infra\u00e7\u00e3o e outros), determinando, quando for o caso, ao Auditor de Tributos respons\u00e1vel, o saneamento das mesmas, de forma a evitar preju\u00edzos ao correto andamento do processo;<\/p>\n\n\n\n<p>VI \u2013 informar e determinar a execu\u00e7\u00e3o de dilig\u00eancia\/vistoria em processos de auditoria tribut\u00e1ria relacionada ao ISS Solid\u00e1rio da Constru\u00e7\u00e3o Civil;<\/p>\n\n\n\n<p>VII \u2013 promover o acompanhamento e o controle do desempenho do pessoal, encaminhando ao departamento administrativo as folhas de frequ\u00eancia e outros documentos relativos aos servidores lotados nesta Ger\u00eancia;<\/p>\n\n\n\n<p>VIII \u2013 exercer outras atividades correlatas \u00e0s suas compet\u00eancias e que lhe forem determinadas pela Diretoria de Lan\u00e7amento e Fiscaliza\u00e7\u00e3o Imobili\u00e1ria, observando sempre os princ\u00edpios legais, \u00e9ticos e morais.<\/p>\n","protected":false},"excerpt":{"rendered":"<p>\u00c0 Ger\u00eancia de Edifica\u00e7\u00f5es (Geredi), departamento subordinado \u00e0 Diretoria de Lan\u00e7amento e Fiscaliza\u00e7\u00e3o Imobili\u00e1ria da Superintend\u00eancia de Administra\u00e7\u00e3o Tribut\u00e1ria da Secretaria Municipal de Finan\u00e7as compete, dentre outras atribui\u00e7\u00f5es: I \u2013 executar e controlar as atividades de lan\u00e7amento do Imposto Sobre Servi\u00e7os vinculado \u00e0s atividades de obras constru\u00e7\u00e3o civil \u2013 ISS Solid\u00e1rio da Constru\u00e7\u00e3o Civil, bem [&hellip;]<\/p>\n","protected":false},"author":1,"featured_media":0,"parent":314,"menu_order":37,"comment_status":"closed","ping_status":"closed","template":"","meta":{"_acf_changed":false,"custom_icon_class":"","footnotes":""},"class_list":["post-575","page","type-page","status-publish","hentry"],"acf":[],"_links":{"self":[{"href":"https:\/\/www.goiania.go.gov.br\/sefaz\/wp-json\/wp\/v2\/pages\/575","targetHints":{"allow":["GET"]}}],"collection":[{"href":"https:\/\/www.goiania.go.gov.br\/sefaz\/wp-json\/wp\/v2\/pages"}],"about":[{"href":"https:\/\/www.goiania.go.gov.br\/sefaz\/wp-json\/wp\/v2\/types\/page"}],"author":[{"embeddable":true,"href":"https:\/\/www.goiania.go.gov.br\/sefaz\/wp-json\/wp\/v2\/users\/1"}],"replies":[{"embeddable":true,"href":"https:\/\/www.goiania.go.gov.br\/sefaz\/wp-json\/wp\/v2\/comments?post=575"}],"version-history":[{"count":2,"href":"https:\/\/www.goiania.go.gov.br\/sefaz\/wp-json\/wp\/v2\/pages\/575\/revisions"}],"predecessor-version":[{"id":578,"href":"https:\/\/www.goiania.go.gov.br\/sefaz\/wp-json\/wp\/v2\/pages\/575\/revisions\/578"}],"up":[{"embeddable":true,"href":"https:\/\/www.goiania.go.gov.br\/sefaz\/wp-json\/wp\/v2\/pages\/314"}],"wp:attachment":[{"href":"https:\/\/www.goiania.go.gov.br\/sefaz\/wp-json\/wp\/v2\/media?parent=575"}],"curies":[{"name":"wp","href":"https:\/\/api.w.org\/{rel}","templated":true}]}}