{"id":553,"date":"2021-06-25T11:33:05","date_gmt":"2021-06-25T14:33:05","guid":{"rendered":"https:\/\/www.goiania.go.gov.br\/sefin\/departamentos\/gerencia-de-notas-fiscais-e-declaracoes-eletronicas\/"},"modified":"2021-06-25T11:34:19","modified_gmt":"2021-06-25T14:34:19","slug":"gerencia-de-notas-fiscais-e-declaracoes-eletronicas","status":"publish","type":"page","link":"https:\/\/www.goiania.go.gov.br\/sefaz\/departamentos\/gerencia-de-notas-fiscais-e-declaracoes-eletronicas\/","title":{"rendered":"Ger\u00eancia de Notas Fiscais e Declara\u00e7\u00f5es Eletr\u00f4nicas"},"content":{"rendered":"\n<p>\u00c0 Ger\u00eancia de Notas Fiscais e Declara\u00e7\u00f5es Eletr\u00f4nicas (GERNFDER), departamento subordinado \u00e0 Diretoria de Lan\u00e7amento e Fiscaliza\u00e7\u00e3o Mobili\u00e1ria da Superintend\u00eancia de Administra\u00e7\u00e3o Tribut\u00e1ria da Secretaria Municipal de Finan\u00e7as compete, dentre outras atribui\u00e7\u00f5es:<\/p>\n\n\n\n<p>I \u2013 coordenar, orientar e controlar as atividades de atendimento aos contribuintes (via telefone, e-mail e presencial) referente aos servi\u00e7os de Rela\u00e7\u00e3o de Servi\u00e7os de Terceiros (REST), Declara\u00e7\u00e3o Mensal de Servi\u00e7os (DMS), Nota Fiscal de Servi\u00e7o Eletr\u00f4nica (NFS-e) e Nota Fiscal de Servi\u00e7o Avulsa Eletr\u00f4nica (NFSA-e) e demais servi\u00e7os prestados no \u00e2mbito de sua compet\u00eancia;<\/p>\n\n\n\n<p>II \u2013 manter o funcionamento dos programas: Rela\u00e7\u00e3o de Servi\u00e7os de Terceiros (REST), Declara\u00e7\u00e3o Mensal de Servi\u00e7os (DMS), Nota Fiscal de Servi\u00e7o Eletr\u00f4nica (NFS-e) e Nota Fiscal de Servi\u00e7o Avulsa Eletr\u00f4nica (NFSA-e), efetuando os ajustes necess\u00e1rios, exceto os ajustes referentes a softwares;<\/p>\n\n\n\n<p>III \u2013 monitorar os contribuintes de ISS, a partir dos dados produzidos pela REST e pela DMS;<\/p>\n\n\n\n<p>IV \u2013 oferecer suporte t\u00e9cnico aos Auditores de Tributos e ao Contribuinte, quanto ao funcionamento da Nota Fiscal de Servi\u00e7o Eletr\u00f4nica (NFS-e), da REST e da DMS;<\/p>\n\n\n\n<p>V \u2013 expedi\u00e7\u00e3o de despachos, pareceres t\u00e9cnicos e dilig\u00eancias, quando for o caso, em processos de cancelamento de Nota Fiscal de Servi\u00e7o Eletr\u00f4nica (NFS-e), Nota Fiscal de Servi\u00e7o Avulsa Eletr\u00f4nica (NFSA-e);<\/p>\n\n\n\n<p>VI \u2013 acompanhamento e orienta\u00e7\u00e3o fiscal aos contribuintes, tomadores de servi\u00e7os e nomeados como Substitutos Tribut\u00e1rios, bem como aos \u00d3rg\u00e3os P\u00fablicos Federais que efetuam recolhimento do ISS Retido via SIAF;<\/p>\n\n\n\n<p>VII \u2013 autorizar, atrav\u00e9s de an\u00e1lise dos processos, os pedidos de autoriza\u00e7\u00e3o para emiss\u00e3o da NFS-e e NFSA-e;<\/p>\n\n\n\n<p>VIII \u2013 promover o levantamento junto ao Sistema de Arrecada\u00e7\u00e3o dos d\u00e9bitos lan\u00e7ados e n\u00e3o pagos correspondentes aos grandes contribuintes, visando identificar e apurar diferen\u00e7as de receitas entre lan\u00e7amentos e recebimentos, emitindo notifica\u00e7\u00f5es aos grandes contribuintes;<\/p>\n\n\n\n<p>IX \u2013 Promover o acompanhamento e o controle do desempenho do pessoal, encaminhando ao departamento administrativo as folhas de frequ\u00eancia e outros documentos relativos aos servidores lotados nesta ger\u00eancia;<\/p>\n\n\n\n<p>X \u2013 exercer outras atividades correlatas \u00e0s suas compet\u00eancias e que lhe forem determinadas pela Diretoria de Lan\u00e7amento e Fiscaliza\u00e7\u00e3o Mobili\u00e1ria, observando sempre os princ\u00edpios legais, \u00e9ticos e morais.<\/p>\n","protected":false},"excerpt":{"rendered":"<p>\u00c0 Ger\u00eancia de Notas Fiscais e Declara\u00e7\u00f5es Eletr\u00f4nicas (GERNFDER), departamento subordinado \u00e0 Diretoria de Lan\u00e7amento e Fiscaliza\u00e7\u00e3o Mobili\u00e1ria da Superintend\u00eancia de Administra\u00e7\u00e3o Tribut\u00e1ria da Secretaria Municipal de Finan\u00e7as compete, dentre outras atribui\u00e7\u00f5es: I \u2013 coordenar, orientar e controlar as atividades de atendimento aos contribuintes (via telefone, e-mail e presencial) referente aos servi\u00e7os de Rela\u00e7\u00e3o de [&hellip;]<\/p>\n","protected":false},"author":1,"featured_media":0,"parent":314,"menu_order":32,"comment_status":"closed","ping_status":"closed","template":"","meta":{"_acf_changed":false,"custom_icon_class":"","footnotes":""},"class_list":["post-553","page","type-page","status-publish","hentry"],"acf":[],"_links":{"self":[{"href":"https:\/\/www.goiania.go.gov.br\/sefaz\/wp-json\/wp\/v2\/pages\/553","targetHints":{"allow":["GET"]}}],"collection":[{"href":"https:\/\/www.goiania.go.gov.br\/sefaz\/wp-json\/wp\/v2\/pages"}],"about":[{"href":"https:\/\/www.goiania.go.gov.br\/sefaz\/wp-json\/wp\/v2\/types\/page"}],"author":[{"embeddable":true,"href":"https:\/\/www.goiania.go.gov.br\/sefaz\/wp-json\/wp\/v2\/users\/1"}],"replies":[{"embeddable":true,"href":"https:\/\/www.goiania.go.gov.br\/sefaz\/wp-json\/wp\/v2\/comments?post=553"}],"version-history":[{"count":2,"href":"https:\/\/www.goiania.go.gov.br\/sefaz\/wp-json\/wp\/v2\/pages\/553\/revisions"}],"predecessor-version":[{"id":556,"href":"https:\/\/www.goiania.go.gov.br\/sefaz\/wp-json\/wp\/v2\/pages\/553\/revisions\/556"}],"up":[{"embeddable":true,"href":"https:\/\/www.goiania.go.gov.br\/sefaz\/wp-json\/wp\/v2\/pages\/314"}],"wp:attachment":[{"href":"https:\/\/www.goiania.go.gov.br\/sefaz\/wp-json\/wp\/v2\/media?parent=553"}],"curies":[{"name":"wp","href":"https:\/\/api.w.org\/{rel}","templated":true}]}}