{"id":510,"date":"2021-06-25T10:39:04","date_gmt":"2021-06-25T13:39:04","guid":{"rendered":"https:\/\/www.goiania.go.gov.br\/sefin\/departamentos\/superintendencia-de-administracao-tributaria\/"},"modified":"2021-06-25T10:40:16","modified_gmt":"2021-06-25T13:40:16","slug":"superintendencia-de-administracao-tributaria","status":"publish","type":"page","link":"https:\/\/www.goiania.go.gov.br\/sefaz\/departamentos\/superintendencia-de-administracao-tributaria\/","title":{"rendered":"Superintend\u00eancia de Administra\u00e7\u00e3o Tribut\u00e1ria"},"content":{"rendered":"\n<p>\u00c0 Superintend\u00eancia de Administra\u00e7\u00e3o Tribut\u00e1ria (SUPTRI) da Secretaria Municipal de Finan\u00e7as compete, dentre outras atribui\u00e7\u00f5es:<\/p>\n\n\n\n<p>I \u2013 propor, executar e controlar as pol\u00edticas de fiscaliza\u00e7\u00e3o e de arrecada\u00e7\u00e3o de tributos do Munic\u00edpio, bem como avaliar os reflexos de seus programas na arrecada\u00e7\u00e3o e atividade econ\u00f4mica;<\/p>\n\n\n\n<p>II \u2013 propor metas de arrecada\u00e7\u00e3o dos tributos municipais e realizar estudos comparativos da receita projetada e realizada;<\/p>\n\n\n\n<p>III \u2013 supervisionar e orientar as atividades desenvolvidas pelas Diretoria de Cadastro, Diretoria de Lan\u00e7amento e Fiscaliza\u00e7\u00e3o Imobili\u00e1ria e Diretoria de Lan\u00e7amento e Fiscaliza\u00e7\u00e3o Mobili\u00e1ria, expedindo os atos necess\u00e1rios \u00e0 operacionaliza\u00e7\u00e3o e aperfei\u00e7oamento do cadastro, lan\u00e7amento e atividades de auditoria tribut\u00e1ria;<\/p>\n\n\n\n<p>IV \u2013 coordenar e controlar as atividades pertinentes \u00e0 fiscaliza\u00e7\u00e3o, atendimento ao p\u00fablico, nos termos da legisla\u00e7\u00e3o tribut\u00e1ria, bem como promover e assegurar o bom relacionamento entre o Fisco e o contribuinte;<\/p>\n\n\n\n<p>V \u2013 acompanhar a elabora\u00e7\u00e3o e manuten\u00e7\u00e3o do banco de dados sobre informa\u00e7\u00f5es econ\u00f4mico-fiscais e de arrecada\u00e7\u00e3o do Munic\u00edpio, objetivando a consolida\u00e7\u00e3o de um efetivo planejamento de atua\u00e7\u00e3o da fiscaliza\u00e7\u00e3o;<\/p>\n\n\n\n<p>VI \u2013 solicitar dados estat\u00edsticos e econ\u00f4mico\u2013fiscais, com o fim de subsidiar a formula\u00e7\u00e3o e execu\u00e7\u00e3o da pol\u00edtica de fiscaliza\u00e7\u00e3o e incremento da arrecada\u00e7\u00e3o;<\/p>\n\n\n\n<p>VII \u2013 propor \u00e0 Procuradoria Geral do Munic\u00edpio a ado\u00e7\u00e3o de medidas necess\u00e1rias visando resguardar os interesses da fiscaliza\u00e7\u00e3o e arrecada\u00e7\u00e3o;<\/p>\n\n\n\n<p>VIII \u2013 acompanhar as atividades de intelig\u00eancia fiscal para a produ\u00e7\u00e3o de conhecimentos reveladores sobre pr\u00e1ticas de fraudes fiscais estruturadas visando o combate \u00e0 sonega\u00e7\u00e3o fiscal;<\/p>\n\n\n\n<p>IX \u2013 exercer, no \u00e2mbito de sua \u00e1rea de atua\u00e7\u00e3o, atividades relacionadas ao preparo e \u00e0 tramita\u00e7\u00e3o do processo administrativo tribut\u00e1rio;<\/p>\n\n\n\n<p>X \u2013 examinar e decidir, em segunda inst\u00e2ncia, os processos administrativos de microempresas (ME) e empresas de pequeno porte (EPP) relativos ao Simples Nacional, nos limites legais;<\/p>\n\n\n\n<p>XI \u2013 sugerir e validar a elabora\u00e7\u00e3o de minutas de acordos, contratos, conv\u00eanios, protocolos e outros atos de interesse da fiscaliza\u00e7\u00e3o tribut\u00e1ria;<\/p>\n\n\n\n<p>XII \u2013 emitir resolu\u00e7\u00f5es e atos normativos referentes aos procedimentos internos da Superintend\u00eancia, juntamente com os diretores da \u00e1rea, nos limites de sua compet\u00eancia legal;<\/p>\n\n\n\n<p>XIII \u2013 desenvolver atividades, projetos, eventos, estudos e pesquisas de interesse da fiscaliza\u00e7\u00e3o e participar de comiss\u00f5es, semin\u00e1rios, grupos e subgrupos de trabalho, mantendo articula\u00e7\u00e3o e interc\u00e2mbio permanente com outras administra\u00e7\u00f5es p\u00fablicas em mat\u00e9ria de natureza tribut\u00e1ria e fiscal;<\/p>\n\n\n\n<p>XIV \u2013 promover o acompanhamento e o controle do desempenho do pessoal, encaminhando ao departamento administrativo as folhas de frequ\u00eancia e outros documentos relativos aos servidores lotados nesta Superintend\u00eancia;<\/p>\n\n\n\n<p>XV \u2013 exercer outras atividades correlatas \u00e0s suas compet\u00eancias e que lhe forem determinadas pelo Secret\u00e1rio, observando sempre os princ\u00edpios legais, \u00e9ticos e morais.<\/p>\n","protected":false},"excerpt":{"rendered":"<p>\u00c0 Superintend\u00eancia de Administra\u00e7\u00e3o Tribut\u00e1ria (SUPTRI) da Secretaria Municipal de Finan\u00e7as compete, dentre outras atribui\u00e7\u00f5es: I \u2013 propor, executar e controlar as pol\u00edticas de fiscaliza\u00e7\u00e3o e de arrecada\u00e7\u00e3o de tributos do Munic\u00edpio, bem como avaliar os reflexos de seus programas na arrecada\u00e7\u00e3o e atividade econ\u00f4mica; II \u2013 propor metas de arrecada\u00e7\u00e3o dos tributos municipais e [&hellip;]<\/p>\n","protected":false},"author":1,"featured_media":0,"parent":314,"menu_order":25,"comment_status":"closed","ping_status":"closed","template":"","meta":{"_acf_changed":false,"custom_icon_class":"","footnotes":""},"class_list":["post-510","page","type-page","status-publish","hentry"],"acf":[],"_links":{"self":[{"href":"https:\/\/www.goiania.go.gov.br\/sefaz\/wp-json\/wp\/v2\/pages\/510","targetHints":{"allow":["GET"]}}],"collection":[{"href":"https:\/\/www.goiania.go.gov.br\/sefaz\/wp-json\/wp\/v2\/pages"}],"about":[{"href":"https:\/\/www.goiania.go.gov.br\/sefaz\/wp-json\/wp\/v2\/types\/page"}],"author":[{"embeddable":true,"href":"https:\/\/www.goiania.go.gov.br\/sefaz\/wp-json\/wp\/v2\/users\/1"}],"replies":[{"embeddable":true,"href":"https:\/\/www.goiania.go.gov.br\/sefaz\/wp-json\/wp\/v2\/comments?post=510"}],"version-history":[{"count":2,"href":"https:\/\/www.goiania.go.gov.br\/sefaz\/wp-json\/wp\/v2\/pages\/510\/revisions"}],"predecessor-version":[{"id":513,"href":"https:\/\/www.goiania.go.gov.br\/sefaz\/wp-json\/wp\/v2\/pages\/510\/revisions\/513"}],"up":[{"embeddable":true,"href":"https:\/\/www.goiania.go.gov.br\/sefaz\/wp-json\/wp\/v2\/pages\/314"}],"wp:attachment":[{"href":"https:\/\/www.goiania.go.gov.br\/sefaz\/wp-json\/wp\/v2\/media?parent=510"}],"curies":[{"name":"wp","href":"https:\/\/api.w.org\/{rel}","templated":true}]}}