{"id":470,"date":"2021-06-25T09:50:35","date_gmt":"2021-06-25T12:50:35","guid":{"rendered":"https:\/\/www.goiania.go.gov.br\/sefin\/departamentos\/gerencia-de-contabilidade-da-administracao-direta\/"},"modified":"2021-06-25T09:51:44","modified_gmt":"2021-06-25T12:51:44","slug":"gerencia-de-contabilidade-da-administracao-direta","status":"publish","type":"page","link":"https:\/\/www.goiania.go.gov.br\/sefaz\/departamentos\/gerencia-de-contabilidade-da-administracao-direta\/","title":{"rendered":"Ger\u00eancia de Contabilidade da Administra\u00e7\u00e3o Direta"},"content":{"rendered":"\n<p>\u00c0 Ger\u00eancia de Contabilidade da Administra\u00e7\u00e3o Direta (Gercond), departamento subordinado \u00e0 Diretoria Geral de Contabilidade da Superintend\u00eancia Central de Contabilidade da Secretaria Municipal de Finan\u00e7as compete, dentre outras atribui\u00e7\u00f5es:<\/p>\n\n\n\n<p>I \u2013 elaborar relat\u00f3rios cont\u00e1beis dos Balancetes Mensais da Administra\u00e7\u00e3o Direta, do Balan\u00e7o Geral Consolidado e respectivas notas explicativas, em conformidade com a legisla\u00e7\u00e3o vigente;<\/p>\n\n\n\n<p>II \u2013 realizar confer\u00eancia e an\u00e1lise dos Balancetes Mensais do Poder Executivo, procedendo o envio das presta\u00e7\u00f5es de contas eletr\u00f4nicas e f\u00edsicas, quando for o caso, conforme as normativas do Tribunal de Contas dos Munic\u00edpios do Estado de Goi\u00e1s \u2013 TCM-GO;<\/p>\n\n\n\n<p>III \u2013 prestar apoio e assessoramento t\u00e9cnico aos \u00f3rg\u00e3os da Administra\u00e7\u00e3o Direta, quanto \u00e0s normas e procedimentos execu\u00e7\u00e3o or\u00e7ament\u00e1ria, financeira e patrimonial, naquilo que couber;<\/p>\n\n\n\n<p>IV \u2013 solicitar documentos necess\u00e1rios para elabora\u00e7\u00e3o dos Balancetes Mensais da Administra\u00e7\u00e3o Direta e do Balan\u00e7o Geral Consolidado;<\/p>\n\n\n\n<p>V \u2013 enviar aos \u00f3rg\u00e3os de controle interno e externo a documenta\u00e7\u00e3o comprobat\u00f3ria das informa\u00e7\u00f5es cont\u00e1beis da Administra\u00e7\u00e3o Direta, quando solicitado;<\/p>\n\n\n\n<p>VI \u2013 transmitir dados e informa\u00e7\u00f5es cont\u00e1beis dos \u00f3rg\u00e3os da Administra\u00e7\u00e3o Direta aos \u00f3rg\u00e3os de controle interno e externo pelos meios exigidos, consoante \u00e0s disposi\u00e7\u00f5es legais e regulamentares vigentes;<\/p>\n\n\n\n<p>VII \u2013 cadastrar, alterar e dar manuten\u00e7\u00e3o ao Plano de Contas \u00danico, processos cont\u00e1beis e demais tabelas no Sistema de Contabilidade dos \u00f3rg\u00e3os da administra\u00e7\u00e3o direta;<\/p>\n\n\n\n<p>VIII \u2013 disponibilizar as informa\u00e7\u00f5es e documentos cont\u00e1beis dos \u00f3rg\u00e3os da Administra\u00e7\u00e3o Direta, sempre que solicitado e naquilo que couber;<\/p>\n\n\n\n<p>IX \u2013 propor o bloqueio dos \u00f3rg\u00e3os da Administra\u00e7\u00e3o Direta Municipal, sempre que necess\u00e1rio e devidamente justificado;<\/p>\n\n\n\n<p>X \u2013 acompanhar a legisla\u00e7\u00e3o e normativas vigentes inerentes aos aspectos cont\u00e1beis dos \u00f3rg\u00e3os da Administra\u00e7\u00e3o Direta;<\/p>\n\n\n\n<p>XI \u2013 responder \u00e0s solicita\u00e7\u00f5es de informa\u00e7\u00f5es encaminhadas \u00e0 Ger\u00eancia de Contabilidade da Administra\u00e7\u00e3o Direta, nos prazos estabelecidos;<\/p>\n\n\n\n<p>XII \u2013 informar \u00e0 Diretoria de Contabilidade Geral qualquer situa\u00e7\u00e3o adversa na execu\u00e7\u00e3o or\u00e7ament\u00e1ria, financeira e patrimonial dos \u00f3rg\u00e3os da Administra\u00e7\u00e3o Direta, para suas adequa\u00e7\u00f5es e demais provid\u00eancias;<\/p>\n\n\n\n<p>XIII \u2013 exercer outras atividades correlatas \u00e0s suas compet\u00eancias e que lhe forem determinadas pelo Diretor de Contabilidade Geral, observando sempre os princ\u00edpios legais, \u00e9ticos e morais.<\/p>\n","protected":false},"excerpt":{"rendered":"<p>\u00c0 Ger\u00eancia de Contabilidade da Administra\u00e7\u00e3o Direta (Gercond), departamento subordinado \u00e0 Diretoria Geral de Contabilidade da Superintend\u00eancia Central de Contabilidade da Secretaria Municipal de Finan\u00e7as compete, dentre outras atribui\u00e7\u00f5es: I \u2013 elaborar relat\u00f3rios cont\u00e1beis dos Balancetes Mensais da Administra\u00e7\u00e3o Direta, do Balan\u00e7o Geral Consolidado e respectivas notas explicativas, em conformidade com a legisla\u00e7\u00e3o vigente; II [&hellip;]<\/p>\n","protected":false},"author":1,"featured_media":0,"parent":314,"menu_order":17,"comment_status":"closed","ping_status":"closed","template":"","meta":{"_acf_changed":false,"custom_icon_class":"","footnotes":""},"class_list":["post-470","page","type-page","status-publish","hentry"],"acf":[],"_links":{"self":[{"href":"https:\/\/www.goiania.go.gov.br\/sefaz\/wp-json\/wp\/v2\/pages\/470","targetHints":{"allow":["GET"]}}],"collection":[{"href":"https:\/\/www.goiania.go.gov.br\/sefaz\/wp-json\/wp\/v2\/pages"}],"about":[{"href":"https:\/\/www.goiania.go.gov.br\/sefaz\/wp-json\/wp\/v2\/types\/page"}],"author":[{"embeddable":true,"href":"https:\/\/www.goiania.go.gov.br\/sefaz\/wp-json\/wp\/v2\/users\/1"}],"replies":[{"embeddable":true,"href":"https:\/\/www.goiania.go.gov.br\/sefaz\/wp-json\/wp\/v2\/comments?post=470"}],"version-history":[{"count":2,"href":"https:\/\/www.goiania.go.gov.br\/sefaz\/wp-json\/wp\/v2\/pages\/470\/revisions"}],"predecessor-version":[{"id":473,"href":"https:\/\/www.goiania.go.gov.br\/sefaz\/wp-json\/wp\/v2\/pages\/470\/revisions\/473"}],"up":[{"embeddable":true,"href":"https:\/\/www.goiania.go.gov.br\/sefaz\/wp-json\/wp\/v2\/pages\/314"}],"wp:attachment":[{"href":"https:\/\/www.goiania.go.gov.br\/sefaz\/wp-json\/wp\/v2\/media?parent=470"}],"curies":[{"name":"wp","href":"https:\/\/api.w.org\/{rel}","templated":true}]}}