{"id":371,"date":"2021-06-24T16:01:27","date_gmt":"2021-06-24T19:01:27","guid":{"rendered":"https:\/\/www.goiania.go.gov.br\/sefin\/departamentos\/chefia-da-assessoria-de-comunicacao\/"},"modified":"2021-06-24T16:09:57","modified_gmt":"2021-06-24T19:09:57","slug":"chefia-da-assessoria-de-comunicacao","status":"publish","type":"page","link":"https:\/\/www.goiania.go.gov.br\/sefaz\/departamentos\/chefia-da-assessoria-de-comunicacao\/","title":{"rendered":"Chefia da Assessoria de Comunica\u00e7\u00e3o"},"content":{"rendered":"\n<p>\u00c0 Chefia da Assessoria de Comunica\u00e7\u00e3o (Ascom) da Secretaria de Finan\u00e7as compete, dentre outras atribui\u00e7\u00f5es:<\/p>\n\n\n\n<p>I \u2013 divulgar, com transpar\u00eancia, rapidez e exatid\u00e3o, todas as a\u00e7\u00f5es da Secretaria Municipal de Finan\u00e7as com o objetivo de municiar os cidad\u00e3os e os contribuintes de informa\u00e7\u00f5es de interesse p\u00fablico;<\/p>\n\n\n\n<p>II \u2013 supervisionar as a\u00e7\u00f5es e elaborar estrat\u00e9gias de posicionamento de comunica\u00e7\u00e3o e de proje\u00e7\u00e3o da imagem da Secretaria Municipal de Finan\u00e7as junto \u00e0 sociedade;<\/p>\n\n\n\n<p>III \u2013 planejar, coordenar, implementar e avaliar a\u00e7\u00f5es de comunica\u00e7\u00e3o para difundir programa\u00e7\u00f5es, fatos, eventos e as informa\u00e7\u00f5es das atividades da gest\u00e3o;<\/p>\n\n\n\n<p>IV \u2013 coordenar, supervisionar, orientar, planejar, analisar e\/ou executar atividades inerentes \u00e0s \u00e1reas da Comunica\u00e7\u00e3o Social ou equivalente, a exemplo de Jornalismo, Rela\u00e7\u00f5es P\u00fablicas, Publicidade e Propaganda, Marketing, Design, Social Media e Audiovisual, conforme as diretrizes da Secretaria Municipal de Comunica\u00e7\u00e3o e do Secret\u00e1rio Municipal de Finan\u00e7as;<\/p>\n\n\n\n<p>V \u2013 supervisionar as atividades subordinadas a esta unidade, desenvolvendo, mantendo e ampliando fluxos de comunica\u00e7\u00e3o, facilitando a rela\u00e7\u00e3o entre a Secretaria Municipal de Finan\u00e7as e os p\u00fablicos interno e externo, inclusive em rela\u00e7\u00e3o \u00e0 imprensa;<\/p>\n\n\n\n<p>VI \u2013 organizar o fluxo interno de informa\u00e7\u00f5es da Secretaria Municipal de Finan\u00e7as;<\/p>\n\n\n\n<p>VII \u2013 prover e manter atualizado o portal institucional da Secretaria Municipal de Finan\u00e7as; VIII \u2013 produzir informa\u00e7\u00f5es para divulga\u00e7\u00e3o referentes \u00e0 Secretaria Municipal de Finan\u00e7as nas m\u00eddias sociais administradas pela Assessoria de Comunica\u00e7\u00e3o;<\/p>\n\n\n\n<p>IX \u2013 apoiar outros \u00f3rg\u00e3os e entidades integrantes nas a\u00e7\u00f5es de imprensa que exijam articula\u00e7\u00e3o e participa\u00e7\u00e3o coordenada no \u00e2mbito do Poder Executivo municipal;<\/p>\n\n\n\n<p>X \u2013 assessorar os dirigentes da Secretaria Municipal de Finan\u00e7as no relacionamento com a imprensa e nos assuntos a ela correlatos;<\/p>\n\n\n\n<p>XI \u2013 assistir diretamente ao Secret\u00e1rio Municipal de Finan\u00e7as no desempenho das atribui\u00e7\u00f5es que lhe cabe, especialmente no que se refere \u00e0 cobertura jornal\u00edstica das audi\u00eancias por ele concedidas e ao relacionamento dele com a imprensa;<\/p>\n\n\n\n<p>XII \u2013 promover, acompanhar, conduzir e subsidiar entrevistas a serem concedidas pelos dirigentes da Secretaria Municipal de Finan\u00e7as \u00e0 imprensa em geral;<\/p>\n\n\n\n<p>XIII \u2013 coordenar o acesso e o fluxo e, quando necess\u00e1rio, o credenciamento, de profissionais de imprensa a locais onde ocorram eventos e atividades oficiais da Secretaria Municipal de Finan\u00e7as;<\/p>\n\n\n\n<p>XIV \u2013 receber e atender \u00e0s demandas e pedidos de entrevista feitos por profissionais de comunica\u00e7\u00e3o;<\/p>\n\n\n\n<p>XV \u2013 fornecer informa\u00e7\u00f5es e levantamentos espec\u00edficos por meio de listas de transmiss\u00e3o e atendimentos di\u00e1rios aos profissionais;<\/p>\n\n\n\n<p>XVI \u2013 coletar e dar forma jornal\u00edstica \u00e0s informa\u00e7\u00f5es de interesse p\u00fablico produzidas pela Secretaria Municipal de Finan\u00e7as para efeito de divulga\u00e7\u00e3o atrav\u00e9s de plurais meios de comunica\u00e7\u00e3o;<\/p>\n\n\n\n<p>XVII \u2013 coordenar, executar e controlar a divulga\u00e7\u00e3o das atividades di\u00e1rias da Secretaria Municipal de Finan\u00e7as por meio de reportagens, not\u00edcias e demais conte\u00fados pertinentes de car\u00e1ter jornal\u00edstico e informativo;<\/p>\n\n\n\n<p>XVIII \u2013 utilizar t\u00e9cnicas espec\u00edficas para redigir, produzir e divulgar mat\u00e9rias jornal\u00edsticas, notas oficiais, releases, \u00e1udio releases, video releases, artigos e documentos de interesse da Secretaria Municipal de Finan\u00e7as;<\/p>\n\n\n\n<p>XIX \u2013 coletar, organizar e manter arquivos, inclusive em meio virtual, das mat\u00e9rias relativas \u00e0 atua\u00e7\u00e3o da Secretaria Municipal de Finan\u00e7as veiculadas pelos meios de comunica\u00e7\u00e3o;<\/p>\n\n\n\n<p>XX \u2013 utilizar t\u00e9cnicas espec\u00edficas para coordenar e\/ou criar, produzir, executar e divulgar pe\u00e7as publicit\u00e1rias;<\/p>\n\n\n\n<p>XXI \u2013 utilizar t\u00e9cnicas espec\u00edficas para coordenar e\/ou criar, produzir, executar e divulgar conte\u00fados para as m\u00eddias sociais e canais de comunica\u00e7\u00e3o oficiais da \u00f3rg\u00e3o;<\/p>\n\n\n\n<p>XXII \u2013 elaborar e dar forma \u00e0s informa\u00e7\u00f5es de car\u00e1ter institucional por meio de boletins, house organ, revista, panfletos, cartazes, folders, entre outros tipos de comunica\u00e7\u00e3o visual ou impressa;<\/p>\n\n\n\n<p>XXIII \u2013 coordenar, orientar e\/ou produzir apresenta\u00e7\u00f5es que ser\u00e3o utilizadas por dirigentes no relacionamento com a imprensa;<\/p>\n\n\n\n<p>XXIV \u2013 coordenar, orientar, acompanhar, avaliar e harmonizar a implementa\u00e7\u00e3o de planos, programas, projetos e atividades relacionados \u00e0 pol\u00edtica de comunica\u00e7\u00e3o da Prefeitura de Goi\u00e2nia, a cargo da Secretaria Municipal de Comunica\u00e7\u00e3o;<\/p>\n\n\n\n<p>XXV \u2013 promover o suporte administrativo e operacional ao funcionamento e \u00e0 manuten\u00e7\u00e3o do desempenho efetivo da cobertura de comunica\u00e7\u00e3o em atos, eventos, solenidades e viagens dos quais participe o Secret\u00e1rio Municipal de Finan\u00e7as;<\/p>\n\n\n\n<p>XXVI \u2013 realizar outras atribui\u00e7\u00f5es correlatas lhe forem determinadas pelo Secret\u00e1rio Municipal de Finan\u00e7as.<\/p>\n","protected":false},"excerpt":{"rendered":"<p>\u00c0 Chefia da Assessoria de Comunica\u00e7\u00e3o (Ascom) da Secretaria de Finan\u00e7as compete, dentre outras atribui\u00e7\u00f5es: I \u2013 divulgar, com transpar\u00eancia, rapidez e exatid\u00e3o, todas as a\u00e7\u00f5es da Secretaria Municipal de Finan\u00e7as com o objetivo de municiar os cidad\u00e3os e os contribuintes de informa\u00e7\u00f5es de interesse p\u00fablico; II \u2013 supervisionar as a\u00e7\u00f5es e elaborar estrat\u00e9gias de [&hellip;]<\/p>\n","protected":false},"author":1,"featured_media":0,"parent":314,"menu_order":2,"comment_status":"closed","ping_status":"closed","template":"","meta":{"_acf_changed":false,"custom_icon_class":"","footnotes":""},"class_list":["post-371","page","type-page","status-publish","hentry"],"acf":[],"_links":{"self":[{"href":"https:\/\/www.goiania.go.gov.br\/sefaz\/wp-json\/wp\/v2\/pages\/371","targetHints":{"allow":["GET"]}}],"collection":[{"href":"https:\/\/www.goiania.go.gov.br\/sefaz\/wp-json\/wp\/v2\/pages"}],"about":[{"href":"https:\/\/www.goiania.go.gov.br\/sefaz\/wp-json\/wp\/v2\/types\/page"}],"author":[{"embeddable":true,"href":"https:\/\/www.goiania.go.gov.br\/sefaz\/wp-json\/wp\/v2\/users\/1"}],"replies":[{"embeddable":true,"href":"https:\/\/www.goiania.go.gov.br\/sefaz\/wp-json\/wp\/v2\/comments?post=371"}],"version-history":[{"count":3,"href":"https:\/\/www.goiania.go.gov.br\/sefaz\/wp-json\/wp\/v2\/pages\/371\/revisions"}],"predecessor-version":[{"id":380,"href":"https:\/\/www.goiania.go.gov.br\/sefaz\/wp-json\/wp\/v2\/pages\/371\/revisions\/380"}],"up":[{"embeddable":true,"href":"https:\/\/www.goiania.go.gov.br\/sefaz\/wp-json\/wp\/v2\/pages\/314"}],"wp:attachment":[{"href":"https:\/\/www.goiania.go.gov.br\/sefaz\/wp-json\/wp\/v2\/media?parent=371"}],"curies":[{"name":"wp","href":"https:\/\/api.w.org\/{rel}","templated":true}]}}