{"id":333,"date":"2021-06-24T15:00:42","date_gmt":"2021-06-24T18:00:42","guid":{"rendered":"https:\/\/www.goiania.go.gov.br\/sefin\/departamentos\/gerencia-de-atendimento\/"},"modified":"2021-06-24T15:03:26","modified_gmt":"2021-06-24T18:03:26","slug":"gerencia-de-atendimento","status":"publish","type":"page","link":"https:\/\/www.goiania.go.gov.br\/sefaz\/departamentos\/gerencia-de-atendimento\/","title":{"rendered":"Ger\u00eancia de Atendimento"},"content":{"rendered":"\n<p>\u00c0 Ger\u00eancia de Atendimento (Gerate), departamento subordinado \u00e0 Chefia de Gabinete do Secret\u00e1rio de Finan\u00e7as compete, dentre outras atribui\u00e7\u00f5es:<\/p>\n\n\n\n<p>I \u2013 coordenar, no \u00e2mbito da Secretaria, as atividades de atendimento aos contribuintes em geral;<\/p>\n\n\n\n<p>II \u2013 programar, organizar, distribuir, orientar, controlar e gerenciar as atividades voltadas ao atendimento ao p\u00fablico, de acordo com os regulamentos e as normas e instru\u00e7\u00f5es normativas emitidas pelo Secret\u00e1rio;<\/p>\n\n\n\n<p>III \u2013 apresentar relat\u00f3rio estat\u00edstico mensal ao Gabinete do Secret\u00e1rio sobre o atendimento prestado ao p\u00fablico;<\/p>\n\n\n\n<p>IV \u2013 exercer outras atividades correlatas \u00e0s suas compet\u00eancias e que lhe forem determinadas pela Chefia de Gabinete, observando sempre os princ\u00edpios legais, \u00e9ticos e morais.<\/p>\n","protected":false},"excerpt":{"rendered":"<p>\u00c0 Ger\u00eancia de Atendimento (Gerate), departamento subordinado \u00e0 Chefia de Gabinete do Secret\u00e1rio de Finan\u00e7as compete, dentre outras atribui\u00e7\u00f5es: I \u2013 coordenar, no \u00e2mbito da Secretaria, as atividades de atendimento aos contribuintes em geral; II \u2013 programar, organizar, distribuir, orientar, controlar e gerenciar as atividades voltadas ao atendimento ao p\u00fablico, de acordo com os regulamentos [&hellip;]<\/p>\n","protected":false},"author":1,"featured_media":0,"parent":314,"menu_order":59,"comment_status":"closed","ping_status":"closed","template":"","meta":{"_acf_changed":false,"custom_icon_class":"","footnotes":""},"class_list":["post-333","page","type-page","status-publish","hentry"],"acf":[],"_links":{"self":[{"href":"https:\/\/www.goiania.go.gov.br\/sefaz\/wp-json\/wp\/v2\/pages\/333","targetHints":{"allow":["GET"]}}],"collection":[{"href":"https:\/\/www.goiania.go.gov.br\/sefaz\/wp-json\/wp\/v2\/pages"}],"about":[{"href":"https:\/\/www.goiania.go.gov.br\/sefaz\/wp-json\/wp\/v2\/types\/page"}],"author":[{"embeddable":true,"href":"https:\/\/www.goiania.go.gov.br\/sefaz\/wp-json\/wp\/v2\/users\/1"}],"replies":[{"embeddable":true,"href":"https:\/\/www.goiania.go.gov.br\/sefaz\/wp-json\/wp\/v2\/comments?post=333"}],"version-history":[{"count":3,"href":"https:\/\/www.goiania.go.gov.br\/sefaz\/wp-json\/wp\/v2\/pages\/333\/revisions"}],"predecessor-version":[{"id":337,"href":"https:\/\/www.goiania.go.gov.br\/sefaz\/wp-json\/wp\/v2\/pages\/333\/revisions\/337"}],"up":[{"embeddable":true,"href":"https:\/\/www.goiania.go.gov.br\/sefaz\/wp-json\/wp\/v2\/pages\/314"}],"wp:attachment":[{"href":"https:\/\/www.goiania.go.gov.br\/sefaz\/wp-json\/wp\/v2\/media?parent=333"}],"curies":[{"name":"wp","href":"https:\/\/api.w.org\/{rel}","templated":true}]}}