{"id":328,"date":"2021-06-24T14:56:43","date_gmt":"2021-06-24T17:56:43","guid":{"rendered":"https:\/\/www.goiania.go.gov.br\/sefin\/departamentos\/chefia-de-gabinete\/"},"modified":"2021-06-24T14:59:16","modified_gmt":"2021-06-24T17:59:16","slug":"chefia-de-gabinete","status":"publish","type":"page","link":"https:\/\/www.goiania.go.gov.br\/sefaz\/departamentos\/chefia-de-gabinete\/","title":{"rendered":"Chefia de Gabinete"},"content":{"rendered":"\n<p>\u00c0 Chefia de Gabinete da Secretaria Municipal de Finan\u00e7as compete, dentre outras atribui\u00e7\u00f5es:<\/p>\n\n\n\n<p>I \u2013 promover e articular os contatos sociais e pol\u00edticos do Secret\u00e1rio;<\/p>\n\n\n\n<p>II \u2013 responsabilizar-se pela qualidade e efici\u00eancia das atividades de atendimento direto ao Secret\u00e1rio;<\/p>\n\n\n\n<p>III \u2013 divulgar e publicar os atos do Secret\u00e1rio, quando de interesse p\u00fablico;<\/p>\n\n\n\n<p>IV \u2013 atender os cidad\u00e3os que procurem o Gabinete do Secret\u00e1rio, orientando-os e prestando-lhes as informa\u00e7\u00f5es necess\u00e1rias ou encaminhando-os, quando for o caso, ao Secret\u00e1rio e a outras unidades da Secretaria;<\/p>\n\n\n\n<p>V \u2013 promover o recebimento e a an\u00e1lise da correspond\u00eancia oficial dirigida ao Secret\u00e1rio;<\/p>\n\n\n\n<p>VI \u2013 promover o controle de todos os processos e demais documentos encaminhados ao Secret\u00e1rio ou por ele despachados;<\/p>\n\n\n\n<p>VII \u2013 examinar os processos a serem despachados ou referenciados pelo Secret\u00e1rio, providenciando, antes de submet\u00ea-los \u00e0 sua aprecia\u00e7\u00e3o, a conveniente instru\u00e7\u00e3o dos mesmos;<\/p>\n\n\n\n<p>VIII \u2013 verificar a corre\u00e7\u00e3o e a legalidade dos documentos submetidos \u00e0 assinatura do secret\u00e1rio;<\/p>\n\n\n\n<p>IX \u2013 proferir atos meramente interlocut\u00f3rios ou de simples encaminhamento de processos;<\/p>\n\n\n\n<p>X \u2013 informar as partes sobre os processos sujeitos \u00e0 aprecia\u00e7\u00e3o do Secret\u00e1rio;<\/p>\n\n\n\n<p>XI \u2013 manter permanente articula\u00e7\u00e3o com os demais \u00f3rg\u00e3os integrantes da estrutura organizacional da Administra\u00e7\u00e3o Municipal;<\/p>\n\n\n\n<p>XII \u2013 substituir o Secret\u00e1rio nas suas faltas e impedimentos, nos termos da lei;<\/p>\n\n\n\n<p>XIII \u2013 exercer outras atividades correlatas \u00e0s suas compet\u00eancias e que lhe forem determinadas pelo Secret\u00e1rio, observando sempre os princ\u00edpios legais, \u00e9ticos e morais.<\/p>\n","protected":false},"excerpt":{"rendered":"<p>\u00c0 Chefia de Gabinete da Secretaria Municipal de Finan\u00e7as compete, dentre outras atribui\u00e7\u00f5es: I \u2013 promover e articular os contatos sociais e pol\u00edticos do Secret\u00e1rio; II \u2013 responsabilizar-se pela qualidade e efici\u00eancia das atividades de atendimento direto ao Secret\u00e1rio; III \u2013 divulgar e publicar os atos do Secret\u00e1rio, quando de interesse p\u00fablico; IV \u2013 atender [&hellip;]<\/p>\n","protected":false},"author":1,"featured_media":0,"parent":314,"menu_order":58,"comment_status":"closed","ping_status":"closed","template":"","meta":{"_acf_changed":false,"custom_icon_class":"","footnotes":""},"class_list":["post-328","page","type-page","status-publish","hentry"],"acf":[],"_links":{"self":[{"href":"https:\/\/www.goiania.go.gov.br\/sefaz\/wp-json\/wp\/v2\/pages\/328","targetHints":{"allow":["GET"]}}],"collection":[{"href":"https:\/\/www.goiania.go.gov.br\/sefaz\/wp-json\/wp\/v2\/pages"}],"about":[{"href":"https:\/\/www.goiania.go.gov.br\/sefaz\/wp-json\/wp\/v2\/types\/page"}],"author":[{"embeddable":true,"href":"https:\/\/www.goiania.go.gov.br\/sefaz\/wp-json\/wp\/v2\/users\/1"}],"replies":[{"embeddable":true,"href":"https:\/\/www.goiania.go.gov.br\/sefaz\/wp-json\/wp\/v2\/comments?post=328"}],"version-history":[{"count":3,"href":"https:\/\/www.goiania.go.gov.br\/sefaz\/wp-json\/wp\/v2\/pages\/328\/revisions"}],"predecessor-version":[{"id":332,"href":"https:\/\/www.goiania.go.gov.br\/sefaz\/wp-json\/wp\/v2\/pages\/328\/revisions\/332"}],"up":[{"embeddable":true,"href":"https:\/\/www.goiania.go.gov.br\/sefaz\/wp-json\/wp\/v2\/pages\/314"}],"wp:attachment":[{"href":"https:\/\/www.goiania.go.gov.br\/sefaz\/wp-json\/wp\/v2\/media?parent=328"}],"curies":[{"name":"wp","href":"https:\/\/api.w.org\/{rel}","templated":true}]}}