{"id":137,"date":"2021-08-18T16:45:16","date_gmt":"2021-08-18T19:45:16","guid":{"rendered":"https:\/\/www.goiania.go.gov.br\/sedec\/programa-goiania-digital\/passo-a-passo\/"},"modified":"2021-08-18T16:45:28","modified_gmt":"2021-08-18T19:45:28","slug":"passo-a-passo","status":"publish","type":"page","link":"https:\/\/www.goiania.go.gov.br\/sedicas\/programa-goiania-digital\/passo-a-passo\/","title":{"rendered":"Passo a passo"},"content":{"rendered":"\n<p><strong>PASSO A PASSO PARA CHEGAR AOS BENEF\u00cdCIOS DO PROGRAMA GOI\u00c2NIA DIGITAL.<\/strong><\/p>\n\n\n\n<p><strong>1\u00b0<\/strong>&nbsp;As empresas devem tomar conhecimento da Legisla\u00e7\u00e3o e seus benef\u00edcios \u2013 entrar na p\u00e1gina do Goi\u00e2nia Digital (legisla\u00e7\u00e3o) no Portal da Prefeitura de Goi\u00e2nia, \u201cLinks Diversos\u201d;<\/p>\n\n\n\n<p><strong>2\u00b0<\/strong>&nbsp;Caso optem por aderir ao Programa, devem entrar no \u00edcone da p\u00e1gina, baixando o requerimento para habilita\u00e7\u00e3o (preencher) e juntar documentos conforme art. 4\u00ba do decreto 696\/2007.<\/p>\n\n\n\n<p><strong>3\u00b0<\/strong>&nbsp;De posse da documenta\u00e7\u00e3o e requerimento, dar entrada no protocolo da Secretaria Municipal de Desenvolvimento Econ\u00f4mico, Trabalho, Ci\u00eancia e Tecnologia localizado na Avenida do Cerrado 999, Park Lozandes &#8211; Bloco B &#8211; 2\u00b0 Pavimento. Fone 3524 3878 ou nas lojas de atendimento da Prefeitura para fazer a autua\u00e7\u00e3o.<\/p>\n\n\n\n<p><strong>4\u00b0<\/strong>&nbsp;Depois de autuado, o processo de habilita\u00e7\u00e3o segue tramita\u00e7\u00e3o na Secretaria Municipal de Ci\u00eancia, Tecnologia e Inova\u00e7\u00e3o e posteriormente a Secretaria de Finan\u00e7as e a Ger\u00eancia do Programa realiza os seguintes passos:<\/p>\n\n\n\n<ul class=\"wp-block-list\"><li>Publica\u00e7\u00e3o do Certificado de Habilita\u00e7\u00e3o no e.doc<\/li><li>Publica\u00e7\u00e3o no Di\u00e1rio Oficial do Munic\u00edpio;<\/li><\/ul>\n","protected":false},"excerpt":{"rendered":"<p>PASSO A PASSO PARA CHEGAR AOS BENEF\u00cdCIOS DO PROGRAMA GOI\u00c2NIA DIGITAL. 1\u00b0&nbsp;As empresas devem tomar conhecimento da Legisla\u00e7\u00e3o e seus benef\u00edcios \u2013 entrar na p\u00e1gina do Goi\u00e2nia Digital (legisla\u00e7\u00e3o) no Portal da Prefeitura de Goi\u00e2nia, \u201cLinks Diversos\u201d; 2\u00b0&nbsp;Caso optem por aderir ao Programa, devem entrar no \u00edcone da p\u00e1gina, baixando o requerimento para habilita\u00e7\u00e3o (preencher) [&hellip;]<\/p>\n","protected":false},"author":1,"featured_media":0,"parent":113,"menu_order":3,"comment_status":"closed","ping_status":"closed","template":"","meta":{"_acf_changed":false,"custom_icon_class":"","footnotes":""},"class_list":["post-137","page","type-page","status-publish","hentry"],"acf":[],"_links":{"self":[{"href":"https:\/\/www.goiania.go.gov.br\/sedicas\/wp-json\/wp\/v2\/pages\/137","targetHints":{"allow":["GET"]}}],"collection":[{"href":"https:\/\/www.goiania.go.gov.br\/sedicas\/wp-json\/wp\/v2\/pages"}],"about":[{"href":"https:\/\/www.goiania.go.gov.br\/sedicas\/wp-json\/wp\/v2\/types\/page"}],"author":[{"embeddable":true,"href":"https:\/\/www.goiania.go.gov.br\/sedicas\/wp-json\/wp\/v2\/users\/1"}],"replies":[{"embeddable":true,"href":"https:\/\/www.goiania.go.gov.br\/sedicas\/wp-json\/wp\/v2\/comments?post=137"}],"version-history":[{"count":2,"href":"https:\/\/www.goiania.go.gov.br\/sedicas\/wp-json\/wp\/v2\/pages\/137\/revisions"}],"predecessor-version":[{"id":139,"href":"https:\/\/www.goiania.go.gov.br\/sedicas\/wp-json\/wp\/v2\/pages\/137\/revisions\/139"}],"up":[{"embeddable":true,"href":"https:\/\/www.goiania.go.gov.br\/sedicas\/wp-json\/wp\/v2\/pages\/113"}],"wp:attachment":[{"href":"https:\/\/www.goiania.go.gov.br\/sedicas\/wp-json\/wp\/v2\/media?parent=137"}],"curies":[{"name":"wp","href":"https:\/\/api.w.org\/{rel}","templated":true}]}}