{"id":97,"date":"2019-09-05T11:06:46","date_gmt":"2019-09-05T14:06:46","guid":{"rendered":"http:\/\/www12.goiania.go.gov.br\/semas\/?page_id=97"},"modified":"2019-09-09T14:24:45","modified_gmt":"2019-09-09T17:24:45","slug":"centro-de-referencia-de-assistencia-social-cras","status":"publish","type":"page","link":"https:\/\/www.goiania.go.gov.br\/sedhs\/diretoria-de-protecao-social-basica\/centro-de-referencia-de-assistencia-social-cras\/","title":{"rendered":"Centro de Refer\u00eancia de Assist\u00eancia Social &#8211; CRAS"},"content":{"rendered":"\n<p> O Centro de Refer\u00eancia de Assist\u00eancia Social (CRAS) \u00e9 uma unidade respons\u00e1vel pela oferta de servi\u00e7os de prote\u00e7\u00e3o b\u00e1sica do Sistema \u00danico de Assist\u00eancia Social &#8211; SUAS, nas \u00e1reas de vulnerabilidade e risco social. \u00c9 a principal porta de entrada para os servi\u00e7os do SUAS, possibilitando o acesso a um grande n\u00famero de fam\u00edlias \u00e0 de de prote\u00e7\u00e3o social de assist\u00eancia social.<\/p>\n\n\n\n<p><\/p>\n\n\n\n<h2 class=\"wp-block-heading\"><strong>Objetivo<\/strong><\/h2>\n\n\n\n<p><\/p>\n\n\n\n<p>O CRAS &#8211; Centro de Refer\u00eancia de Assist\u00eancia Social &#8211; tem como objetivo prevenir a ocorr\u00eancia de situa\u00e7\u00f5es de vulnerabilidade e ricos sociais nos territ\u00f3rios, por meio de desenvolvimento de potencialidades e aquisi\u00e7\u00f5es, do fortalecimento de v\u00ednculos familiares e comunit\u00e1rios, e da amplia\u00e7\u00e3o do acesso aos direitos de cidadania.<\/p>\n\n\n\n<p><\/p>\n\n\n\n<h2 class=\"wp-block-heading\"><strong>Fun\u00e7\u00f5es do CRAS<\/strong><\/h2>\n\n\n\n<p><\/p>\n\n\n\n<p>O CRAS diferencia-se das demais unidades de assist\u00eancia social pois desempenha as fun\u00e7\u00f5es de gest\u00e3o da prote\u00e7\u00e3o b\u00e1sica no seu territ\u00f3rio e oferta o Programa de Aten\u00e7\u00e3o Integral \u00e0 Fam\u00edlia &#8211; PAIF. \u00c9 fun\u00e7\u00e3o do CRAS junto com sua equipe articular a rede socioassistencial de prote\u00e7\u00e3o social b\u00e1sica referenciada ao CRAS, promover a articula\u00e7\u00e3o intersetorial e a busca ativa, todas realizadas no territ\u00f3rio de abrang\u00eancia do CRAS. <\/p>\n\n\n\n<p><strong>CRAS Vila Isaura<\/strong><\/p>\n\n\n\n<p>Endere\u00e7o: Rua 09 esq. c\/ Rua 12 Qd: A Lt: 14\/16, Vila Isaura<br>Fone: 3524-8514<br>E-mail: crasvilaizaura@gmail.com<\/p>\n\n\n\n<p><strong>CRAS Vila Cana\u00e3<\/strong><\/p>\n\n\n\n<p>Endere\u00e7o: Rua Langendoeffer Qd: 01 Lt: 01 Pra\u00e7a Jorge Carneiro, Vila Nova Cana\u00e3 Fone: 3558-7567<br>E-mail: crascanaa.go@gmail.com<\/p>\n\n\n\n<p><strong>CRAS Vila Reden\u00e7\u00e3o<\/strong><\/p>\n\n\n\n<p>Endere\u00e7o: Rua R-07 esq. c\/ Alameda Jardim Bot\u00e2nico Qd: 35, Vila Reden\u00e7\u00e3o<br>Fone: 3524-3109<br>E-mail: crasvilaredencao@gmail.com<\/p>\n\n\n\n<p><strong>CRAS Bairro Floresta<\/strong><\/p>\n\n\n\n<p>Endere\u00e7o: Av. da Conquista Qd: 25 sn, Bairro Floresta<br>Fone: 3524-3469<br>E-mail: crasfloresta10@gmail.com<\/p>\n\n\n\n<p><strong>CRAS Recanto do Bosque<\/strong><\/p>\n\n\n\n<p>Endere\u00e7o: Rua RB-20 AMP-26, Setor Recanto do Bosque                                      Fone: 3524-3513<br> E-mail: crasrecantodobosque17@gmail.com<\/p>\n\n\n\n<p><strong>CRAS Conjunto Baliza<\/strong><\/p>\n\n\n\n<p>Endere\u00e7o: Rua BL-11 Qd: B-08 s\/n, Conjunto Baliza<br>Fone: 3288-0108<br>E-mail: crasbalizagoiania@gmail.com<\/p>\n\n\n\n<p><strong>&nbsp;CRAS Jardim Curitiba II<\/strong><\/p>\n\n\n\n<p>Endere\u00e7o: Rua JC-22 qd: 12-A Lt: 01\/15, Jardim Curitiba II<br>Fone: 3298-2586<br>E-mail: crascuritiba.go@gmail.com<\/p>\n\n\n\n<p><strong>CRAS Vila Uni\u00e3o<\/strong><\/p>\n\n\n\n<p>Endere\u00e7o: Rua U-47 s\/n, Vila Uni\u00e3o<br>Fone: 3524-1766<br>E-mail: crasuniaogoiania2@gmail.com<\/p>\n\n\n\n<p><strong>CRAS Recanto das Minas Gerais<\/strong><\/p>\n\n\n\n<p>Endere\u00e7o: Rua SR-01 Ch\u00e1cara 07, Recanto das Minas Gerais<br>Fone: 3524-5022<br>E-mail: crasrecantodasminasgerais@gmail.com<\/p>\n\n\n\n<p><strong>CRAS Jardim Novo Mundo<\/strong><\/p>\n\n\n\n<p>Endere\u00e7o: Av. do Ouro Ch\u00e1cara 329, Jardim Novo Mundo<br>Fone: 3524-1725<br>E-mail: crasnovomundo@gmail.com<\/p>\n\n\n\n<p><strong>CRAS Vera Cruz II<\/strong><\/p>\n\n\n\n<p>Endere\u00e7o: Av. Leopoldo de Bulh\u00f5es Qd: 100 s\/n, Conjunto Vera Cruz II<br>Fone: 3524-2451<br>E-mail: crasveracruz2@gmail.com<\/p>\n\n\n\n<p><strong>CRAS Jardins do Cerrado<\/strong><\/p>\n\n\n\n<p>Endere\u00e7o: Rua JC 312 Centro de Conveni\u00eancia, Jd. Cerrado VII<br>Fone: 3577-3444<br>E-mail: crascerrado@outlook.com<\/p>\n\n\n\n<p><strong>CRAS Residencial Real Conquista<\/strong><\/p>\n\n\n\n<p>Endere\u00e7o: Rua RC-10 Qd: 22 Lt: 38\/39, Residencial Real Conquista<br>Fone: 3524-4608<br>E-mail: crasrealconquista@gmail.com<\/p>\n\n\n\n<p><strong>CRAS Jardim Primavera<\/strong><\/p>\n\n\n\n<p>Endere\u00e7o: Rua JP Qd: 54 Lt: 20, Jardim Primavera<br>Fone: 3524-3405<br>E-mail: crasprimavera17@gmail.com<\/p>\n\n\n\n<p><strong>CRAS Capuava<\/strong><\/p>\n\n\n\n<p>Endere\u00e7o: Rua Borba Gato n\u00ba 367 Qd: 61 Lt: 19\/20, Bairro Capuava<br>Fone: 3524-8538<br>E-mail: crascapuava@hotmail.com<\/p>\n","protected":false},"excerpt":{"rendered":"<p>O Centro de Refer\u00eancia de Assist\u00eancia Social (CRAS) \u00e9 uma unidade respons\u00e1vel pela oferta de servi\u00e7os de prote\u00e7\u00e3o b\u00e1sica do Sistema \u00danico de Assist\u00eancia Social &#8211; SUAS, nas \u00e1reas de vulnerabilidade e risco social. \u00c9 a principal porta de entrada para os servi\u00e7os do SUAS, possibilitando o acesso a um grande n\u00famero de fam\u00edlias \u00e0 [&hellip;]<\/p>\n","protected":false},"author":33,"featured_media":0,"parent":41,"menu_order":4,"comment_status":"closed","ping_status":"closed","template":"","meta":{"_acf_changed":false,"custom_icon_class":"","footnotes":""},"class_list":["post-97","page","type-page","status-publish","hentry"],"acf":[],"_links":{"self":[{"href":"https:\/\/www.goiania.go.gov.br\/sedhs\/wp-json\/wp\/v2\/pages\/97","targetHints":{"allow":["GET"]}}],"collection":[{"href":"https:\/\/www.goiania.go.gov.br\/sedhs\/wp-json\/wp\/v2\/pages"}],"about":[{"href":"https:\/\/www.goiania.go.gov.br\/sedhs\/wp-json\/wp\/v2\/types\/page"}],"author":[{"embeddable":true,"href":"https:\/\/www.goiania.go.gov.br\/sedhs\/wp-json\/wp\/v2\/users\/33"}],"replies":[{"embeddable":true,"href":"https:\/\/www.goiania.go.gov.br\/sedhs\/wp-json\/wp\/v2\/comments?post=97"}],"version-history":[{"count":9,"href":"https:\/\/www.goiania.go.gov.br\/sedhs\/wp-json\/wp\/v2\/pages\/97\/revisions"}],"predecessor-version":[{"id":529,"href":"https:\/\/www.goiania.go.gov.br\/sedhs\/wp-json\/wp\/v2\/pages\/97\/revisions\/529"}],"up":[{"embeddable":true,"href":"https:\/\/www.goiania.go.gov.br\/sedhs\/wp-json\/wp\/v2\/pages\/41"}],"wp:attachment":[{"href":"https:\/\/www.goiania.go.gov.br\/sedhs\/wp-json\/wp\/v2\/media?parent=97"}],"curies":[{"name":"wp","href":"https:\/\/api.w.org\/{rel}","templated":true}]}}

Centro de Referência de Assistência Social &#8211; CRAS

<p> O Centro de Referência de Assistência Social (CRAS) é uma unidade responsável pela oferta de serviços de proteção básica do Sistema Único de Assistência Social &#8211; SUAS, nas áreas de vulnerabilidade e risco social. É a principal porta de entrada para os serviços do SUAS, possibilitando o acesso a um grande número de famílias à de de proteção social de assistência social.</p>



<p></p>



<h2 class="wp-block-heading"><strong>Objetivo</strong></h2>



<p></p>



<p>O CRAS &#8211; Centro de Referência de Assistência Social &#8211; tem como objetivo prevenir a ocorrência de situações de vulnerabilidade e ricos sociais nos territórios, por meio de desenvolvimento de potencialidades e aquisições, do fortalecimento de vínculos familiares e comunitários, e da ampliação do acesso aos direitos de cidadania.</p>



<p></p>



<h2 class="wp-block-heading"><strong>Funções do CRAS</strong></h2>



<p></p>



<p>O CRAS diferencia-se das demais unidades de assistência social pois desempenha as funções de gestão da proteção básica no seu território e oferta o Programa de Atenção Integral à Família &#8211; PAIF. É função do CRAS junto com sua equipe articular a rede socioassistencial de proteção social básica referenciada ao CRAS, promover a articulação intersetorial e a busca ativa, todas realizadas no território de abrangência do CRAS. </p>



<p><strong>CRAS Vila Isaura</strong></p>



<p>Endereço: Rua 09 esq. c/ Rua 12 Qd: A Lt: 14/16, Vila Isaura<br>Fone: 3524-8514<br>E-mail: crasvilaizaura@gmail.com</p>



<p><strong>CRAS Vila Canaã</strong></p>



<p>Endereço: Rua Langendoeffer Qd: 01 Lt: 01 Praça Jorge Carneiro, Vila Nova Canaã Fone: 3558-7567<br>E-mail: crascanaa.go@gmail.com</p>



<p><strong>CRAS Vila Redenção</strong></p>



<p>Endereço: Rua R-07 esq. c/ Alameda Jardim Botânico Qd: 35, Vila Redenção<br>Fone: 3524-3109<br>E-mail: crasvilaredencao@gmail.com</p>



<p><strong>CRAS Bairro Floresta</strong></p>



<p>Endereço: Av. da Conquista Qd: 25 sn, Bairro Floresta<br>Fone: 3524-3469<br>E-mail: crasfloresta10@gmail.com</p>



<p><strong>CRAS Recanto do Bosque</strong></p>



<p>Endereço: Rua RB-20 AMP-26, Setor Recanto do Bosque                                      Fone: 3524-3513<br> E-mail: crasrecantodobosque17@gmail.com</p>



<p><strong>CRAS Conjunto Baliza</strong></p>



<p>Endereço: Rua BL-11 Qd: B-08 s/n, Conjunto Baliza<br>Fone: 3288-0108<br>E-mail: crasbalizagoiania@gmail.com</p>



<p><strong>&nbsp;CRAS Jardim Curitiba II</strong></p>



<p>Endereço: Rua JC-22 qd: 12-A Lt: 01/15, Jardim Curitiba II<br>Fone: 3298-2586<br>E-mail: crascuritiba.go@gmail.com</p>



<p><strong>CRAS Vila União</strong></p>



<p>Endereço: Rua U-47 s/n, Vila União<br>Fone: 3524-1766<br>E-mail: crasuniaogoiania2@gmail.com</p>



<p><strong>CRAS Recanto das Minas Gerais</strong></p>



<p>Endereço: Rua SR-01 Chácara 07, Recanto das Minas Gerais<br>Fone: 3524-5022<br>E-mail: crasrecantodasminasgerais@gmail.com</p>



<p><strong>CRAS Jardim Novo Mundo</strong></p>



<p>Endereço: Av. do Ouro Chácara 329, Jardim Novo Mundo<br>Fone: 3524-1725<br>E-mail: crasnovomundo@gmail.com</p>



<p><strong>CRAS Vera Cruz II</strong></p>



<p>Endereço: Av. Leopoldo de Bulhões Qd: 100 s/n, Conjunto Vera Cruz II<br>Fone: 3524-2451<br>E-mail: crasveracruz2@gmail.com</p>



<p><strong>CRAS Jardins do Cerrado</strong></p>



<p>Endereço: Rua JC 312 Centro de Conveniência, Jd. Cerrado VII<br>Fone: 3577-3444<br>E-mail: crascerrado@outlook.com</p>



<p><strong>CRAS Residencial Real Conquista</strong></p>



<p>Endereço: Rua RC-10 Qd: 22 Lt: 38/39, Residencial Real Conquista<br>Fone: 3524-4608<br>E-mail: crasrealconquista@gmail.com</p>



<p><strong>CRAS Jardim Primavera</strong></p>



<p>Endereço: Rua JP Qd: 54 Lt: 20, Jardim Primavera<br>Fone: 3524-3405<br>E-mail: crasprimavera17@gmail.com</p>



<p><strong>CRAS Capuava</strong></p>



<p>Endereço: Rua Borba Gato nº 367 Qd: 61 Lt: 19/20, Bairro Capuava<br>Fone: 3524-8538<br>E-mail: crascapuava@hotmail.com</p>

<p>O Centro de Referência de Assistência Social (CRAS) é uma unidade responsável pela oferta de serviços de proteção básica do Sistema Único de Assistência Social &#8211; SUAS, nas áreas de vulnerabilidade e risco social. É a principal porta de entrada para os serviços do SUAS, possibilitando o acesso a um grande número de famílias à [&hellip;]</p>
