{"id":300,"date":"2019-09-05T15:03:03","date_gmt":"2019-09-05T18:03:03","guid":{"rendered":"http:\/\/www12.goiania.go.gov.br\/semas\/?page_id=300"},"modified":"2019-09-11T16:14:32","modified_gmt":"2019-09-11T19:14:32","slug":"gerencia-do-servico-especializado-para-pessoas-em-situacao-de-rua","status":"publish","type":"page","link":"https:\/\/www.goiania.go.gov.br\/sedhs\/diretoria-de-protecao-social-especial-2\/gerencia-do-servico-especializado-para-pessoas-em-situacao-de-rua\/","title":{"rendered":"Ger\u00eancia do Servi\u00e7o Especializado para Pessoas em Situa\u00e7\u00e3o de Rua"},"content":{"rendered":"\n<h2 class=\"wp-block-heading\">Ger\u00eancia do Servi\u00e7o Especializado para Pessoas em Situa\u00e7\u00e3o de Rua<\/h2>\n\n\n\n<p><strong>Art. 32.<\/strong>&nbsp;Compete \u00e0 Ger\u00eancia do Servi\u00e7o Especializado para Pessoas em Situa\u00e7\u00e3o de Rua, unidade integrante da estrutura da Diretoria de Prote\u00e7\u00e3o Social Especial, e ao seu titular:<\/p>\n\n\n\n<p><strong>I<\/strong>&nbsp;&#8211; planejar, orientar e supervisionar:<\/p>\n\n\n\n<p><strong>a)<\/strong>&nbsp;o Servi\u00e7o Especializado em Abordagem Social (SEAS);<\/p>\n\n\n\n<p><strong>b)<\/strong>&nbsp;o Centro de Refer\u00eancia Especializado para a Popula\u00e7\u00e3o em Situa\u00e7\u00e3o de Rua \u2013 Centro Pop;<\/p>\n\n\n\n<p><strong>II<\/strong>&nbsp;&#8211; alocar e controlar as equipes de t\u00e9cnicos\/educadores sociais que atuam na preven\u00e7\u00e3o e busca ativa, por meio de abordagem em locais p\u00fablicos das pessoas em situa\u00e7\u00f5es de risco e\/ou viola\u00e7\u00e3o de direitos, em especial que envolvam crian\u00e7as e adolescentes;<\/p>\n\n\n\n<p><strong>III<\/strong>&nbsp;&#8211; desenvolver orienta\u00e7\u00f5es e encaminhamentos aos demais servi\u00e7os da prote\u00e7\u00e3o social b\u00e1sica e da especial e demais pol\u00edticas p\u00fablicas, institui\u00e7\u00f5es afins, Conselhos Tutelares, Delegacias Especializadas e demais servi\u00e7os da rede de prote\u00e7\u00e3o dos direitos;<\/p>\n\n\n\n<p><strong>IV<\/strong>&nbsp;&#8211; executar o Plano de A\u00e7\u00e3o do Servi\u00e7o de Enfrentamento a Viol\u00eancia contra crian\u00e7as e adolescentes no munic\u00edpio, articulando com outras pol\u00edticas p\u00fablicas, em conformidade com as diretrizes do Comit\u00ea Nacional de Enfrentamento \u00e0 Viol\u00eancia Sexual contra crian\u00e7as e Adolescentes;<\/p>\n\n\n\n<p><strong>V<\/strong>&nbsp;&#8211; desenvolver a intera\u00e7\u00e3o e complementaridade entre os servi\u00e7os desenvolvidos pelo SEAS e Centro Pop, de modo a assegurar a oferta com qualidade dos servi\u00e7os, promovendo quando for o caso o redimensionamento da equipe e sua capacita\u00e7\u00e3o;<\/p>\n\n\n\n<p><strong>VI<\/strong>&nbsp;&#8211; supervisionar a identifica\u00e7\u00e3o e inclus\u00e3o das pessoas em situa\u00e7\u00e3o de rua no Cadastro \u00danico para Programas Sociais do Governo Federal;<\/p>\n\n\n\n<p><strong>VII<\/strong>&nbsp;&#8211; levantar custos e promover o planejamento para a manuten\u00e7\u00e3o do Centro POP e dos servi\u00e7os ofertados;<\/p>\n\n\n\n<p><strong>VIII<\/strong>&nbsp;&#8211; supervisionar e controlar o funcionamento interno, dos servi\u00e7os ofertados, da metodologia de trabalho adotada pela equipe, do relacionamento com os usu\u00e1rios, com a rede e com a comunidade no \u00e2mbito do Centro Pop;<\/p>\n\n\n\n<p><strong>IX<\/strong>&nbsp;&#8211; supervisionar o acompanhamento realizado pela equipe t\u00e9cnica dos usu\u00e1rios, atrav\u00e9s do Plano de Acompanhamento Individual e, ou familiar;<\/p>\n\n\n\n<p><strong>X<\/strong>&nbsp;&#8211; promover a realiza\u00e7\u00e3o das visitas domiciliares \u00e0 familiares e, ou pessoas de refer\u00eancia, com vistas ao resgate ou fortalecimento de v\u00ednculos;<\/p>\n\n\n\n<p><strong>XI<\/strong>&nbsp;&#8211; mobilizar a rede das demais pol\u00edticas p\u00fablicas e \u00f3rg\u00e3os de defesa de direitos para a constru\u00e7\u00e3o e pactua\u00e7\u00e3o de fluxos de articula\u00e7\u00e3o intersetorial, em especial a pol\u00edtica de sa\u00fade, trabalho e renda, habita\u00e7\u00e3o, educa\u00e7\u00e3o e seguran\u00e7a alimentar e nutricional;<\/p>\n\n\n\n<p><strong>XII<\/strong>&nbsp;&#8211; exercer outras atividades correlatas \u00e0s suas atribui\u00e7\u00f5es e \u00e0s que lhes forem determinadas pelo Diretor de Prote\u00e7\u00e3o Social Especial.<\/p>\n\n\n\n<p><strong>\u00a7 1\u00ba<\/strong>&nbsp;Compete ao Coordenador do Servi\u00e7o Especializado de Abordagem Social \u2013 SEAS a gest\u00e3o, organiza\u00e7\u00e3o e controle dos servi\u00e7os desenvolvidos por meio de equipes de abordagem, realizando o mapeamento permanente das situa\u00e7\u00f5es de risco e\/ou viola\u00e7\u00e3o de direitos que envolvam em especial crian\u00e7as e adolescentes.<\/p>\n\n\n\n<p><strong>\u00a7 2\u00ba<\/strong>&nbsp;Compete ao Coordenador do Centro Pop, coordenar a gest\u00e3o, organiza\u00e7\u00e3o e controle dos servi\u00e7os desenvolvidos no \u00e2mbito da unidade e na estrutura\u00e7\u00e3o e reestrutura\u00e7\u00e3o dos servi\u00e7os de acolhimento tempor\u00e1rios;<\/p>\n","protected":false},"excerpt":{"rendered":"<p>Ger\u00eancia do Servi\u00e7o Especializado para Pessoas em Situa\u00e7\u00e3o de Rua Art. 32.&nbsp;Compete \u00e0 Ger\u00eancia do Servi\u00e7o Especializado para Pessoas em Situa\u00e7\u00e3o de Rua, unidade integrante da estrutura da Diretoria de Prote\u00e7\u00e3o Social Especial, e ao seu titular: I&nbsp;&#8211; planejar, orientar e supervisionar: a)&nbsp;o Servi\u00e7o Especializado em Abordagem Social (SEAS); b)&nbsp;o Centro de Refer\u00eancia Especializado para [&hellip;]<\/p>\n","protected":false},"author":33,"featured_media":0,"parent":169,"menu_order":1,"comment_status":"closed","ping_status":"closed","template":"","meta":{"_acf_changed":false,"custom_icon_class":"","footnotes":""},"class_list":["post-300","page","type-page","status-publish","hentry"],"acf":[],"_links":{"self":[{"href":"https:\/\/www.goiania.go.gov.br\/sedhs\/wp-json\/wp\/v2\/pages\/300","targetHints":{"allow":["GET"]}}],"collection":[{"href":"https:\/\/www.goiania.go.gov.br\/sedhs\/wp-json\/wp\/v2\/pages"}],"about":[{"href":"https:\/\/www.goiania.go.gov.br\/sedhs\/wp-json\/wp\/v2\/types\/page"}],"author":[{"embeddable":true,"href":"https:\/\/www.goiania.go.gov.br\/sedhs\/wp-json\/wp\/v2\/users\/33"}],"replies":[{"embeddable":true,"href":"https:\/\/www.goiania.go.gov.br\/sedhs\/wp-json\/wp\/v2\/comments?post=300"}],"version-history":[{"count":4,"href":"https:\/\/www.goiania.go.gov.br\/sedhs\/wp-json\/wp\/v2\/pages\/300\/revisions"}],"predecessor-version":[{"id":607,"href":"https:\/\/www.goiania.go.gov.br\/sedhs\/wp-json\/wp\/v2\/pages\/300\/revisions\/607"}],"up":[{"embeddable":true,"href":"https:\/\/www.goiania.go.gov.br\/sedhs\/wp-json\/wp\/v2\/pages\/169"}],"wp:attachment":[{"href":"https:\/\/www.goiania.go.gov.br\/sedhs\/wp-json\/wp\/v2\/media?parent=300"}],"curies":[{"name":"wp","href":"https:\/\/api.w.org\/{rel}","templated":true}]}}

Gerência do Serviço Especializado para Pessoas em Situação de Rua

<h2 class="wp-block-heading">Gerência do Serviço Especializado para Pessoas em Situação de Rua</h2>



<p><strong>Art. 32.</strong>&nbsp;Compete à Gerência do Serviço Especializado para Pessoas em Situação de Rua, unidade integrante da estrutura da Diretoria de Proteção Social Especial, e ao seu titular:</p>



<p><strong>I</strong>&nbsp;&#8211; planejar, orientar e supervisionar:</p>



<p><strong>a)</strong>&nbsp;o Serviço Especializado em Abordagem Social (SEAS);</p>



<p><strong>b)</strong>&nbsp;o Centro de Referência Especializado para a População em Situação de Rua – Centro Pop;</p>



<p><strong>II</strong>&nbsp;&#8211; alocar e controlar as equipes de técnicos/educadores sociais que atuam na prevenção e busca ativa, por meio de abordagem em locais públicos das pessoas em situações de risco e/ou violação de direitos, em especial que envolvam crianças e adolescentes;</p>



<p><strong>III</strong>&nbsp;&#8211; desenvolver orientações e encaminhamentos aos demais serviços da proteção social básica e da especial e demais políticas públicas, instituições afins, Conselhos Tutelares, Delegacias Especializadas e demais serviços da rede de proteção dos direitos;</p>



<p><strong>IV</strong>&nbsp;&#8211; executar o Plano de Ação do Serviço de Enfrentamento a Violência contra crianças e adolescentes no município, articulando com outras políticas públicas, em conformidade com as diretrizes do Comitê Nacional de Enfrentamento à Violência Sexual contra crianças e Adolescentes;</p>



<p><strong>V</strong>&nbsp;&#8211; desenvolver a interação e complementaridade entre os serviços desenvolvidos pelo SEAS e Centro Pop, de modo a assegurar a oferta com qualidade dos serviços, promovendo quando for o caso o redimensionamento da equipe e sua capacitação;</p>



<p><strong>VI</strong>&nbsp;&#8211; supervisionar a identificação e inclusão das pessoas em situação de rua no Cadastro Único para Programas Sociais do Governo Federal;</p>



<p><strong>VII</strong>&nbsp;&#8211; levantar custos e promover o planejamento para a manutenção do Centro POP e dos serviços ofertados;</p>



<p><strong>VIII</strong>&nbsp;&#8211; supervisionar e controlar o funcionamento interno, dos serviços ofertados, da metodologia de trabalho adotada pela equipe, do relacionamento com os usuários, com a rede e com a comunidade no âmbito do Centro Pop;</p>



<p><strong>IX</strong>&nbsp;&#8211; supervisionar o acompanhamento realizado pela equipe técnica dos usuários, através do Plano de Acompanhamento Individual e, ou familiar;</p>



<p><strong>X</strong>&nbsp;&#8211; promover a realização das visitas domiciliares à familiares e, ou pessoas de referência, com vistas ao resgate ou fortalecimento de vínculos;</p>



<p><strong>XI</strong>&nbsp;&#8211; mobilizar a rede das demais políticas públicas e órgãos de defesa de direitos para a construção e pactuação de fluxos de articulação intersetorial, em especial a política de saúde, trabalho e renda, habitação, educação e segurança alimentar e nutricional;</p>



<p><strong>XII</strong>&nbsp;&#8211; exercer outras atividades correlatas às suas atribuições e às que lhes forem determinadas pelo Diretor de Proteção Social Especial.</p>



<p><strong>§ 1º</strong>&nbsp;Compete ao Coordenador do Serviço Especializado de Abordagem Social – SEAS a gestão, organização e controle dos serviços desenvolvidos por meio de equipes de abordagem, realizando o mapeamento permanente das situações de risco e/ou violação de direitos que envolvam em especial crianças e adolescentes.</p>



<p><strong>§ 2º</strong>&nbsp;Compete ao Coordenador do Centro Pop, coordenar a gestão, organização e controle dos serviços desenvolvidos no âmbito da unidade e na estruturação e reestruturação dos serviços de acolhimento temporários;</p>

<p>Gerência do Serviço Especializado para Pessoas em Situação de Rua Art. 32.&nbsp;Compete à Gerência do Serviço Especializado para Pessoas em Situação de Rua, unidade integrante da estrutura da Diretoria de Proteção Social Especial, e ao seu titular: I&nbsp;&#8211; planejar, orientar e supervisionar: a)&nbsp;o Serviço Especializado em Abordagem Social (SEAS); b)&nbsp;o Centro de Referência Especializado para [&hellip;]</p>
