{"id":298,"date":"2019-09-05T15:02:27","date_gmt":"2019-09-05T18:02:27","guid":{"rendered":"http:\/\/www12.goiania.go.gov.br\/semas\/?page_id=298"},"modified":"2019-09-11T16:18:05","modified_gmt":"2019-09-11T19:18:05","slug":"gerencia-de-servicos-de-acolhimento","status":"publish","type":"page","link":"https:\/\/www.goiania.go.gov.br\/sedhs\/diretoria-de-protecao-social-especial-2\/media-complexidade\/gerencia-de-servicos-de-acolhimento\/","title":{"rendered":"Ger\u00eancia  de Servi\u00e7os de Acolhimento"},"content":{"rendered":"\n<h2 class=\"wp-block-heading\">Ger\u00eancia de Servi\u00e7os de Acolhimento<\/h2>\n\n\n\n<p><strong>Art. 31.<\/strong>&nbsp;Compete \u00e0 Ger\u00eancia de Servi\u00e7os de Acolhimento, unidade integrante da estrutura da Diretoria de Prote\u00e7\u00e3o Social Especial, e ao seu titular:<\/p>\n\n\n\n<p><strong>I<\/strong>&nbsp;&#8211; planejar, orientar e supervisionar o Servi\u00e7o de Acolhimento Institucional na Unidade de Acolhimento \u201cCasa de Acolhida Cidad\u00e3\u201d juntamente com a coordena\u00e7\u00e3o da Unidade, das pessoas em situa\u00e7\u00e3o e\/ou morador de rua, migrantes e aquelas que receberam alta de hospitais p\u00fablicos de Goi\u00e2nia, possibilitando-lhes o atendimento psicossocial, condi\u00e7\u00f5es de abrigamento, higieniza\u00e7\u00e3o e alimenta\u00e7\u00e3o;<\/p>\n\n\n\n<p><strong>II<\/strong>&nbsp;&#8211; supervisionar e programar, juntamente com a coordena\u00e7\u00e3o, a execu\u00e7\u00e3o das atividades t\u00e9cnicas e administrativas necess\u00e1rias ao pleno funcionamento da Unidade, de modo a assegurar-lhe a qualidade e efici\u00eancia dos servi\u00e7os prestados;<\/p>\n\n\n\n<p><strong>III<\/strong>&nbsp;&#8211; elaborar, juntamente com a equipe t\u00e9cnica, normas internas, instru\u00e7\u00f5es e circulares, visando \u00e0 organiza\u00e7\u00e3o dos servi\u00e7os, observadas as disposi\u00e7\u00f5es legais e regulamentares espec\u00edficas;<\/p>\n\n\n\n<p><strong>IV<\/strong>&nbsp;&#8211; gerir e prestar contas, juntamente com a coordena\u00e7\u00e3o, de todos os recursos humanos, materiais e outros alocados \u00e0s unidades;<\/p>\n\n\n\n<p><strong>V<\/strong>&nbsp;&#8211; planejar, juntamente com a Diretoria de Prote\u00e7\u00e3o Social Especial, a equipe t\u00e9cnica e administrativa necess\u00e1ria ao bom atendimento dos usu\u00e1rios, considerando as especificidades da Casa de Acolhida Cidad\u00e3;<\/p>\n\n\n\n<p><strong>VI<\/strong>&nbsp;&#8211; buscar parcerias que favore\u00e7am o acesso dos usu\u00e1rios dos servi\u00e7os da unidade \u00e0s pol\u00edticas p\u00fablicas, potencializando suas possibilidades de inclus\u00e3o social e familiar;<\/p>\n\n\n\n<p><strong>VII<\/strong>&nbsp;&#8211; assegurar, juntamente com a coordena\u00e7\u00e3o da Unidade, o atendimento em regime de plant\u00e3o permanente, visando atender casos de abrigamentos emergenciais e encaminhamentos necess\u00e1rios;<\/p>\n\n\n\n<p><strong>VIII<\/strong>&nbsp;&#8211; articular com a rede de servi\u00e7os p\u00fablicos, com vistas ao atendimento de pessoas em situa\u00e7\u00e3o de rua ou em mendic\u00e2ncia, para tratamento de sa\u00fade, obten\u00e7\u00e3o de documentos pessoais e moradias tempor\u00e1rias;<\/p>\n\n\n\n<p><strong>IX<\/strong>&nbsp;&#8211; buscar mecanismos para encaminhamento dos usu\u00e1rios da unidade para oficinas de inclus\u00e3o produtiva, com foco na gera\u00e7\u00e3o de renda, garantindo a possibilidade de sua emancipa\u00e7\u00e3o financeira;<\/p>\n\n\n\n<p><strong>X<\/strong>&nbsp;&#8211; buscar o restabelecimento dos v\u00ednculos familiares dos usu\u00e1rios da Unidade, providenciando, quando necess\u00e1rio, passagens para pessoas e\/ou migrantes que decidem retornar \u00e0 cidade de origem, conforme crit\u00e9rios estabelecidos;<\/p>\n\n\n\n<p><strong>XI<\/strong>&nbsp;&#8211; exercer outras atividades correlatas \u00e0s suas atribui\u00e7\u00f5es e \u00e0s que lhes forem determinadas pelo Diretor de Prote\u00e7\u00e3o Social Especial.<\/p>\n\n\n\n<p><strong>Par\u00e1grafo \u00fanico.<\/strong>&nbsp;Compete ao Coordenador da Casa de Acolhida a gest\u00e3o, organiza\u00e7\u00e3o e controle das condi\u00e7\u00f5es de abrigamento, higieniza\u00e7\u00e3o e alimenta\u00e7\u00e3o ofertados no \u00e2mbito da unidade.<\/p>\n\n\n\n<h2 class=\"wp-block-heading\"><strong><\/strong><br>\n\n<\/h2>\n","protected":false},"excerpt":{"rendered":"<p>Ger\u00eancia de Servi\u00e7os de Acolhimento Art. 31.&nbsp;Compete \u00e0 Ger\u00eancia de Servi\u00e7os de Acolhimento, unidade integrante da estrutura da Diretoria de Prote\u00e7\u00e3o Social Especial, e ao seu titular: I&nbsp;&#8211; planejar, orientar e supervisionar o Servi\u00e7o de Acolhimento Institucional na Unidade de Acolhimento \u201cCasa de Acolhida Cidad\u00e3\u201d juntamente com a coordena\u00e7\u00e3o da Unidade, das pessoas em situa\u00e7\u00e3o [&hellip;]<\/p>\n","protected":false},"author":33,"featured_media":0,"parent":172,"menu_order":0,"comment_status":"closed","ping_status":"closed","template":"","meta":{"_acf_changed":false,"custom_icon_class":"","footnotes":""},"class_list":["post-298","page","type-page","status-publish","hentry"],"acf":[],"_links":{"self":[{"href":"https:\/\/www.goiania.go.gov.br\/sedhs\/wp-json\/wp\/v2\/pages\/298","targetHints":{"allow":["GET"]}}],"collection":[{"href":"https:\/\/www.goiania.go.gov.br\/sedhs\/wp-json\/wp\/v2\/pages"}],"about":[{"href":"https:\/\/www.goiania.go.gov.br\/sedhs\/wp-json\/wp\/v2\/types\/page"}],"author":[{"embeddable":true,"href":"https:\/\/www.goiania.go.gov.br\/sedhs\/wp-json\/wp\/v2\/users\/33"}],"replies":[{"embeddable":true,"href":"https:\/\/www.goiania.go.gov.br\/sedhs\/wp-json\/wp\/v2\/comments?post=298"}],"version-history":[{"count":4,"href":"https:\/\/www.goiania.go.gov.br\/sedhs\/wp-json\/wp\/v2\/pages\/298\/revisions"}],"predecessor-version":[{"id":610,"href":"https:\/\/www.goiania.go.gov.br\/sedhs\/wp-json\/wp\/v2\/pages\/298\/revisions\/610"}],"up":[{"embeddable":true,"href":"https:\/\/www.goiania.go.gov.br\/sedhs\/wp-json\/wp\/v2\/pages\/172"}],"wp:attachment":[{"href":"https:\/\/www.goiania.go.gov.br\/sedhs\/wp-json\/wp\/v2\/media?parent=298"}],"curies":[{"name":"wp","href":"https:\/\/api.w.org\/{rel}","templated":true}]}}

Gerência  de Serviços de Acolhimento

<h2 class="wp-block-heading">Gerência de Serviços de Acolhimento</h2>



<p><strong>Art. 31.</strong>&nbsp;Compete à Gerência de Serviços de Acolhimento, unidade integrante da estrutura da Diretoria de Proteção Social Especial, e ao seu titular:</p>



<p><strong>I</strong>&nbsp;&#8211; planejar, orientar e supervisionar o Serviço de Acolhimento Institucional na Unidade de Acolhimento “Casa de Acolhida Cidadã” juntamente com a coordenação da Unidade, das pessoas em situação e/ou morador de rua, migrantes e aquelas que receberam alta de hospitais públicos de Goiânia, possibilitando-lhes o atendimento psicossocial, condições de abrigamento, higienização e alimentação;</p>



<p><strong>II</strong>&nbsp;&#8211; supervisionar e programar, juntamente com a coordenação, a execução das atividades técnicas e administrativas necessárias ao pleno funcionamento da Unidade, de modo a assegurar-lhe a qualidade e eficiência dos serviços prestados;</p>



<p><strong>III</strong>&nbsp;&#8211; elaborar, juntamente com a equipe técnica, normas internas, instruções e circulares, visando à organização dos serviços, observadas as disposições legais e regulamentares específicas;</p>



<p><strong>IV</strong>&nbsp;&#8211; gerir e prestar contas, juntamente com a coordenação, de todos os recursos humanos, materiais e outros alocados às unidades;</p>



<p><strong>V</strong>&nbsp;&#8211; planejar, juntamente com a Diretoria de Proteção Social Especial, a equipe técnica e administrativa necessária ao bom atendimento dos usuários, considerando as especificidades da Casa de Acolhida Cidadã;</p>



<p><strong>VI</strong>&nbsp;&#8211; buscar parcerias que favoreçam o acesso dos usuários dos serviços da unidade às políticas públicas, potencializando suas possibilidades de inclusão social e familiar;</p>



<p><strong>VII</strong>&nbsp;&#8211; assegurar, juntamente com a coordenação da Unidade, o atendimento em regime de plantão permanente, visando atender casos de abrigamentos emergenciais e encaminhamentos necessários;</p>



<p><strong>VIII</strong>&nbsp;&#8211; articular com a rede de serviços públicos, com vistas ao atendimento de pessoas em situação de rua ou em mendicância, para tratamento de saúde, obtenção de documentos pessoais e moradias temporárias;</p>



<p><strong>IX</strong>&nbsp;&#8211; buscar mecanismos para encaminhamento dos usuários da unidade para oficinas de inclusão produtiva, com foco na geração de renda, garantindo a possibilidade de sua emancipação financeira;</p>



<p><strong>X</strong>&nbsp;&#8211; buscar o restabelecimento dos vínculos familiares dos usuários da Unidade, providenciando, quando necessário, passagens para pessoas e/ou migrantes que decidem retornar à cidade de origem, conforme critérios estabelecidos;</p>



<p><strong>XI</strong>&nbsp;&#8211; exercer outras atividades correlatas às suas atribuições e às que lhes forem determinadas pelo Diretor de Proteção Social Especial.</p>



<p><strong>Parágrafo único.</strong>&nbsp;Compete ao Coordenador da Casa de Acolhida a gestão, organização e controle das condições de abrigamento, higienização e alimentação ofertados no âmbito da unidade.</p>



<h2 class="wp-block-heading"><strong></strong><br>

</h2>

<p>Gerência de Serviços de Acolhimento Art. 31.&nbsp;Compete à Gerência de Serviços de Acolhimento, unidade integrante da estrutura da Diretoria de Proteção Social Especial, e ao seu titular: I&nbsp;&#8211; planejar, orientar e supervisionar o Serviço de Acolhimento Institucional na Unidade de Acolhimento “Casa de Acolhida Cidadã” juntamente com a coordenação da Unidade, das pessoas em situação [&hellip;]</p>
