{"id":296,"date":"2019-09-05T15:01:50","date_gmt":"2019-09-05T18:01:50","guid":{"rendered":"http:\/\/www12.goiania.go.gov.br\/semas\/?page_id=296"},"modified":"2019-09-11T16:21:52","modified_gmt":"2019-09-11T19:21:52","slug":"gerencia-de-protecao-social-de-alta-complexidade","status":"publish","type":"page","link":"https:\/\/www.goiania.go.gov.br\/sedhs\/diretoria-de-protecao-social-especial-2\/gerencia-de-protecao-social-de-alta-complexidade\/","title":{"rendered":"Ger\u00eancia de Prote\u00e7\u00e3o Social de Alta Complexidade"},"content":{"rendered":"\n<h2 class=\"wp-block-heading\">Ger\u00eancia de Prote\u00e7\u00e3o Social de Alta Complexidade<\/h2>\n\n\n\n<p><strong>Art. 30.<\/strong>&nbsp;Compete \u00e0 Ger\u00eancia de Prote\u00e7\u00e3o Social de Alta Complexidade, unidade integrante da estrutura da Diretoria de Prote\u00e7\u00e3o Social Especial, e, ao seu titular:<\/p>\n\n\n\n<p><strong>I<\/strong>&nbsp;&#8211; planejar, orientar e supervisionar:<\/p>\n\n\n\n<p><strong>a)<\/strong>&nbsp;o Servi\u00e7o de Acolhimento Institucional\/Unidade de Acolhimento Institucional\/ Residencial Niso Prego;<\/p>\n\n\n\n<p><strong>b)<\/strong>&nbsp;o Servi\u00e7o de Acolhimento Institucional\/Unidade de Acolhimento Institucional\/Complexo 24 Horas &#8211; Casa de Passagem para crian\u00e7as e adolescentes;<\/p>\n\n\n\n<p><strong>c)<\/strong>&nbsp;o Servi\u00e7o de Acolhimento em Fam\u00edlia Acolhedora.<\/p>\n\n\n\n<p><strong>II<\/strong>&nbsp;&#8211; manter interface e construir fluxos locais entre os Servi\u00e7os de Acolhimento, o Servi\u00e7o de Acolhimento em Fam\u00edlia Acolhedora, Conselhos Tutelares, Seguran\u00e7a P\u00fablica, Conselhos de Direitos e o Sistema de Justi\u00e7a (Poder Judici\u00e1rio, Minist\u00e9rio P\u00fablico, Defensoria P\u00fablica), a fim de facilitar a comunica\u00e7\u00e3o, o planejamento e o desenvolvimento de a\u00e7\u00f5es coordenadas;<\/p>\n\n\n\n<p><strong>III<\/strong>&nbsp;&#8211; gerenciar e supervisionar, juntamente com o Coordenador da Unidade de Acolhimento Institucional Residencial Niso Prego:<\/p>\n\n\n\n<p><strong>a)<\/strong>&nbsp;a organiza\u00e7\u00e3o dos servi\u00e7os de acolhimento, abrigamento e de prote\u00e7\u00e3o integral \u00e0s crian\u00e7as com faixa et\u00e1ria entre 0 a 12 anos, em articula\u00e7\u00e3o efetiva com os Conselhos Tutelares e o Juizado da Inf\u00e2ncia e Juventude;<\/p>\n\n\n\n<p><strong>b)<\/strong>&nbsp;o cumprimento das regras de conv\u00edvio, atividades dom\u00e9sticas cotidianas, gerenciamento de despesas e outras medidas administrativas ;<\/p>\n\n\n\n<p><strong>c)<\/strong>&nbsp;o atendimento especializado \u00e0s crian\u00e7as v\u00edtimas de viol\u00eancia sexual, disponibilizando uma equipe t\u00e9cnica para este fim;<\/p>\n\n\n\n<p><strong>d)<\/strong>&nbsp;os contatos das crian\u00e7as com seus familiares, com vistas ao fortalecimento dos v\u00ednculos, salvo determina\u00e7\u00e3o judicial contr\u00e1ria;<\/p>\n\n\n\n<p><strong>e)<\/strong>&nbsp;a sele\u00e7\u00e3o, acolhida, avalia\u00e7\u00e3o, capacita\u00e7\u00e3o, acompanhamento e desligamento das fam\u00edlias acolhedoras, em conjunto com o Coordenador Geral do servi\u00e7o, conforme a&nbsp;<a href=\"https:\/\/www.goiania.go.gov.br\/html\/gabinete_civil\/sileg\/dados\/legis\/2018\/lo_20181105_000010269.html\">Lei 10.269\/2018<\/a>;<\/p>\n\n\n\n<p><strong>f)<\/strong>&nbsp;a prepara\u00e7\u00e3o do acompanhamento psicossocial das fam\u00edlias de origem das crian\u00e7as abrigadas, com vistas \u00e0 reintegra\u00e7\u00e3o familiar;<\/p>\n\n\n\n<p><strong>g)<\/strong>&nbsp;os relat\u00f3rios sobre a situa\u00e7\u00e3o de cada crian\u00e7a e adolescente, encaminhados para a autoridade judici\u00e1ria e Minist\u00e9rio P\u00fablico;<\/p>\n\n\n\n<p><strong>IV<\/strong>&nbsp;&#8211; gerenciar juntamente com o Coordenador da Unidade de Acolhimento Institucional Complexo 24 Horas:<\/p>\n\n\n\n<p><strong>a)<\/strong>&nbsp;o servi\u00e7o de abrigo de passagem, em regime de plant\u00e3o permanente, para o atendimento de crian\u00e7as e adolescentes, em situa\u00e7\u00e3o de rua e, ou drogadi\u00e7\u00e3o, com v\u00ednculos familiares rompidos, inseridos num contexto de vulnerabilidade social;<\/p>\n\n\n\n<p><strong>b)<\/strong>&nbsp;o atendimento especializado nas \u00e1reas de Psicologia e Servi\u00e7o Social, e atividades ocupacionais, culturais, desportivas e de lazer \u00e0s crian\u00e7as e aos adolescentes atendidas no Complexo 24 horas;<\/p>\n\n\n\n<p><strong>c)<\/strong>&nbsp;a garantia do acesso \u00e0 Rede de Servi\u00e7os Socioassistenciais e aos demais \u00f3rg\u00e3os do Sistema de Garantia de Direitos \u00e0s crian\u00e7as e aos adolescentes atendidos pela Unidade;<\/p>\n\n\n\n<p><strong>d)<\/strong>&nbsp;o atendimento, em car\u00e1ter emergencial, \u00e0s crian\u00e7as e aos adolescentes que necessitem de encaminhamento para suas fam\u00edlias e\/ou cidade de origem;<\/p>\n\n\n\n<p><strong>e)<\/strong>&nbsp;o atendimento \u00e0 Central SOS Crian\u00e7a Desaparecida, com intuito de registrar casos de crian\u00e7as e adolescentes desaparecidos e auxiliar em sua localiza\u00e7\u00e3o;<\/p>\n\n\n\n<p><strong>V<\/strong>&nbsp;&#8211; programar e controlar, juntamente com a coordena\u00e7\u00e3o das unidades a execu\u00e7\u00e3o das atividades administrativas necess\u00e1rias ao seu pleno funcionamento, de modo a assegurar-lhe a qualidade e efici\u00eancia dos servi\u00e7os prestados;<\/p>\n\n\n\n<p><strong>VI<\/strong>&nbsp;&#8211; elaborar, juntamente com a equipe t\u00e9cnica, normas internas, instru\u00e7\u00f5es e circulares, visando \u00e0 organiza\u00e7\u00e3o dos servi\u00e7os, observadas as disposi\u00e7\u00f5es legais e regulamentares espec\u00edficas;<\/p>\n\n\n\n<p><strong>VII<\/strong>&nbsp;&#8211; planejar, juntamente com a Diretoria de Prote\u00e7\u00e3o Social Especial, a equipe t\u00e9cnica e administrativa necess\u00e1ria ao bom atendimento dos usu\u00e1rios, considerando as especificidades da Casa de Acolhida Cidad\u00e3;<\/p>\n\n\n\n<p><strong>VIII<\/strong>&nbsp;&#8211; gerir e prestar contas, juntamente com a coordena\u00e7\u00e3o, de todos os recursos humanos, materiais e outros alocados \u00e0s unidades;<\/p>\n\n\n\n<p><strong>IX<\/strong>&nbsp;&#8211; assegurar, juntamente com a coordena\u00e7\u00e3o das unidades o atendimento em regime de plant\u00e3o permanente, visando atender casos de abrigamentos emergenciais e encaminhamentos necess\u00e1rios;<\/p>\n\n\n\n<p><strong>X<\/strong>&nbsp;&#8211; exercer outras atividades correlatas \u00e0s suas atribui\u00e7\u00f5es e \u00e0s que lhe forem determinadas pelo Diretor de Prote\u00e7\u00e3o Social Especial.<\/p>\n\n\n\n<p><strong>\u00a7 1\u00ba<\/strong>&nbsp;Compete ao Coordenador da Unidade de Acolhimento Residencial Professor Niso Prego a gest\u00e3o, organiza\u00e7\u00e3o e controle dos servi\u00e7os de acolhimento, abrigamento e de prote\u00e7\u00e3o integral \u00e0s crian\u00e7as abrigadas na unidade.<\/p>\n\n\n\n<p><strong>\u00a7 2\u00ba<\/strong>&nbsp;Compete ao Coordenador da Unidade de Atendimento &#8220;Complexo 24 horas&#8221; a gest\u00e3o, organiza\u00e7\u00e3o e o controle do servi\u00e7o de abrigo de passagem, em regime de plant\u00e3o permanente, para o atendimento de crian\u00e7as e adolescentes, em situa\u00e7\u00e3o de rua e, ou drogadi\u00e7\u00e3o, com v\u00ednculos familiares rompidos, inseridos num contexto de vulnerabilidade social.<\/p>\n\n\n\n<p><strong>\u00a7 3\u00ba<\/strong>&nbsp;Compete ao Coordenador Geral do Servi\u00e7o de Acolhimento em Fam\u00edlia Acolhedora, juntamente com a respons\u00e1vel pela Unidade de Acolhimento Residencial Professor Niso Prego, a coordena\u00e7\u00e3o das a\u00e7\u00f5es relativas \u00e0 sele\u00e7\u00e3o, acolhida, avalia\u00e7\u00e3o, capacita\u00e7\u00e3o, acompanhamento e desligamento das fam\u00edlias acolhedoras, em conson\u00e2ncia com a&nbsp;<a href=\"https:\/\/www.goiania.go.gov.br\/html\/gabinete_civil\/sileg\/dados\/legis\/2018\/lo_20181105_000010269.html\">Lei 10.269\/2018<\/a>.<\/p>\n","protected":false},"excerpt":{"rendered":"<p>Ger\u00eancia de Prote\u00e7\u00e3o Social de Alta Complexidade Art. 30.&nbsp;Compete \u00e0 Ger\u00eancia de Prote\u00e7\u00e3o Social de Alta Complexidade, unidade integrante da estrutura da Diretoria de Prote\u00e7\u00e3o Social Especial, e, ao seu titular: I&nbsp;&#8211; planejar, orientar e supervisionar: a)&nbsp;o Servi\u00e7o de Acolhimento Institucional\/Unidade de Acolhimento Institucional\/ Residencial Niso Prego; b)&nbsp;o Servi\u00e7o de Acolhimento Institucional\/Unidade de Acolhimento Institucional\/Complexo [&hellip;]<\/p>\n","protected":false},"author":33,"featured_media":0,"parent":169,"menu_order":5,"comment_status":"closed","ping_status":"closed","template":"","meta":{"_acf_changed":false,"custom_icon_class":"","footnotes":""},"class_list":["post-296","page","type-page","status-publish","hentry"],"acf":[],"_links":{"self":[{"href":"https:\/\/www.goiania.go.gov.br\/sedhs\/wp-json\/wp\/v2\/pages\/296","targetHints":{"allow":["GET"]}}],"collection":[{"href":"https:\/\/www.goiania.go.gov.br\/sedhs\/wp-json\/wp\/v2\/pages"}],"about":[{"href":"https:\/\/www.goiania.go.gov.br\/sedhs\/wp-json\/wp\/v2\/types\/page"}],"author":[{"embeddable":true,"href":"https:\/\/www.goiania.go.gov.br\/sedhs\/wp-json\/wp\/v2\/users\/33"}],"replies":[{"embeddable":true,"href":"https:\/\/www.goiania.go.gov.br\/sedhs\/wp-json\/wp\/v2\/comments?post=296"}],"version-history":[{"count":3,"href":"https:\/\/www.goiania.go.gov.br\/sedhs\/wp-json\/wp\/v2\/pages\/296\/revisions"}],"predecessor-version":[{"id":615,"href":"https:\/\/www.goiania.go.gov.br\/sedhs\/wp-json\/wp\/v2\/pages\/296\/revisions\/615"}],"up":[{"embeddable":true,"href":"https:\/\/www.goiania.go.gov.br\/sedhs\/wp-json\/wp\/v2\/pages\/169"}],"wp:attachment":[{"href":"https:\/\/www.goiania.go.gov.br\/sedhs\/wp-json\/wp\/v2\/media?parent=296"}],"curies":[{"name":"wp","href":"https:\/\/api.w.org\/{rel}","templated":true}]}}

Gerência de Proteção Social de Alta Complexidade

<h2 class="wp-block-heading">Gerência de Proteção Social de Alta Complexidade</h2>



<p><strong>Art. 30.</strong>&nbsp;Compete à Gerência de Proteção Social de Alta Complexidade, unidade integrante da estrutura da Diretoria de Proteção Social Especial, e, ao seu titular:</p>



<p><strong>I</strong>&nbsp;&#8211; planejar, orientar e supervisionar:</p>



<p><strong>a)</strong>&nbsp;o Serviço de Acolhimento Institucional/Unidade de Acolhimento Institucional/ Residencial Niso Prego;</p>



<p><strong>b)</strong>&nbsp;o Serviço de Acolhimento Institucional/Unidade de Acolhimento Institucional/Complexo 24 Horas &#8211; Casa de Passagem para crianças e adolescentes;</p>



<p><strong>c)</strong>&nbsp;o Serviço de Acolhimento em Família Acolhedora.</p>



<p><strong>II</strong>&nbsp;&#8211; manter interface e construir fluxos locais entre os Serviços de Acolhimento, o Serviço de Acolhimento em Família Acolhedora, Conselhos Tutelares, Segurança Pública, Conselhos de Direitos e o Sistema de Justiça (Poder Judiciário, Ministério Público, Defensoria Pública), a fim de facilitar a comunicação, o planejamento e o desenvolvimento de ações coordenadas;</p>



<p><strong>III</strong>&nbsp;&#8211; gerenciar e supervisionar, juntamente com o Coordenador da Unidade de Acolhimento Institucional Residencial Niso Prego:</p>



<p><strong>a)</strong>&nbsp;a organização dos serviços de acolhimento, abrigamento e de proteção integral às crianças com faixa etária entre 0 a 12 anos, em articulação efetiva com os Conselhos Tutelares e o Juizado da Infância e Juventude;</p>



<p><strong>b)</strong>&nbsp;o cumprimento das regras de convívio, atividades domésticas cotidianas, gerenciamento de despesas e outras medidas administrativas ;</p>



<p><strong>c)</strong>&nbsp;o atendimento especializado às crianças vítimas de violência sexual, disponibilizando uma equipe técnica para este fim;</p>



<p><strong>d)</strong>&nbsp;os contatos das crianças com seus familiares, com vistas ao fortalecimento dos vínculos, salvo determinação judicial contrária;</p>



<p><strong>e)</strong>&nbsp;a seleção, acolhida, avaliação, capacitação, acompanhamento e desligamento das famílias acolhedoras, em conjunto com o Coordenador Geral do serviço, conforme a&nbsp;<a href="https://www.goiania.go.gov.br/html/gabinete_civil/sileg/dados/legis/2018/lo_20181105_000010269.html">Lei 10.269/2018</a>;</p>



<p><strong>f)</strong>&nbsp;a preparação do acompanhamento psicossocial das famílias de origem das crianças abrigadas, com vistas à reintegração familiar;</p>



<p><strong>g)</strong>&nbsp;os relatórios sobre a situação de cada criança e adolescente, encaminhados para a autoridade judiciária e Ministério Público;</p>



<p><strong>IV</strong>&nbsp;&#8211; gerenciar juntamente com o Coordenador da Unidade de Acolhimento Institucional Complexo 24 Horas:</p>



<p><strong>a)</strong>&nbsp;o serviço de abrigo de passagem, em regime de plantão permanente, para o atendimento de crianças e adolescentes, em situação de rua e, ou drogadição, com vínculos familiares rompidos, inseridos num contexto de vulnerabilidade social;</p>



<p><strong>b)</strong>&nbsp;o atendimento especializado nas áreas de Psicologia e Serviço Social, e atividades ocupacionais, culturais, desportivas e de lazer às crianças e aos adolescentes atendidas no Complexo 24 horas;</p>



<p><strong>c)</strong>&nbsp;a garantia do acesso à Rede de Serviços Socioassistenciais e aos demais órgãos do Sistema de Garantia de Direitos às crianças e aos adolescentes atendidos pela Unidade;</p>



<p><strong>d)</strong>&nbsp;o atendimento, em caráter emergencial, às crianças e aos adolescentes que necessitem de encaminhamento para suas famílias e/ou cidade de origem;</p>



<p><strong>e)</strong>&nbsp;o atendimento à Central SOS Criança Desaparecida, com intuito de registrar casos de crianças e adolescentes desaparecidos e auxiliar em sua localização;</p>



<p><strong>V</strong>&nbsp;&#8211; programar e controlar, juntamente com a coordenação das unidades a execução das atividades administrativas necessárias ao seu pleno funcionamento, de modo a assegurar-lhe a qualidade e eficiência dos serviços prestados;</p>



<p><strong>VI</strong>&nbsp;&#8211; elaborar, juntamente com a equipe técnica, normas internas, instruções e circulares, visando à organização dos serviços, observadas as disposições legais e regulamentares específicas;</p>



<p><strong>VII</strong>&nbsp;&#8211; planejar, juntamente com a Diretoria de Proteção Social Especial, a equipe técnica e administrativa necessária ao bom atendimento dos usuários, considerando as especificidades da Casa de Acolhida Cidadã;</p>



<p><strong>VIII</strong>&nbsp;&#8211; gerir e prestar contas, juntamente com a coordenação, de todos os recursos humanos, materiais e outros alocados às unidades;</p>



<p><strong>IX</strong>&nbsp;&#8211; assegurar, juntamente com a coordenação das unidades o atendimento em regime de plantão permanente, visando atender casos de abrigamentos emergenciais e encaminhamentos necessários;</p>



<p><strong>X</strong>&nbsp;&#8211; exercer outras atividades correlatas às suas atribuições e às que lhe forem determinadas pelo Diretor de Proteção Social Especial.</p>



<p><strong>§ 1º</strong>&nbsp;Compete ao Coordenador da Unidade de Acolhimento Residencial Professor Niso Prego a gestão, organização e controle dos serviços de acolhimento, abrigamento e de proteção integral às crianças abrigadas na unidade.</p>



<p><strong>§ 2º</strong>&nbsp;Compete ao Coordenador da Unidade de Atendimento &#8220;Complexo 24 horas&#8221; a gestão, organização e o controle do serviço de abrigo de passagem, em regime de plantão permanente, para o atendimento de crianças e adolescentes, em situação de rua e, ou drogadição, com vínculos familiares rompidos, inseridos num contexto de vulnerabilidade social.</p>



<p><strong>§ 3º</strong>&nbsp;Compete ao Coordenador Geral do Serviço de Acolhimento em Família Acolhedora, juntamente com a responsável pela Unidade de Acolhimento Residencial Professor Niso Prego, a coordenação das ações relativas à seleção, acolhida, avaliação, capacitação, acompanhamento e desligamento das famílias acolhedoras, em consonância com a&nbsp;<a href="https://www.goiania.go.gov.br/html/gabinete_civil/sileg/dados/legis/2018/lo_20181105_000010269.html">Lei 10.269/2018</a>.</p>

<p>Gerência de Proteção Social de Alta Complexidade Art. 30.&nbsp;Compete à Gerência de Proteção Social de Alta Complexidade, unidade integrante da estrutura da Diretoria de Proteção Social Especial, e, ao seu titular: I&nbsp;&#8211; planejar, orientar e supervisionar: a)&nbsp;o Serviço de Acolhimento Institucional/Unidade de Acolhimento Institucional/ Residencial Niso Prego; b)&nbsp;o Serviço de Acolhimento Institucional/Unidade de Acolhimento Institucional/Complexo [&hellip;]</p>
