{"id":294,"date":"2019-09-05T15:01:05","date_gmt":"2019-09-05T18:01:05","guid":{"rendered":"http:\/\/www12.goiania.go.gov.br\/semas\/?page_id=294"},"modified":"2019-09-09T09:50:09","modified_gmt":"2019-09-09T12:50:09","slug":"gerencia-de-protecao-social-de-media-complexidade","status":"publish","type":"page","link":"https:\/\/www.goiania.go.gov.br\/sedhs\/diretoria-de-protecao-social-especial-2\/gerencia-de-protecao-social-de-media-complexidade\/","title":{"rendered":"Ger\u00eancia de Prote\u00e7\u00e3o Social de M\u00e9dia Complexidade"},"content":{"rendered":"\n<h2 class=\"wp-block-heading\">Ger\u00eancia de Prote\u00e7\u00e3o Social de M\u00e9dia Complexidade<\/h2>\n\n\n\n<p><strong>Art. 29.<\/strong>&nbsp;Compete \u00e0 Ger\u00eancia de Prote\u00e7\u00e3o Social de M\u00e9dia Complexidade, unidade integrante da estrutura da Diretoria de Prote\u00e7\u00e3o Social Especial, e, ao seu titular:<\/p>\n\n\n\n<p><strong>I<\/strong>&nbsp;&#8211; planejar, orientar e supervisionar no \u00e2mbito dos Centros de Refer\u00eancia Especializados de Assist\u00eancia Social (CREAS):<\/p>\n\n\n\n<p><strong>a)<\/strong>&nbsp;o Servi\u00e7o de Prote\u00e7\u00e3o e Atendimento Especializado a Fam\u00edlias e Indiv\u00edduos (PAEFI);<\/p>\n\n\n\n<p><strong>b)<\/strong>&nbsp;o Servi\u00e7o de Prote\u00e7\u00e3o Social Especial para Pessoas com Defici\u00eancia, Idosas e suas Fam\u00edlias;<\/p>\n\n\n\n<p><strong>c)<\/strong>&nbsp;as A\u00e7\u00f5es Estrat\u00e9gicas do Trabalho Infantil\/Programa de Erradica\u00e7\u00e3o do Trabalho Infantil (PETI);<\/p>\n\n\n\n<p><strong>d)<\/strong>&nbsp;o Servi\u00e7o de Prote\u00e7\u00e3o Social a Adolescente em Cumprimento de Medida Socioeducativa (MSE), de Liberdade Assistida (LA) e de Presta\u00e7\u00e3o de Servi\u00e7os \u00e0 Comunidade (PSC);<\/p>\n\n\n\n<p><strong>II<\/strong>&nbsp;&#8211; desenvolver a gest\u00e3o t\u00e9cnica e administrativa, o planejamento, monitoramento e avalia\u00e7\u00e3o das a\u00e7\u00f5es, a organiza\u00e7\u00e3o e execu\u00e7\u00e3o direta do trabalho social dos servi\u00e7os ofertados nos CREAS e o relacionamento cotidiano com a rede e o registro de informa\u00e7\u00f5es;<\/p>\n\n\n\n<p><strong>III<\/strong>&nbsp;&#8211; manter articula\u00e7\u00e3o com os servi\u00e7os da prote\u00e7\u00e3o social b\u00e1sica e especial, e demais pol\u00edticas p\u00fablicas, institui\u00e7\u00f5es particulares e outros \u00f3rg\u00e3os do Sistema de Garantia de Direitos que desenvolvem a\u00e7\u00f5es de atendimento e apoio especializado a indiv\u00edduos e fam\u00edlias com direitos violados;<\/p>\n\n\n\n<p><strong>IV<\/strong>&nbsp;&#8211; coordenar a elabora\u00e7\u00e3o de fluxos de articula\u00e7\u00e3o e protocolos intersetoriais de atendimento nas unidades referenciadas e rede do Servi\u00e7o de Prote\u00e7\u00e3o e Atendimento Especializado a Fam\u00edlias e Indiv\u00edduos (PAEFI);<\/p>\n\n\n\n<p><strong>V<\/strong>&nbsp;&#8211; prestar as informa\u00e7\u00f5es solicitadas para alimenta\u00e7\u00e3o do Censo SUAS\/CREAS e para manuten\u00e7\u00e3o dos dados necess\u00e1rios para a elabora\u00e7\u00e3o dos relat\u00f3rios e planos sob sua responsabilidade;<\/p>\n\n\n\n<p><strong>VI<\/strong>&nbsp;&#8211; supervisionar o atendimento \u00e0 pessoa idosa, crian\u00e7as e adolescentes, e suas fam\u00edlias, com foco na garantia de seus direitos, assegurados no Estatuto da Crian\u00e7a e do Adolescente (ECA), no Estatuto do Idoso, na LOAS e demais legisla\u00e7\u00f5es;<\/p>\n\n\n\n<p><strong>VII<\/strong>&nbsp;&#8211; acompanhar a execu\u00e7\u00e3o do Programa de Erradica\u00e7\u00e3o do Trabalho Infantil (PETI);<\/p>\n\n\n\n<p><strong>VIII<\/strong>&nbsp;&#8211; desenvolver estrat\u00e9gias para promover a inclus\u00e3o no Cad\u00danico das fam\u00edlias usu\u00e1rias do PETI com benef\u00edcios financeiros operacionalizados mediante conv\u00eanio firmado pelo FNAS;<\/p>\n\n\n\n<p><strong>IX<\/strong>&nbsp;&#8211; analisar as demandas de bloqueio ou de cancelamento de benef\u00edcios financeiros do PETI oriundas das inst\u00e2ncias de gest\u00e3o, participa\u00e7\u00e3o ou controle social;<\/p>\n\n\n\n<p><strong>X<\/strong>&nbsp;&#8211; orientar as equipes t\u00e9cnicas dos CREAS quanto a forma\u00e7\u00e3o de grupos de familiares de usu\u00e1rios do PETI;<\/p>\n\n\n\n<p><strong>XI<\/strong>&nbsp;&#8211; orientar as equipes t\u00e9cnicas dos CREAS para a oferta de atividades socioeducativas e de conviv\u00eancia para as fam\u00edlias em situa\u00e7\u00e3o de trabalho infantil benefici\u00e1rias do PBF ou usu\u00e1rias do PETI, segundo a legisla\u00e7\u00e3o vigente;<\/p>\n\n\n\n<p><strong>XII<\/strong>&nbsp;&#8211; monitorar, por meio do cadastro e do acompanhamento direto das crian\u00e7as e adolescentes inseridos no atendimento socioeducativo, o cumprimento das condicionalidades para o repasse do PETI;<\/p>\n\n\n\n<p><strong>XIII<\/strong>&nbsp;&#8211; articular as a\u00e7\u00f5es de atendimento da rede socioassistencial e o Poder Judici\u00e1rio na execu\u00e7\u00e3o do Servi\u00e7o de Prote\u00e7\u00e3o Social a Adolescente em Cumprimento de Medida Socioeducativa (MSE), de Liberdade Assistida (LA) e de Presta\u00e7\u00e3o de Servi\u00e7os \u00e0 Comunidade (PSC);<\/p>\n\n\n\n<p><strong>XIV<\/strong>&nbsp;&#8211; efetivar parcerias com \u00f3rg\u00e3os e entidades, buscando realizar os encaminhamentos necess\u00e1rios ao cumprimento das medidas socioeducativas aplicadas, em atendimento aos princ\u00edpios e diretrizes do Estatuto da Crian\u00e7a e do Adolescente \u2013 E.C.A.;<\/p>\n\n\n\n<p><strong>XV<\/strong>&nbsp;&#8211; manter cadastro atualizado dos equipamentos sociais dispon\u00edveis para o encaminhamento dos adolescentes em cumprimento das medidas, possibilitando o acompanhamento sistematizado pela equipe profissional respons\u00e1vel;<\/p>\n\n\n\n<p><strong>XVI<\/strong>&nbsp;&#8211; exercer outras atividades correlatas \u00e0s suas atribui\u00e7\u00f5es e \u00e0s que lhe forem determinadas pelo Diretor de Prote\u00e7\u00e3o Social Especial.<\/p>\n\n\n\n<p><strong>\u00a7 1\u00ba<\/strong>&nbsp;A prote\u00e7\u00e3o especial de m\u00e9dia complexidade \u00e9 coordenada e articulada nos Centros de Refer\u00eancia Especializados de Assist\u00eancia Social (CREAS), unidade p\u00fablica que se constitui Polo de Refer\u00eancia para a oferta dos servi\u00e7os especializados de car\u00e1ter continuado para fam\u00edlias e indiv\u00edduos, em situa\u00e7\u00e3o de risco pessoal e social por viola\u00e7\u00e3o de direitos, conforme disp\u00f5e a tipifica\u00e7\u00e3o nacional de servi\u00e7os s\u00f3cio-assistenciais.<\/p>\n\n\n\n<p><strong>\u00a7 2\u00ba<\/strong>&nbsp;Compete aos coordenadores dos Centros de Refer\u00eancia Especializados de Assist\u00eancia Social \u2013 CREAS a gest\u00e3o, organiza\u00e7\u00e3o e controle das atividades administrativas e t\u00e9cnicas, os processos de trabalho e os recursos humanos da Unidade, bem como do fluxo de entrada, acolhida, acompanhamento, encaminhamento e desligamento das fam\u00edlias e indiv\u00edduos atendidos na unidade.<\/p>\n","protected":false},"excerpt":{"rendered":"<p>Ger\u00eancia de Prote\u00e7\u00e3o Social de M\u00e9dia Complexidade Art. 29.&nbsp;Compete \u00e0 Ger\u00eancia de Prote\u00e7\u00e3o Social de M\u00e9dia Complexidade, unidade integrante da estrutura da Diretoria de Prote\u00e7\u00e3o Social Especial, e, ao seu titular: I&nbsp;&#8211; planejar, orientar e supervisionar no \u00e2mbito dos Centros de Refer\u00eancia Especializados de Assist\u00eancia Social (CREAS): a)&nbsp;o Servi\u00e7o de Prote\u00e7\u00e3o e Atendimento Especializado a [&hellip;]<\/p>\n","protected":false},"author":33,"featured_media":0,"parent":169,"menu_order":3,"comment_status":"closed","ping_status":"closed","template":"","meta":{"_acf_changed":false,"custom_icon_class":"","footnotes":""},"class_list":["post-294","page","type-page","status-publish","hentry"],"acf":[],"_links":{"self":[{"href":"https:\/\/www.goiania.go.gov.br\/sedhs\/wp-json\/wp\/v2\/pages\/294","targetHints":{"allow":["GET"]}}],"collection":[{"href":"https:\/\/www.goiania.go.gov.br\/sedhs\/wp-json\/wp\/v2\/pages"}],"about":[{"href":"https:\/\/www.goiania.go.gov.br\/sedhs\/wp-json\/wp\/v2\/types\/page"}],"author":[{"embeddable":true,"href":"https:\/\/www.goiania.go.gov.br\/sedhs\/wp-json\/wp\/v2\/users\/33"}],"replies":[{"embeddable":true,"href":"https:\/\/www.goiania.go.gov.br\/sedhs\/wp-json\/wp\/v2\/comments?post=294"}],"version-history":[{"count":4,"href":"https:\/\/www.goiania.go.gov.br\/sedhs\/wp-json\/wp\/v2\/pages\/294\/revisions"}],"predecessor-version":[{"id":518,"href":"https:\/\/www.goiania.go.gov.br\/sedhs\/wp-json\/wp\/v2\/pages\/294\/revisions\/518"}],"up":[{"embeddable":true,"href":"https:\/\/www.goiania.go.gov.br\/sedhs\/wp-json\/wp\/v2\/pages\/169"}],"wp:attachment":[{"href":"https:\/\/www.goiania.go.gov.br\/sedhs\/wp-json\/wp\/v2\/media?parent=294"}],"curies":[{"name":"wp","href":"https:\/\/api.w.org\/{rel}","templated":true}]}}

Gerência de Proteção Social de Média Complexidade

<h2 class="wp-block-heading">Gerência de Proteção Social de Média Complexidade</h2>



<p><strong>Art. 29.</strong>&nbsp;Compete à Gerência de Proteção Social de Média Complexidade, unidade integrante da estrutura da Diretoria de Proteção Social Especial, e, ao seu titular:</p>



<p><strong>I</strong>&nbsp;&#8211; planejar, orientar e supervisionar no âmbito dos Centros de Referência Especializados de Assistência Social (CREAS):</p>



<p><strong>a)</strong>&nbsp;o Serviço de Proteção e Atendimento Especializado a Famílias e Indivíduos (PAEFI);</p>



<p><strong>b)</strong>&nbsp;o Serviço de Proteção Social Especial para Pessoas com Deficiência, Idosas e suas Famílias;</p>



<p><strong>c)</strong>&nbsp;as Ações Estratégicas do Trabalho Infantil/Programa de Erradicação do Trabalho Infantil (PETI);</p>



<p><strong>d)</strong>&nbsp;o Serviço de Proteção Social a Adolescente em Cumprimento de Medida Socioeducativa (MSE), de Liberdade Assistida (LA) e de Prestação de Serviços à Comunidade (PSC);</p>



<p><strong>II</strong>&nbsp;&#8211; desenvolver a gestão técnica e administrativa, o planejamento, monitoramento e avaliação das ações, a organização e execução direta do trabalho social dos serviços ofertados nos CREAS e o relacionamento cotidiano com a rede e o registro de informações;</p>



<p><strong>III</strong>&nbsp;&#8211; manter articulação com os serviços da proteção social básica e especial, e demais políticas públicas, instituições particulares e outros órgãos do Sistema de Garantia de Direitos que desenvolvem ações de atendimento e apoio especializado a indivíduos e famílias com direitos violados;</p>



<p><strong>IV</strong>&nbsp;&#8211; coordenar a elaboração de fluxos de articulação e protocolos intersetoriais de atendimento nas unidades referenciadas e rede do Serviço de Proteção e Atendimento Especializado a Famílias e Indivíduos (PAEFI);</p>



<p><strong>V</strong>&nbsp;&#8211; prestar as informações solicitadas para alimentação do Censo SUAS/CREAS e para manutenção dos dados necessários para a elaboração dos relatórios e planos sob sua responsabilidade;</p>



<p><strong>VI</strong>&nbsp;&#8211; supervisionar o atendimento à pessoa idosa, crianças e adolescentes, e suas famílias, com foco na garantia de seus direitos, assegurados no Estatuto da Criança e do Adolescente (ECA), no Estatuto do Idoso, na LOAS e demais legislações;</p>



<p><strong>VII</strong>&nbsp;&#8211; acompanhar a execução do Programa de Erradicação do Trabalho Infantil (PETI);</p>



<p><strong>VIII</strong>&nbsp;&#8211; desenvolver estratégias para promover a inclusão no CadÚnico das famílias usuárias do PETI com benefícios financeiros operacionalizados mediante convênio firmado pelo FNAS;</p>



<p><strong>IX</strong>&nbsp;&#8211; analisar as demandas de bloqueio ou de cancelamento de benefícios financeiros do PETI oriundas das instâncias de gestão, participação ou controle social;</p>



<p><strong>X</strong>&nbsp;&#8211; orientar as equipes técnicas dos CREAS quanto a formação de grupos de familiares de usuários do PETI;</p>



<p><strong>XI</strong>&nbsp;&#8211; orientar as equipes técnicas dos CREAS para a oferta de atividades socioeducativas e de convivência para as famílias em situação de trabalho infantil beneficiárias do PBF ou usuárias do PETI, segundo a legislação vigente;</p>



<p><strong>XII</strong>&nbsp;&#8211; monitorar, por meio do cadastro e do acompanhamento direto das crianças e adolescentes inseridos no atendimento socioeducativo, o cumprimento das condicionalidades para o repasse do PETI;</p>



<p><strong>XIII</strong>&nbsp;&#8211; articular as ações de atendimento da rede socioassistencial e o Poder Judiciário na execução do Serviço de Proteção Social a Adolescente em Cumprimento de Medida Socioeducativa (MSE), de Liberdade Assistida (LA) e de Prestação de Serviços à Comunidade (PSC);</p>



<p><strong>XIV</strong>&nbsp;&#8211; efetivar parcerias com órgãos e entidades, buscando realizar os encaminhamentos necessários ao cumprimento das medidas socioeducativas aplicadas, em atendimento aos princípios e diretrizes do Estatuto da Criança e do Adolescente – E.C.A.;</p>



<p><strong>XV</strong>&nbsp;&#8211; manter cadastro atualizado dos equipamentos sociais disponíveis para o encaminhamento dos adolescentes em cumprimento das medidas, possibilitando o acompanhamento sistematizado pela equipe profissional responsável;</p>



<p><strong>XVI</strong>&nbsp;&#8211; exercer outras atividades correlatas às suas atribuições e às que lhe forem determinadas pelo Diretor de Proteção Social Especial.</p>



<p><strong>§ 1º</strong>&nbsp;A proteção especial de média complexidade é coordenada e articulada nos Centros de Referência Especializados de Assistência Social (CREAS), unidade pública que se constitui Polo de Referência para a oferta dos serviços especializados de caráter continuado para famílias e indivíduos, em situação de risco pessoal e social por violação de direitos, conforme dispõe a tipificação nacional de serviços sócio-assistenciais.</p>



<p><strong>§ 2º</strong>&nbsp;Compete aos coordenadores dos Centros de Referência Especializados de Assistência Social – CREAS a gestão, organização e controle das atividades administrativas e técnicas, os processos de trabalho e os recursos humanos da Unidade, bem como do fluxo de entrada, acolhida, acompanhamento, encaminhamento e desligamento das famílias e indivíduos atendidos na unidade.</p>

<p>Gerência de Proteção Social de Média Complexidade Art. 29.&nbsp;Compete à Gerência de Proteção Social de Média Complexidade, unidade integrante da estrutura da Diretoria de Proteção Social Especial, e, ao seu titular: I&nbsp;&#8211; planejar, orientar e supervisionar no âmbito dos Centros de Referência Especializados de Assistência Social (CREAS): a)&nbsp;o Serviço de Proteção e Atendimento Especializado a [&hellip;]</p>
