{"id":232,"date":"2019-09-05T13:52:28","date_gmt":"2019-09-05T16:52:28","guid":{"rendered":"http:\/\/www12.goiania.go.gov.br\/semas\/?page_id=232"},"modified":"2019-09-11T11:05:08","modified_gmt":"2019-09-11T14:05:08","slug":"programa-crianca-feliz","status":"publish","type":"page","link":"https:\/\/www.goiania.go.gov.br\/sedhs\/diretoria-de-protecao-social-basica\/cadunico-cadastro-unico\/programa-crianca-feliz\/","title":{"rendered":"Programa Crian\u00e7a Feliz"},"content":{"rendered":"\n<h1 class=\"wp-block-heading\">O QUE \u00c9?<\/h1>\n\n\n\n<p><\/p>\n\n\n\n<p>Todo mundo torce para que seu beb\u00ea se transforme em um vencedor na vida. Estimular as crian\u00e7as corretamente desde o come\u00e7o \u00e9 a melhor maneira de garantir essa vit\u00f3ria.<\/p>\n\n\n\n<p>O Programa Crian\u00e7a Feliz surge como uma importante ferramenta para que fam\u00edlias com crian\u00e7as entre zero e seis anos ofere\u00e7am a seus pequenos meios para promover seu desenvolvimento integral.<\/p>\n\n\n\n<p>\u00c9 uma estrat\u00e9gia alinhada ao Marco legal da Primeira Inf\u00e2ncia que traz as diretrizes para a formula\u00e7\u00e3o e a implementa\u00e7\u00e3o de pol\u00edticas p\u00fablicas para a primeira inf\u00e2ncia em aten\u00e7\u00e3o \u00e0 especificidade e \u00e0 relev\u00e2ncia dos primeiros anos de vida no desenvolvimento infantil e no desenvolvimento do ser humano.<\/p>\n\n\n\n<p>Foi institu\u00eddo por meio do&nbsp;<a href=\"http:\/\/www.mds.gov.br\/cnas\/legislacao\/decretos\/arquivos\/decreto-8-869-05-10-2016.pdf\/download\" target=\"_blank\" rel=\"noreferrer noopener\">Decreto n\u00ba 8.869, de 5 de outubro de 2016<\/a>,&nbsp;e alterado pelo&nbsp;<a href=\"http:\/\/www.planalto.gov.br\/ccivil_03\/_ato2015-2018\/2018\/decreto\/D9579.htm\" target=\"_blank\" rel=\"noreferrer noopener\">Decreto n\u00ba 9.579, de 22 de novembro de 2018<\/a>, de car\u00e1ter intersetorial e com a finalidade de promover o desenvolvimento integral das crian\u00e7as na primeira inf\u00e2ncia, considerando sua fam\u00edlia e seu contexto de vida.<\/p>\n\n\n\n<p>.<\/p>\n\n\n\n<hr class=\"wp-block-separator\" \/>\n\n\n\n<h1 class=\"wp-block-heading\"><strong>OBJETIVOS DO PROGRAMA<\/strong><\/h1>\n\n\n\n<p><\/p>\n\n\n\n<p>&nbsp;<br>o Promover o desenvolvimento humano a partir do apoio e do acompanhamento do desenvolvimento infantil integral na primeira inf\u00e2ncia;<br>o Apoiar a gestante e a fam\u00edlia na prepara\u00e7\u00e3o para o nascimento e nos cuidados perinatais;<br>o Colaborar no exerc\u00edcio da parentalidade, fortalecendo os v\u00ednculos e o papel das fam\u00edlias para o desempenho da fun\u00e7\u00e3o de cuidado, prote\u00e7\u00e3o e educa\u00e7\u00e3o de crian\u00e7as na faixa et\u00e1ria de at\u00e9 seis anos de idade;<br>o Mediar o acesso da gestante, das crian\u00e7as na primeira inf\u00e2ncia e das suas fam\u00edlias \u00e0s pol\u00edticas e servi\u00e7os p\u00fablicos de que necessitem;<br>o Integrar, ampliar e fortalecer a\u00e7\u00f5es de pol\u00edticas p\u00fablicas voltadas para as gestantes, crian\u00e7as na primeira inf\u00e2ncia e suas fam\u00edlias<\/p>\n\n\n\n<hr class=\"wp-block-separator\" \/>\n\n\n\n<h1 class=\"wp-block-heading\"><strong><br>A QUEM O PROGRAMA CRIAN\u00c7A FELIZ SE DESTINA?<\/strong><\/h1>\n\n\n\n<p><\/p>\n\n\n\n<p>O Crian\u00e7a Feliz tem como p\u00fablico priorit\u00e1rio:<\/p>\n\n\n\n<p>a)&nbsp;&nbsp;&nbsp;&nbsp;&nbsp;&nbsp;&nbsp; gestantes, crian\u00e7as de at\u00e9 3 (tr\u00eas) anos e suas fam\u00edlias benefici\u00e1rias do Bolsa Fam\u00edlia;<\/p>\n\n\n\n<p>b)&nbsp;&nbsp;&nbsp;&nbsp;&nbsp;&nbsp;&nbsp; crian\u00e7as de at\u00e9 6 (seis) anos e suas fam\u00edlias benefici\u00e1rias do BPC2;<\/p>\n\n\n\n<p>c)&nbsp;&nbsp;&nbsp;&nbsp;&nbsp;&nbsp;&nbsp;&nbsp; crian\u00e7as de at\u00e9 6 (seis) anos afastadas do conv\u00edvio familiar em raz\u00e3o da aplica\u00e7\u00e3o de medida protetiva prevista no Estatuto da Crian\u00e7a e do Adolescente.<\/p>\n\n\n\n<hr class=\"wp-block-separator\" \/>\n\n\n\n<h1 class=\"wp-block-heading\"><strong><br>QUAIS S\u00c3O OS EIXOS DO PROGRAMA CRIAN\u00c7A FELIZ?<\/strong><\/h1>\n\n\n\n<figure class=\"wp-block-image\"><img decoding=\"async\" src=\"http:\/\/www.mds.gov.br\/webarquivos\/arquivo\/crianca_feliz\/Encarte\/banners\/o%20que%20e.PNG\" alt=\"\" \/><\/figure>\n\n\n\n<hr class=\"wp-block-separator\" \/>\n\n\n\n<h1 class=\"wp-block-heading\"><strong><br>COMO O PROGRAMA CRIAN\u00c7A FELIZ&nbsp;<br>CHEGA AT\u00c9 OS BENEFICI\u00c1RIOS?<\/strong><\/h1>\n\n\n\n<p><\/p>\n\n\n\n<p>A principal a\u00e7\u00e3o do Programa Crian\u00e7a Feliz \u00e9 a realiza\u00e7\u00e3o de visitas domiciliares. As visitas s\u00e3o a\u00e7\u00f5es desenvolvidas pelos visitadores na resid\u00eancia da fam\u00edlia inclu\u00edda no programa. Elas representam uma estrat\u00e9gia de aproxima\u00e7\u00e3o dos servi\u00e7os com a fam\u00edlia atendida e, por isso, favorecem um reconhecimento mais preciso das caracter\u00edsticas, potencialidades e necessidades de cada contexto, resultando em propostas de interven\u00e7\u00e3o singulares, pertinentes a cada realidade.<\/p>\n\n\n\n<p>Estudos mostram que as visitas domiciliares s\u00e3o efetivas para fortalecer os v\u00ednculos e as compet\u00eancias da fam\u00edlia para o cuidado das crian\u00e7as e promover o desenvolvimento infantil.<\/p>\n\n\n\n<p>As visitas domiciliares no Programa Crian\u00e7a Feliz assumem, ent\u00e3o, as perspectivas da preven\u00e7\u00e3o, da prote\u00e7\u00e3o e da promo\u00e7\u00e3o do desenvolvimento infantil na primeira inf\u00e2ncia.<\/p>\n\n\n\n<p>Por meio de visitas domiciliares \u00e0s fam\u00edlias participantes do Programa Bolsa Fam\u00edlia, as equipes do Crian\u00e7a Feliz fazem o acompanhamento e d\u00e3o orienta\u00e7\u00f5es importantes para fortalecer os v\u00ednculos familiares e comunit\u00e1rios e estimular o desenvolvimento infantil.<\/p>\n","protected":false},"excerpt":{"rendered":"<p>O QUE \u00c9? Todo mundo torce para que seu beb\u00ea se transforme em um vencedor na vida. Estimular as crian\u00e7as corretamente desde o come\u00e7o \u00e9 a melhor maneira de garantir essa vit\u00f3ria. O Programa Crian\u00e7a Feliz surge como uma importante ferramenta para que fam\u00edlias com crian\u00e7as entre zero e seis anos ofere\u00e7am a seus pequenos [&hellip;]<\/p>\n","protected":false},"author":33,"featured_media":0,"parent":66,"menu_order":1,"comment_status":"closed","ping_status":"closed","template":"","meta":{"_acf_changed":false,"custom_icon_class":"","footnotes":""},"class_list":["post-232","page","type-page","status-publish","hentry"],"acf":[],"_links":{"self":[{"href":"https:\/\/www.goiania.go.gov.br\/sedhs\/wp-json\/wp\/v2\/pages\/232","targetHints":{"allow":["GET"]}}],"collection":[{"href":"https:\/\/www.goiania.go.gov.br\/sedhs\/wp-json\/wp\/v2\/pages"}],"about":[{"href":"https:\/\/www.goiania.go.gov.br\/sedhs\/wp-json\/wp\/v2\/types\/page"}],"author":[{"embeddable":true,"href":"https:\/\/www.goiania.go.gov.br\/sedhs\/wp-json\/wp\/v2\/users\/33"}],"replies":[{"embeddable":true,"href":"https:\/\/www.goiania.go.gov.br\/sedhs\/wp-json\/wp\/v2\/comments?post=232"}],"version-history":[{"count":6,"href":"https:\/\/www.goiania.go.gov.br\/sedhs\/wp-json\/wp\/v2\/pages\/232\/revisions"}],"predecessor-version":[{"id":576,"href":"https:\/\/www.goiania.go.gov.br\/sedhs\/wp-json\/wp\/v2\/pages\/232\/revisions\/576"}],"up":[{"embeddable":true,"href":"https:\/\/www.goiania.go.gov.br\/sedhs\/wp-json\/wp\/v2\/pages\/66"}],"wp:attachment":[{"href":"https:\/\/www.goiania.go.gov.br\/sedhs\/wp-json\/wp\/v2\/media?parent=232"}],"curies":[{"name":"wp","href":"https:\/\/api.w.org\/{rel}","templated":true}]}}