{"id":195,"date":"2019-09-05T12:47:26","date_gmt":"2019-09-05T15:47:26","guid":{"rendered":"http:\/\/www12.goiania.go.gov.br\/semas\/?page_id=195"},"modified":"2019-09-06T11:13:53","modified_gmt":"2019-09-06T14:13:53","slug":"residencial-professor-niso-prego","status":"publish","type":"page","link":"https:\/\/www.goiania.go.gov.br\/sedhs\/diretoria-de-protecao-social-especial-2\/alta-complexidade\/residencial-professor-niso-prego\/","title":{"rendered":"Resid\u00eancial Professor Niso Prego"},"content":{"rendered":"\n<p>Resid\u00eancial Professor Niso Prego foi fundado em 1995. O local funciona 24 horas e tem capacidade para abrigar 50 crian\u00e7as de zero a 12 anos incompletos de ambos os sexos, encaminhadas pelo Juizado da Inf\u00e2ncia e da Juventude e conselhos tutelares da regi\u00e3o de Goi\u00e2nia.<br><br>Unidade tem como finalidade abrigar, em condi\u00e7\u00e3o tempor\u00e1ria, como medida protetiva, crian\u00e7as e adolescentes v\u00edtimas de abandono, maus-tratos e viol\u00eancia em geral.<br><br>Algumas das a\u00e7\u00f5es e objetivos da institui\u00e7\u00e3o est\u00e3o diretamente relacionados \u00e0 garantia de prote\u00e7\u00e3o integral \u00e0 crian\u00e7a e ao adolescente, conforme disp\u00f5e o Estatuto de Crian\u00e7a e do Adolescente (Lei n\u00ba 8.069\/90), a possibilidade de desenvolvimento pessoal e social da crian\u00e7a e do adolescente abrigado, bem como a constru\u00e7\u00e3o, ressignifica\u00e7\u00e3o de valores, express\u00e3o de sentimentos, fortalecimento dos la\u00e7os de v\u00ednculos familiares e apoio t\u00e9cnico ao juizado para a coloca\u00e7\u00e3o de fam\u00edlia substituta, quando esgotados todos os demais recursos para a perman\u00eancia na de origem.<br><br><\/p>\n\n\n\n<p>Telefone: 3524 &#8211;&nbsp;2622<\/p>\n","protected":false},"excerpt":{"rendered":"<p>Resid\u00eancial Professor Niso Prego foi fundado em 1995. O local funciona 24 horas e tem capacidade para abrigar 50 crian\u00e7as de zero a 12 anos incompletos de ambos os sexos, encaminhadas pelo Juizado da Inf\u00e2ncia e da Juventude e conselhos tutelares da regi\u00e3o de Goi\u00e2nia. Unidade tem como finalidade abrigar, em condi\u00e7\u00e3o tempor\u00e1ria, como medida [&hellip;]<\/p>\n","protected":false},"author":33,"featured_media":0,"parent":174,"menu_order":0,"comment_status":"closed","ping_status":"closed","template":"","meta":{"_acf_changed":false,"custom_icon_class":"","footnotes":""},"class_list":["post-195","page","type-page","status-publish","hentry"],"acf":[],"_links":{"self":[{"href":"https:\/\/www.goiania.go.gov.br\/sedhs\/wp-json\/wp\/v2\/pages\/195","targetHints":{"allow":["GET"]}}],"collection":[{"href":"https:\/\/www.goiania.go.gov.br\/sedhs\/wp-json\/wp\/v2\/pages"}],"about":[{"href":"https:\/\/www.goiania.go.gov.br\/sedhs\/wp-json\/wp\/v2\/types\/page"}],"author":[{"embeddable":true,"href":"https:\/\/www.goiania.go.gov.br\/sedhs\/wp-json\/wp\/v2\/users\/33"}],"replies":[{"embeddable":true,"href":"https:\/\/www.goiania.go.gov.br\/sedhs\/wp-json\/wp\/v2\/comments?post=195"}],"version-history":[{"count":5,"href":"https:\/\/www.goiania.go.gov.br\/sedhs\/wp-json\/wp\/v2\/pages\/195\/revisions"}],"predecessor-version":[{"id":450,"href":"https:\/\/www.goiania.go.gov.br\/sedhs\/wp-json\/wp\/v2\/pages\/195\/revisions\/450"}],"up":[{"embeddable":true,"href":"https:\/\/www.goiania.go.gov.br\/sedhs\/wp-json\/wp\/v2\/pages\/174"}],"wp:attachment":[{"href":"https:\/\/www.goiania.go.gov.br\/sedhs\/wp-json\/wp\/v2\/media?parent=195"}],"curies":[{"name":"wp","href":"https:\/\/api.w.org\/{rel}","templated":true}]}}

Residêncial Professor Niso Prego

<p>Residêncial Professor Niso Prego foi fundado em 1995. O local funciona 24 horas e tem capacidade para abrigar 50 crianças de zero a 12 anos incompletos de ambos os sexos, encaminhadas pelo Juizado da Infância e da Juventude e conselhos tutelares da região de Goiânia.<br><br>Unidade tem como finalidade abrigar, em condição temporária, como medida protetiva, crianças e adolescentes vítimas de abandono, maus-tratos e violência em geral.<br><br>Algumas das ações e objetivos da instituição estão diretamente relacionados à garantia de proteção integral à criança e ao adolescente, conforme dispõe o Estatuto de Criança e do Adolescente (Lei nº 8.069/90), a possibilidade de desenvolvimento pessoal e social da criança e do adolescente abrigado, bem como a construção, ressignificação de valores, expressão de sentimentos, fortalecimento dos laços de vínculos familiares e apoio técnico ao juizado para a colocação de família substituta, quando esgotados todos os demais recursos para a permanência na de origem.<br><br></p>



<p>Telefone: 3524 &#8211;&nbsp;2622</p>

<p>Residêncial Professor Niso Prego foi fundado em 1995. O local funciona 24 horas e tem capacidade para abrigar 50 crianças de zero a 12 anos incompletos de ambos os sexos, encaminhadas pelo Juizado da Infância e da Juventude e conselhos tutelares da região de Goiânia. Unidade tem como finalidade abrigar, em condição temporária, como medida [&hellip;]</p>
