{"id":172,"date":"2019-09-05T12:30:26","date_gmt":"2019-09-05T15:30:26","guid":{"rendered":"http:\/\/www12.goiania.go.gov.br\/semas\/?page_id=172"},"modified":"2019-09-11T16:16:22","modified_gmt":"2019-09-11T19:16:22","slug":"media-complexidade","status":"publish","type":"page","link":"https:\/\/www.goiania.go.gov.br\/sedhs\/diretoria-de-protecao-social-especial-2\/media-complexidade\/","title":{"rendered":"M\u00e9dia Complexidade"},"content":{"rendered":"\n<p>\n\nA Prote\u00e7\u00e3o Social Especial (PSE) de M\u00e9dia Complexidade oferta atendimento especializado a fam\u00edlias e indiv\u00edduos que vivenciam situa\u00e7\u00f5es de vulnerabilidade, com direitos violados, geralmente inseridos no n\u00facleo familiar. A conviv\u00eancia familiar est\u00e1 mantida, embora os v\u00ednculos possam estar fragilizados ou at\u00e9 mesmo amea\u00e7ados.<\/p>\n\n\n\n<p>Estes servi\u00e7os demandam maior especializa\u00e7\u00e3o no acompanhamento familiar e maior flexibilidade nas solu\u00e7\u00f5es protetivas. Requerem, ainda, intensa articula\u00e7\u00e3o em rede para assegurar efetividade no atendimento \u00e0s demandas da fam\u00edlia e sua inser\u00e7\u00e3o em uma rede de prote\u00e7\u00e3o necess\u00e1ria para a potencializa\u00e7\u00e3o das possibilidades de supera\u00e7\u00e3o da situa\u00e7\u00e3o vivida.&nbsp;<\/p>\n\n\n\n<p>Nessa dire\u00e7\u00e3o, exigem uma gest\u00e3o mais complexa e articulada com a rede de assist\u00eancia social, das outras pol\u00edticas p\u00fablicas, com o Poder Judici\u00e1rio, Minist\u00e9rio P\u00fablico, Conselhos Tutelares e outros \u00f3rg\u00e3os de defesa de direitos e do Sistema de Garantia de Direitos.<\/p>\n\n\n\n<p>H\u00e1 cinco servi\u00e7os de m\u00e9dia complexidade, divididos por p\u00fablico. Um deles \u00e9 direcionado a adolescentes em cumprimento de medida socioeducativa e desenvolve atividades que possibilitem uma nova perspectiva de vida futura. J\u00e1 no caso de indiv\u00edduos que enfrentaram afastamento do conv\u00edvio familiar devido \u00e0 aplica\u00e7\u00e3o de alguma medida judicial, \u00e9 oferecido o servi\u00e7o de Prote\u00e7\u00e3o e Atendimento Especializado a Fam\u00edlias e Indiv\u00edduos (Paefi).&nbsp;<\/p>\n\n\n\n<p>Pessoas com defici\u00eancia, idosas e suas fam\u00edlias tamb\u00e9m encontram acompanhamento espec\u00edfico. Nessa situa\u00e7\u00e3o, os indiv\u00edduos s\u00e3o acompanhados para prevenir o preconceito e a exclus\u00e3o. Para pessoas em situa\u00e7\u00e3o de rua, as atividades desenvolvem as rela\u00e7\u00f5es sociais para a constru\u00e7\u00e3o de novos projetos de vida.&nbsp;<\/p>\n\n\n\n<p>Os profissionais do CREAS ainda trabalham com um quinto e \u00faltimo servi\u00e7o, o de abordagem social. Nesse caso, o objetivo \u00e9 fornecer amparo e acompanhamento assistencial a pessoas que utilizam as ruas como forma de moradia e\/ou sobreviv\u00eancia ou que s\u00e3o v\u00edtimas de explora\u00e7\u00e3o sexual ou trabalho infantil. Enquanto alguns servi\u00e7os devem ser ofertados obrigatoriamente no Creas, outros podem ser apenas a ele referenciados.\n\n<\/p>\n","protected":false},"excerpt":{"rendered":"<p>A Prote\u00e7\u00e3o Social Especial (PSE) de M\u00e9dia Complexidade oferta atendimento especializado a fam\u00edlias e indiv\u00edduos que vivenciam situa\u00e7\u00f5es de vulnerabilidade, com direitos violados, geralmente inseridos no n\u00facleo familiar. A conviv\u00eancia familiar est\u00e1 mantida, embora os v\u00ednculos possam estar fragilizados ou at\u00e9 mesmo amea\u00e7ados. Estes servi\u00e7os demandam maior especializa\u00e7\u00e3o no acompanhamento familiar e maior flexibilidade nas [&hellip;]<\/p>\n","protected":false},"author":33,"featured_media":0,"parent":169,"menu_order":2,"comment_status":"closed","ping_status":"closed","template":"","meta":{"_acf_changed":false,"custom_icon_class":"","footnotes":""},"class_list":["post-172","page","type-page","status-publish","hentry"],"acf":[],"_links":{"self":[{"href":"https:\/\/www.goiania.go.gov.br\/sedhs\/wp-json\/wp\/v2\/pages\/172","targetHints":{"allow":["GET"]}}],"collection":[{"href":"https:\/\/www.goiania.go.gov.br\/sedhs\/wp-json\/wp\/v2\/pages"}],"about":[{"href":"https:\/\/www.goiania.go.gov.br\/sedhs\/wp-json\/wp\/v2\/types\/page"}],"author":[{"embeddable":true,"href":"https:\/\/www.goiania.go.gov.br\/sedhs\/wp-json\/wp\/v2\/users\/33"}],"replies":[{"embeddable":true,"href":"https:\/\/www.goiania.go.gov.br\/sedhs\/wp-json\/wp\/v2\/comments?post=172"}],"version-history":[{"count":3,"href":"https:\/\/www.goiania.go.gov.br\/sedhs\/wp-json\/wp\/v2\/pages\/172\/revisions"}],"predecessor-version":[{"id":609,"href":"https:\/\/www.goiania.go.gov.br\/sedhs\/wp-json\/wp\/v2\/pages\/172\/revisions\/609"}],"up":[{"embeddable":true,"href":"https:\/\/www.goiania.go.gov.br\/sedhs\/wp-json\/wp\/v2\/pages\/169"}],"wp:attachment":[{"href":"https:\/\/www.goiania.go.gov.br\/sedhs\/wp-json\/wp\/v2\/media?parent=172"}],"curies":[{"name":"wp","href":"https:\/\/api.w.org\/{rel}","templated":true}]}}

Média Complexidade

<p>

A Proteção Social Especial (PSE) de Média Complexidade oferta atendimento especializado a famílias e indivíduos que vivenciam situações de vulnerabilidade, com direitos violados, geralmente inseridos no núcleo familiar. A convivência familiar está mantida, embora os vínculos possam estar fragilizados ou até mesmo ameaçados.</p>



<p>Estes serviços demandam maior especialização no acompanhamento familiar e maior flexibilidade nas soluções protetivas. Requerem, ainda, intensa articulação em rede para assegurar efetividade no atendimento às demandas da família e sua inserção em uma rede de proteção necessária para a potencialização das possibilidades de superação da situação vivida.&nbsp;</p>



<p>Nessa direção, exigem uma gestão mais complexa e articulada com a rede de assistência social, das outras políticas públicas, com o Poder Judiciário, Ministério Público, Conselhos Tutelares e outros órgãos de defesa de direitos e do Sistema de Garantia de Direitos.</p>



<p>Há cinco serviços de média complexidade, divididos por público. Um deles é direcionado a adolescentes em cumprimento de medida socioeducativa e desenvolve atividades que possibilitem uma nova perspectiva de vida futura. Já no caso de indivíduos que enfrentaram afastamento do convívio familiar devido à aplicação de alguma medida judicial, é oferecido o serviço de Proteção e Atendimento Especializado a Famílias e Indivíduos (Paefi).&nbsp;</p>



<p>Pessoas com deficiência, idosas e suas famílias também encontram acompanhamento específico. Nessa situação, os indivíduos são acompanhados para prevenir o preconceito e a exclusão. Para pessoas em situação de rua, as atividades desenvolvem as relações sociais para a construção de novos projetos de vida.&nbsp;</p>



<p>Os profissionais do CREAS ainda trabalham com um quinto e último serviço, o de abordagem social. Nesse caso, o objetivo é fornecer amparo e acompanhamento assistencial a pessoas que utilizam as ruas como forma de moradia e/ou sobrevivência ou que são vítimas de exploração sexual ou trabalho infantil. Enquanto alguns serviços devem ser ofertados obrigatoriamente no Creas, outros podem ser apenas a ele referenciados.

</p>

<p>A Proteção Social Especial (PSE) de Média Complexidade oferta atendimento especializado a famílias e indivíduos que vivenciam situações de vulnerabilidade, com direitos violados, geralmente inseridos no núcleo familiar. A convivência familiar está mantida, embora os vínculos possam estar fragilizados ou até mesmo ameaçados. Estes serviços demandam maior especialização no acompanhamento familiar e maior flexibilidade nas [&hellip;]</p>
