{"id":144,"date":"2019-09-05T11:48:50","date_gmt":"2019-09-05T14:48:50","guid":{"rendered":"http:\/\/www12.goiania.go.gov.br\/semas\/?page_id=144"},"modified":"2019-09-05T19:02:40","modified_gmt":"2019-09-05T22:02:40","slug":"id-jovem","status":"publish","type":"page","link":"https:\/\/www.goiania.go.gov.br\/sedhs\/diretoria-de-protecao-social-basica\/cadunico-cadastro-unico\/id-jovem\/","title":{"rendered":"ID Jovem"},"content":{"rendered":"\n<p>A Identidade Jovem, ou simplesmente ID Jovem, \u00e9 o documento que possibilita acesso aos benef\u00edcios de meia-entrada em eventos art\u00edstico-culturais e esportivos e tamb\u00e9m a vagas gratuitas ou com desconto no sistema de transporte coletivo interestadual, conforme disposto no Decreto 8.537\/2015.<br>A ID Jovem \u00e9 destinada \u00e0s pessoas com idade entre 15 e 29 anos, pertencentes \u00e0 fam\u00edlia com renda mensal de at\u00e9 dois sal\u00e1rios m\u00ednimos e inscritos no Cadastro \u00danico do Governo Federal, com informa\u00e7\u00f5es atualizadas h\u00e1 pelo menos 24 meses.<\/p>\n\n\n\n<h3 class=\"wp-block-heading\"><strong>CONDI\u00c7\u00d5ES<\/strong><\/h3>\n\n\n\n<p><br>Ter entre 15 e 29 anos<br>O benef\u00edcio vale tamb\u00e9m para n\u00e3o estudantes.<br>&#8211; Estar inscrito no Cadastro \u00danico do Governo Federal<br>Para incluir ou atualizar seus dados, procure a sede da Secretaria Municipal de Assist\u00eancia Social (Semas), localizada na Rua 25-A, esquina com Avenida Rep\u00fablica do L\u00edbano, no setor Aeroporto, das 8h as 18h, de segunda a sexta-feira ou nos Centros de Refer\u00eancia de Assist\u00eancia Social ( CRAS), localizados em diversas regi\u00f5es de Goi\u00e2nia. Documentos necess\u00e1rios para se inscrever no Cad\u00danico:&nbsp;<\/p>\n\n\n\n<ul class=\"wp-block-list\"><li><strong>RG;&nbsp;<\/strong><\/li><li><strong>CPF;<\/strong><\/li><li><strong>Comprovante de resid\u00eancia;<\/strong><\/li><li><strong>Carteira de trabalho;<\/strong><\/li><li><strong>Documenta\u00e7\u00e3o dos dependentes.<\/strong><\/li><\/ul>\n\n\n\n<p>Ap\u00f3s solicitar a inscri\u00e7\u00e3o nos postos da prefeitura, ser\u00e1 necess\u00e1rio aguardar uma atualiza\u00e7\u00e3o que \u00e9 feita na terceira semana de cada m\u00eas.<br>&#8211; Estar com o Cadastro atualizado<br>&#8211; Possuir cadastro atualizado no Cadastro \u00danico h\u00e1 pelo menos 24 meses.<br>&#8211; Ter renda familiar de at\u00e9 dois sal\u00e1rios m\u00ednimos<br>&#8211; A renda familiar mensal n\u00e3o pode ultrapassar dois sal\u00e1rios m\u00ednimos.<br>&#8211; Saber o NIS<br>&#8211; Voc\u00ea precisa ter em m\u00e3os o N\u00famero de Identifica\u00e7\u00e3o Social.&nbsp;<br><\/p>\n\n\n\n<h3 class=\"wp-block-heading\"><strong>BENEF\u00cdCIOS<\/strong><\/h3>\n\n\n\n<p><br>Cultura, lazer e esporte<br>Com a ID Jovem fica assegurado o pagamento de meia-entrada \u2013 50% do valor cobrado no ingresso ao p\u00fablico em geral \u2013 em eventos art\u00edstico-culturais e esportivos.<br>Transporte<br>S\u00e3o reservadas por viagem, duas vagas gratuitas em cada ve\u00edculo, comboio ferrovi\u00e1rio ou embarca\u00e7\u00e3o do servi\u00e7o convencional de transporte interestadual de passageiros\u200b\u200b<br>Depois de esgotadas as vagas gratuitas, s\u00e3o reservadas mais duas vagas com desconto de 50% (cinquenta por cento), no m\u00ednimo, no valor das passagens.&nbsp;<br>O transporte tem que ser interestadual, ou seja, entre estados diferentes. N\u00e3o vale para deslocamentos entre munic\u00edpios ou dentro do munic\u00edpio.<br>A reserva de assentos para os jovens \u00e9 v\u00e1lida at\u00e9 3 horas antes da partida do transporte.&nbsp;<br>Gratuidade no Enem<br>Um dos benef\u00edcios garantidos pela ID Jovem \u00e9 a gratuidade nas inscri\u00e7\u00f5es do Exame Nacional do Ensino M\u00e9dio (Enem).&nbsp;<br><\/p>\n\n\n\n<p>Jovens de fam\u00edlias carentes com renda familiar per capita de at\u00e9 1,5 sal\u00e1rio m\u00ednimo t\u00eam direito \u00e0 isen\u00e7\u00e3o no Enem 2017 informando apenas o N\u00famero de Identifica\u00e7\u00e3o Social (NIS) no momento de preencher a ficha de inscri\u00e7\u00e3o. Essa gratuidade tamb\u00e9m \u00e9 estendida a todos os estudantes que est\u00e3o concluindo o Ensino M\u00e9dio em escolas da rede p\u00fablica, desde que preencham a inscri\u00e7\u00e3o de maneira correta.&nbsp;<br><\/p>\n\n\n\n<h3 class=\"wp-block-heading\"><strong>COMO EMITIR O ID JOVEM<\/strong><\/h3>\n\n\n\n<p><br>Emitir sua ID Jovem \u00e9 f\u00e1cil, r\u00e1pido e seguro. O cart\u00e3o \u00e9 virtual e dever\u00e1 ser apresentado nos estabelecimentos na tela do seu smartphone ou impresso pela p\u00e1gina da internet. H\u00e1 duas formas:<br>Pela Internet<br>Com seu NIS (N\u00famero de Identifica\u00e7\u00e3o Social), acesse o site da ID Jovem, preencha os dados que forem solicitados e gere seu cart\u00e3o. Para utilizar, imprima a imagem do cart\u00e3o e a apresente no momento da aquisi\u00e7\u00e3o do bilhete ou ingresso acompanhada de documento oficial com foto.<br>Pelo Aplicativo para smartphones<br>Basta fazer o download do APP da ID Jovem, preencher o seu NIS e os dados cadastrais solicitados e gerar o cart\u00e3o virtual da ID Jovem. N\u00e3o \u00e9 necess\u00e1rio imprimir, apenas apresente a imagem do cart\u00e3o dentro da validade na tela de seu celular no momento da aquisi\u00e7\u00e3o do bilhete ou ingresso acompanhada de documento oficial com foto.<br><\/p>\n\n\n\n<h3 class=\"wp-block-heading\"><strong>ATEN\u00c7\u00c3O:<\/strong><\/h3>\n\n\n\n<p><br>A ID Jovem tem validade de 180 dias. Ap\u00f3s esse per\u00edodo \u00e9 necess\u00e1rio revalidar o documento em nova consulta no App ou no site.<br>Se voc\u00ea utiliza a ID Jovem impressa, lembre-se de imprimir o documento gerado.<\/p>\n","protected":false},"excerpt":{"rendered":"<p>A Identidade Jovem, ou simplesmente ID Jovem, \u00e9 o documento que possibilita acesso aos benef\u00edcios de meia-entrada em eventos art\u00edstico-culturais e esportivos e tamb\u00e9m a vagas gratuitas ou com desconto no sistema de transporte coletivo interestadual, conforme disposto no Decreto 8.537\/2015.A ID Jovem \u00e9 destinada \u00e0s pessoas com idade entre 15 e 29 anos, pertencentes [&hellip;]<\/p>\n","protected":false},"author":33,"featured_media":0,"parent":66,"menu_order":10,"comment_status":"closed","ping_status":"closed","template":"","meta":{"_acf_changed":false,"custom_icon_class":"","footnotes":""},"class_list":["post-144","page","type-page","status-publish","hentry"],"acf":[],"_links":{"self":[{"href":"https:\/\/www.goiania.go.gov.br\/sedhs\/wp-json\/wp\/v2\/pages\/144","targetHints":{"allow":["GET"]}}],"collection":[{"href":"https:\/\/www.goiania.go.gov.br\/sedhs\/wp-json\/wp\/v2\/pages"}],"about":[{"href":"https:\/\/www.goiania.go.gov.br\/sedhs\/wp-json\/wp\/v2\/types\/page"}],"author":[{"embeddable":true,"href":"https:\/\/www.goiania.go.gov.br\/sedhs\/wp-json\/wp\/v2\/users\/33"}],"replies":[{"embeddable":true,"href":"https:\/\/www.goiania.go.gov.br\/sedhs\/wp-json\/wp\/v2\/comments?post=144"}],"version-history":[{"count":3,"href":"https:\/\/www.goiania.go.gov.br\/sedhs\/wp-json\/wp\/v2\/pages\/144\/revisions"}],"predecessor-version":[{"id":424,"href":"https:\/\/www.goiania.go.gov.br\/sedhs\/wp-json\/wp\/v2\/pages\/144\/revisions\/424"}],"up":[{"embeddable":true,"href":"https:\/\/www.goiania.go.gov.br\/sedhs\/wp-json\/wp\/v2\/pages\/66"}],"wp:attachment":[{"href":"https:\/\/www.goiania.go.gov.br\/sedhs\/wp-json\/wp\/v2\/media?parent=144"}],"curies":[{"name":"wp","href":"https:\/\/api.w.org\/{rel}","templated":true}]}}