{"id":142,"date":"2019-09-05T11:46:43","date_gmt":"2019-09-05T14:46:43","guid":{"rendered":"http:\/\/www12.goiania.go.gov.br\/semas\/?page_id=142"},"modified":"2019-09-05T19:02:29","modified_gmt":"2019-09-05T22:02:29","slug":"beneficio-da-previdencia-aos-donos-e-donas-de-casa","status":"publish","type":"page","link":"https:\/\/www.goiania.go.gov.br\/sedhs\/diretoria-de-protecao-social-basica\/cadunico-cadastro-unico\/beneficio-da-previdencia-aos-donos-e-donas-de-casa\/","title":{"rendered":"Benef\u00edcio da Previd\u00eancia aos Donos e Donas de Casa"},"content":{"rendered":"\n<p>\n\nA aposentadoria para segurado facultativo sem renda pr\u00f3pria, que se dedique exclusivamente ao trabalho dom\u00e9stico, no \u00e2mbito de sua resid\u00eancia, \u00e9 um benef\u00edcio da Previd\u00eancia \u00e0s donas de casa que n\u00e3o possuem renda pr\u00f3pria e pertencem a uma fam\u00edlia que est\u00e1 no Cadastro \u00danico com renda mensal de at\u00e9 dois sal\u00e1rios m\u00ednimos. Os segurados facultativos sem renda pr\u00f3pria, que se dedicam exclusivamente ao trabalho dom\u00e9stico, em sua resid\u00eancia (donas e donos de casa), e que s\u00e3o de fam\u00edlias de baixa renda, podem usufruir dos benef\u00edcios da Previd\u00eancia Social mediante contribui\u00e7\u00e3o reduzida, de 5%<br>do sal\u00e1rio m\u00ednimo (equivalente a R$ 27,25 em valores atuais). Esse benef\u00edcio est\u00e1 amparado na Lei n\u00ba 12.470, de 31 de agosto de 2011.<\/p>\n\n\n\n<p>Para solicitar o benef\u00edcio ao Instituto Nacional do Seguro Social (INSS), a pessoa cadastrada que tenha efetuado os recolhimentos deve apresentar o N\u00famero de Identifica\u00e7\u00e3o Social (NIS) ou outros dados de identifica\u00e7\u00e3o. Os sistemas do INSS verificar\u00e3o se os dados informados pelos segurados facultativos atendem aos crit\u00e9rios definidos pela<\/p>\n\n\n\n<p>Previd\u00eancia Social. Isso ser\u00e1 feito por meio do cruzamento autom\u00e1tico entre as informa\u00e7\u00f5es referentes aos recolhimentos ao INSS, constantes do Cadastro Nacional de Informa\u00e7\u00f5es Sociais (CNIS), e o Cadastro \u00danico.\n\n<\/p>\n","protected":false},"excerpt":{"rendered":"<p>A aposentadoria para segurado facultativo sem renda pr\u00f3pria, que se dedique exclusivamente ao trabalho dom\u00e9stico, no \u00e2mbito de sua resid\u00eancia, \u00e9 um benef\u00edcio da Previd\u00eancia \u00e0s donas de casa que n\u00e3o possuem renda pr\u00f3pria e pertencem a uma fam\u00edlia que est\u00e1 no Cadastro \u00danico com renda mensal de at\u00e9 dois sal\u00e1rios m\u00ednimos. Os segurados facultativos [&hellip;]<\/p>\n","protected":false},"author":33,"featured_media":0,"parent":66,"menu_order":9,"comment_status":"closed","ping_status":"closed","template":"","meta":{"_acf_changed":false,"custom_icon_class":"","footnotes":""},"class_list":["post-142","page","type-page","status-publish","hentry"],"acf":[],"_links":{"self":[{"href":"https:\/\/www.goiania.go.gov.br\/sedhs\/wp-json\/wp\/v2\/pages\/142","targetHints":{"allow":["GET"]}}],"collection":[{"href":"https:\/\/www.goiania.go.gov.br\/sedhs\/wp-json\/wp\/v2\/pages"}],"about":[{"href":"https:\/\/www.goiania.go.gov.br\/sedhs\/wp-json\/wp\/v2\/types\/page"}],"author":[{"embeddable":true,"href":"https:\/\/www.goiania.go.gov.br\/sedhs\/wp-json\/wp\/v2\/users\/33"}],"replies":[{"embeddable":true,"href":"https:\/\/www.goiania.go.gov.br\/sedhs\/wp-json\/wp\/v2\/comments?post=142"}],"version-history":[{"count":2,"href":"https:\/\/www.goiania.go.gov.br\/sedhs\/wp-json\/wp\/v2\/pages\/142\/revisions"}],"predecessor-version":[{"id":422,"href":"https:\/\/www.goiania.go.gov.br\/sedhs\/wp-json\/wp\/v2\/pages\/142\/revisions\/422"}],"up":[{"embeddable":true,"href":"https:\/\/www.goiania.go.gov.br\/sedhs\/wp-json\/wp\/v2\/pages\/66"}],"wp:attachment":[{"href":"https:\/\/www.goiania.go.gov.br\/sedhs\/wp-json\/wp\/v2\/media?parent=142"}],"curies":[{"name":"wp","href":"https:\/\/api.w.org\/{rel}","templated":true}]}}