{"id":130,"date":"2019-09-05T11:34:13","date_gmt":"2019-09-05T14:34:13","guid":{"rendered":"http:\/\/www12.goiania.go.gov.br\/semas\/?page_id=130"},"modified":"2019-09-05T19:01:34","modified_gmt":"2019-09-05T22:01:34","slug":"isencao-de-taxa-de-inscricao-para-concurso-publico","status":"publish","type":"page","link":"https:\/\/www.goiania.go.gov.br\/sedhs\/diretoria-de-protecao-social-basica\/cadunico-cadastro-unico\/isencao-de-taxa-de-inscricao-para-concurso-publico\/","title":{"rendered":"Isen\u00e7\u00e3o de Taxa de Inscri\u00e7\u00e3o para Concurso P\u00fablico"},"content":{"rendered":"\n<p>Essa a\u00e7\u00e3o prev\u00ea a isen\u00e7\u00e3o do pagamento de taxa de inscri\u00e7\u00e3o em concursos p\u00fablicos realizados pelo Poder Executivo Federal. Poder\u00e1 ser beneficiado com a isen\u00e7\u00e3o de pagamento o candidato que, estiver inscrito no Cadastro \u00danico e for membro de fam\u00edlia de baixa renda (com renda mensal per capita de at\u00e9 meio sal\u00e1rio m\u00ednimo ou a que possua renda familiar mensal de at\u00e9 tr\u00eas sal\u00e1rios m\u00ednimos).&nbsp;<\/p>\n\n\n\n<p>O candidato dever\u00e1 formular a solicita\u00e7\u00e3o de isen\u00e7\u00e3o da taxa de inscri\u00e7\u00e3o \u00e0 entidade ou \u00f3rg\u00e3o executor do concurso p\u00fablico. O documento dever\u00e1 conter os seguintes dados cadastrais: nome completo do candidato, NIS, data de nascimento, n\u00famero da identidade, data de expedi\u00e7\u00e3o do RG, \u00f3rg\u00e3o expedidor do RG, CPF e nome da m\u00e3e; declara\u00e7\u00e3o de que pertence \u00e0 fam\u00edlia de baixa renda.<br><br>O \u00f3rg\u00e3o ou entidade respons\u00e1vel pelo concurso p\u00fablico consultar\u00e1 o MDS para verificar a veracidade das informa\u00e7\u00f5es prestadas pelo candidato. Declara\u00e7\u00f5es falsas estar\u00e3o sujeitas \u00e0s san\u00e7\u00f5es previstas em lei, aplicando-se, ainda, o disposto no par\u00e1grafo \u00fanico do art. 10 do Decreto no 83.936, de 6 de setembro de 1979.<br><br>O edital do concurso p\u00fablico definir\u00e1 a forma de apresenta\u00e7\u00e3o e os prazos necess\u00e1rios para a solicita\u00e7\u00e3o de isen\u00e7\u00e3o, al\u00e9m de divulgar a resposta ao candidato. Em caso de indeferimento do pedido, o candidato dever\u00e1 ser comunicado antes do t\u00e9rmino do prazo previsto para as inscri\u00e7\u00f5es, para que possa realizar o pagamento da taxa cobrada.<br><br>Os recursos relativos ao indeferimento do pedido de isen\u00e7\u00e3o da taxa de inscri\u00e7\u00e3o devem ser endere\u00e7ados diretamente ao \u00d3rg\u00e3o\/Institui\u00e7\u00e3o executor do Concurso P\u00fablico. Para que o candidato n\u00e3o tenha problema com indeferimento da solicita\u00e7\u00e3o, \u00e9 necess\u00e1rio que informe para a entidade ou \u00f3rg\u00e3o executor os dados cadastrais exatamente como est\u00e3o no Cadastro \u00danico.<br><br>Quaisquer inconsist\u00eancias cadastrais podem interferir no processo de concess\u00e3o da isen\u00e7\u00e3o. Portanto, caso o cadastro do candidato esteja com dados incorretos, ser\u00e1 necess\u00e1rio realizar, primeiramente, a atualiza\u00e7\u00e3o cadastral, para depois solicitar a isen\u00e7\u00e3o de pagamento.<\/p>\n\n\n\n<p><strong>Fazer o Cad. \u00danico na secret\u00e1ria Municipal de Assist\u00eancia Social, localizada na rua 25-A esquina com Av. Rep\u00fablica do Libano no Setor Aeroporto de segunda a sexta-feira das 08:00 as 18:00, apresentando os seguintes documentos pessoais:<\/strong><\/p>\n\n\n\n<ul class=\"wp-block-list\"><li><strong>Identidade\/RG<\/strong><\/li><li><strong>CPF<\/strong><\/li><li><strong>Comprovante de endere\u00e7o<\/strong><\/li><\/ul>\n","protected":false},"excerpt":{"rendered":"<p>Essa a\u00e7\u00e3o prev\u00ea a isen\u00e7\u00e3o do pagamento de taxa de inscri\u00e7\u00e3o em concursos p\u00fablicos realizados pelo Poder Executivo Federal. Poder\u00e1 ser beneficiado com a isen\u00e7\u00e3o de pagamento o candidato que, estiver inscrito no Cadastro \u00danico e for membro de fam\u00edlia de baixa renda (com renda mensal per capita de at\u00e9 meio sal\u00e1rio m\u00ednimo ou a [&hellip;]<\/p>\n","protected":false},"author":33,"featured_media":0,"parent":66,"menu_order":5,"comment_status":"closed","ping_status":"closed","template":"","meta":{"_acf_changed":false,"custom_icon_class":"","footnotes":""},"class_list":["post-130","page","type-page","status-publish","hentry"],"acf":[],"_links":{"self":[{"href":"https:\/\/www.goiania.go.gov.br\/sedhs\/wp-json\/wp\/v2\/pages\/130","targetHints":{"allow":["GET"]}}],"collection":[{"href":"https:\/\/www.goiania.go.gov.br\/sedhs\/wp-json\/wp\/v2\/pages"}],"about":[{"href":"https:\/\/www.goiania.go.gov.br\/sedhs\/wp-json\/wp\/v2\/types\/page"}],"author":[{"embeddable":true,"href":"https:\/\/www.goiania.go.gov.br\/sedhs\/wp-json\/wp\/v2\/users\/33"}],"replies":[{"embeddable":true,"href":"https:\/\/www.goiania.go.gov.br\/sedhs\/wp-json\/wp\/v2\/comments?post=130"}],"version-history":[{"count":2,"href":"https:\/\/www.goiania.go.gov.br\/sedhs\/wp-json\/wp\/v2\/pages\/130\/revisions"}],"predecessor-version":[{"id":416,"href":"https:\/\/www.goiania.go.gov.br\/sedhs\/wp-json\/wp\/v2\/pages\/130\/revisions\/416"}],"up":[{"embeddable":true,"href":"https:\/\/www.goiania.go.gov.br\/sedhs\/wp-json\/wp\/v2\/pages\/66"}],"wp:attachment":[{"href":"https:\/\/www.goiania.go.gov.br\/sedhs\/wp-json\/wp\/v2\/media?parent=130"}],"curies":[{"name":"wp","href":"https:\/\/api.w.org\/{rel}","templated":true}]}}

Isenção de Taxa de Inscrição para Concurso Público

<p>Essa ação prevê a isenção do pagamento de taxa de inscrição em concursos públicos realizados pelo Poder Executivo Federal. Poderá ser beneficiado com a isenção de pagamento o candidato que, estiver inscrito no Cadastro Único e for membro de família de baixa renda (com renda mensal per capita de até meio salário mínimo ou a que possua renda familiar mensal de até três salários mínimos).&nbsp;</p>



<p>O candidato deverá formular a solicitação de isenção da taxa de inscrição à entidade ou órgão executor do concurso público. O documento deverá conter os seguintes dados cadastrais: nome completo do candidato, NIS, data de nascimento, número da identidade, data de expedição do RG, órgão expedidor do RG, CPF e nome da mãe; declaração de que pertence à família de baixa renda.<br><br>O órgão ou entidade responsável pelo concurso público consultará o MDS para verificar a veracidade das informações prestadas pelo candidato. Declarações falsas estarão sujeitas às sanções previstas em lei, aplicando-se, ainda, o disposto no parágrafo único do art. 10 do Decreto no 83.936, de 6 de setembro de 1979.<br><br>O edital do concurso público definirá a forma de apresentação e os prazos necessários para a solicitação de isenção, além de divulgar a resposta ao candidato. Em caso de indeferimento do pedido, o candidato deverá ser comunicado antes do término do prazo previsto para as inscrições, para que possa realizar o pagamento da taxa cobrada.<br><br>Os recursos relativos ao indeferimento do pedido de isenção da taxa de inscrição devem ser endereçados diretamente ao Órgão/Instituição executor do Concurso Público. Para que o candidato não tenha problema com indeferimento da solicitação, é necessário que informe para a entidade ou órgão executor os dados cadastrais exatamente como estão no Cadastro Único.<br><br>Quaisquer inconsistências cadastrais podem interferir no processo de concessão da isenção. Portanto, caso o cadastro do candidato esteja com dados incorretos, será necessário realizar, primeiramente, a atualização cadastral, para depois solicitar a isenção de pagamento.</p>



<p><strong>Fazer o Cad. Único na secretária Municipal de Assistência Social, localizada na rua 25-A esquina com Av. República do Libano no Setor Aeroporto de segunda a sexta-feira das 08:00 as 18:00, apresentando os seguintes documentos pessoais:</strong></p>



<ul class="wp-block-list"><li><strong>Identidade/RG</strong></li><li><strong>CPF</strong></li><li><strong>Comprovante de endereço</strong></li></ul>

<p>Essa ação prevê a isenção do pagamento de taxa de inscrição em concursos públicos realizados pelo Poder Executivo Federal. Poderá ser beneficiado com a isenção de pagamento o candidato que, estiver inscrito no Cadastro Único e for membro de família de baixa renda (com renda mensal per capita de até meio salário mínimo ou a [&hellip;]</p>
