{"id":683,"date":"2023-01-31T22:41:30","date_gmt":"2021-11-29T18:58:12","guid":{"rendered":"https:\/\/www.goiania.go.gov.br\/secult\/lei-incentivo-2\/"},"modified":"2023-09-22T11:50:06","modified_gmt":"2023-09-22T14:50:06","slug":"lei-conferencia-2022","status":"publish","type":"page","link":"https:\/\/www.goiania.go.gov.br\/secult\/lei-conferencia-2022\/","title":{"rendered":"Confer\u00eancia Municipal de Cultura"},"content":{"rendered":"\n<p>A Prefeitura Municipal de Goi\u00e2nia atrav\u00e9s da Secretaria Municipal de Cultura Convoca por este Edital 04\/2022 de chamada p\u00fablica: Entidades Culturais, Associa\u00e7\u00f5es, Micro Empreendedores individuais &#8211; MEI, Micro Empresas \u2013 ME, Empresas LTDA, Empresas \u2013 EIRELI, Coletivos e Pessoas f\u00edsicas (artistas em geral que fazem e promove atividades culturais) que comprove atividades art\u00edsticas culturais nos termos desse Edital, para se cadastrarem e convida as demais entidades e pessoas f\u00edsicas para participar da 17\u00aa Confer\u00eancia Municipal de Cultura do Munic\u00edpio de Goi\u00e2nia.<\/p>\n\n\n\n<hr class=\"wp-block-separator\" \/>\n\n\n\n<h2 class=\"wp-block-heading\">Edital e Inscri\u00e7\u00e3o<\/h2>\n\n\n\n<p style=\"text-align:left;margin: 30px 10px\"><strong><a href=\"https:\/\/www.goiania.go.gov.br\/secult\/wp-content\/uploads\/sites\/5\/2022\/11\/conferencial-municipal-cultura-edital-04-2022.pdf.pdf\" target=\"_blank\" rel=\"noreferrer noopener\" style=\"padding: 10px 20px;border-radius: 100px;background:#31997d;color:#fff\">Edital&nbsp;04\/2022&nbsp;&#8211;&nbsp;Confer\u00eancia&nbsp;Cultura<\/a><\/strong><\/p>\n\n\n\n<p style=\"text-align:left;margin: 30px 10px\"><strong><a target=\"_blank\" rel=\"noreferrer noopener\" style=\"padding: 10px 30px;border-radius: 100px;background:#DCC7CB;color:#fff;font-size:1.3rem\">Inscri\u00e7\u00f5es Encerradas<\/a><\/strong><\/p>\n\n\n\n<hr class=\"wp-block-separator\" \/>\n\n\n\n<div class=\"wp-block-group\"><div class=\"wp-block-group__inner-container is-layout-flow wp-block-group-is-layout-flow\"><\/div><\/div>\n\n\n\n<h2 class=\"wp-block-heading\">Orienta\u00e7\u00f5es para Inscri\u00e7\u00e3o<\/h2>\n\n\n\n<ul class=\"wp-block-list\"><li>O proponente deve possuir uma conta de e-mail Google e\/ou GMail. O Cadastro s\u00f3 pode ser realizado uma \u00fanica vez e ficar\u00e1 vinculado a este e-mail.<\/li><li>O proponente deve preencher seus dados conforme solicitado no edital<strong>,<\/strong> seja Pessoa F\u00edsica e\/ou Jur\u00eddica.<\/li><\/ul>\n\n\n\n<hr class=\"wp-block-separator\" \/>\n\n\n\n<div class=\"wp-block-group\"><div class=\"wp-block-group__inner-container is-layout-flow wp-block-group-is-layout-flow\">\n<h2 class=\"has-text-align-left wp-block-heading\"><strong>Publica\u00e7\u00f5es Oficiais<\/strong><\/h2>\n\n\n\n<p><\/p>\n\n\n\n<p><em>Veja abaixo todas as publica\u00e7\u00f5es oficiais sobre a Confer\u00eancia Municipal de Cultura, as publica\u00e7\u00f5es mais recentes vem em primeiro.<\/em><\/p>\n\n\n\n<hr class=\"wp-block-separator\" \/>\n\n\n\n<p>Nenhuma publica\u00e7\u00e3o dispon\u00edvel<\/p>\n<\/div><\/div>\n\n\n\n<p><\/p>\n","protected":false},"excerpt":{"rendered":"<p>A Prefeitura Municipal de Goi\u00e2nia atrav\u00e9s da Secretaria Municipal de Cultura Convoca por este Edital 04\/2022 de chamada p\u00fablica: Entidades Culturais, Associa\u00e7\u00f5es, Micro Empreendedores individuais &#8211; MEI, Micro Empresas \u2013 ME, Empresas LTDA, Empresas \u2013 EIRELI, Coletivos e Pessoas f\u00edsicas (artistas em geral que fazem e promove atividades culturais) que comprove atividades art\u00edsticas culturais nos [&hellip;]<\/p>\n","protected":false},"author":11,"featured_media":0,"parent":0,"menu_order":18,"comment_status":"closed","ping_status":"closed","template":"","meta":{"_acf_changed":false,"custom_icon_class":"","olho":"","footnotes":""},"class_list":["post-683","page","type-page","status-publish","hentry"],"acf":[],"_links":{"self":[{"href":"https:\/\/www.goiania.go.gov.br\/secult\/wp-json\/wp\/v2\/pages\/683","targetHints":{"allow":["GET"]}}],"collection":[{"href":"https:\/\/www.goiania.go.gov.br\/secult\/wp-json\/wp\/v2\/pages"}],"about":[{"href":"https:\/\/www.goiania.go.gov.br\/secult\/wp-json\/wp\/v2\/types\/page"}],"author":[{"embeddable":true,"href":"https:\/\/www.goiania.go.gov.br\/secult\/wp-json\/wp\/v2\/users\/11"}],"replies":[{"embeddable":true,"href":"https:\/\/www.goiania.go.gov.br\/secult\/wp-json\/wp\/v2\/comments?post=683"}],"version-history":[{"count":9,"href":"https:\/\/www.goiania.go.gov.br\/secult\/wp-json\/wp\/v2\/pages\/683\/revisions"}],"predecessor-version":[{"id":958,"href":"https:\/\/www.goiania.go.gov.br\/secult\/wp-json\/wp\/v2\/pages\/683\/revisions\/958"}],"wp:attachment":[{"href":"https:\/\/www.goiania.go.gov.br\/secult\/wp-json\/wp\/v2\/media?parent=683"}],"curies":[{"name":"wp","href":"https:\/\/api.w.org\/{rel}","templated":true}]}}