{"id":1104,"date":"2023-09-26T09:12:07","date_gmt":"2023-09-26T12:12:07","guid":{"rendered":"https:\/\/www.goiania.go.gov.br\/secult\/eventos\/artedoor\/"},"modified":"2023-09-26T09:17:23","modified_gmt":"2023-09-26T12:17:23","slug":"artedoor","status":"publish","type":"page","link":"https:\/\/www.goiania.go.gov.br\/secult\/eventos\/artedoor\/","title":{"rendered":"ArteDoor"},"content":{"rendered":"\n<p>O Artedoor tem o objetivo de promover, divulgar e potencializar exposi\u00e7\u00f5es art\u00edsticas em outdoors pela cidade.<\/p>\n\n\n\n<p>A Exposi\u00e7\u00e3o Art\u00edstica acontecer\u00e1 a partir do dia 24 de outubro com distribui\u00e7\u00e3o de 90 obras em outdoors por toda cidade.<\/p>\n\n\n\n<div class=\"wp-block-file\">\n\n<a id=\"wp-block-file--media-299576f1-2cb8-45ea-9f8d-06d5e0ef73f5\" href=\"https:\/\/www.goiania.go.gov.br\/secult\/wp-content\/uploads\/sites\/5\/2023\/09\/artedoor-2023-lista-resultado.pdf\"> <span class=\"icon icon-book\"><\/span> Lista dos Artistas Selecionados 2023 (PDF)<\/a>\n<a href=\"https:\/\/www.goiania.go.gov.br\/secult\/wp-content\/uploads\/sites\/5\/2023\/09\/artedoor-2023-lista-resultado.pdf\" class=\"wp-block-file__button\" download aria-describedby=\"wp-block-file--media-299576f1-2cb8-45ea-9f8d-06d5e0ef73f5\">Baixar<\/a><\/div>\n\n\n\n<p><\/p>\n","protected":false},"excerpt":{"rendered":"<p>O Artedoor tem o objetivo de promover, divulgar e potencializar exposi\u00e7\u00f5es art\u00edsticas em outdoors pela cidade. A Exposi\u00e7\u00e3o Art\u00edstica acontecer\u00e1 a partir do dia 24 de outubro com distribui\u00e7\u00e3o de 90 obras em outdoors por toda cidade. Lista dos Artistas Selecionados 2023 (PDF) Baixar<\/p>\n","protected":false},"author":11,"featured_media":0,"parent":918,"menu_order":3,"comment_status":"closed","ping_status":"closed","template":"","meta":{"_acf_changed":false,"custom_icon_class":"","olho":"","footnotes":""},"class_list":["post-1104","page","type-page","status-publish","hentry"],"acf":[],"_links":{"self":[{"href":"https:\/\/www.goiania.go.gov.br\/secult\/wp-json\/wp\/v2\/pages\/1104","targetHints":{"allow":["GET"]}}],"collection":[{"href":"https:\/\/www.goiania.go.gov.br\/secult\/wp-json\/wp\/v2\/pages"}],"about":[{"href":"https:\/\/www.goiania.go.gov.br\/secult\/wp-json\/wp\/v2\/types\/page"}],"author":[{"embeddable":true,"href":"https:\/\/www.goiania.go.gov.br\/secult\/wp-json\/wp\/v2\/users\/11"}],"replies":[{"embeddable":true,"href":"https:\/\/www.goiania.go.gov.br\/secult\/wp-json\/wp\/v2\/comments?post=1104"}],"version-history":[{"count":3,"href":"https:\/\/www.goiania.go.gov.br\/secult\/wp-json\/wp\/v2\/pages\/1104\/revisions"}],"predecessor-version":[{"id":1110,"href":"https:\/\/www.goiania.go.gov.br\/secult\/wp-json\/wp\/v2\/pages\/1104\/revisions\/1110"}],"up":[{"embeddable":true,"href":"https:\/\/www.goiania.go.gov.br\/secult\/wp-json\/wp\/v2\/pages\/918"}],"wp:attachment":[{"href":"https:\/\/www.goiania.go.gov.br\/secult\/wp-json\/wp\/v2\/media?parent=1104"}],"curies":[{"name":"wp","href":"https:\/\/api.w.org\/{rel}","templated":true}]}}