{"id":93,"date":"2020-06-05T16:12:33","date_gmt":"2020-06-05T19:12:33","guid":{"rendered":"https:\/\/www.goiania.go.gov.br\/procuradoria\/?page_id=93"},"modified":"2025-04-16T16:09:51","modified_gmt":"2025-04-16T19:09:51","slug":"procurador-geral","status":"publish","type":"page","link":"https:\/\/www.goiania.go.gov.br\/procuradoria\/procurador-geral\/","title":{"rendered":"Procurador-Geral do Munic\u00edpio"},"content":{"rendered":"\n<h2 class=\"wp-block-heading\">Wandir Allan de Oliveira<\/h2>\n\n\n\n<p><\/p>\n\n\n\n<p><strong>ATRIBUI\u00c7\u00d5ES<\/strong><\/p>\n\n\n\n<p>Compete ao Procurador-Geral representar o Munic\u00edpio de Goi\u00e2nia em qualquer ju\u00edzo ou inst\u00e2ncia, al\u00e9m de dar suporte jur\u00eddico aos gestores da Administra\u00e7\u00e3o Municipal para que os atos sejam realizados dentro da legalidade e atenda ao interesse p\u00fablico, entre outras atribui\u00e7\u00f5es.<\/p>\n\n\n\n<p><\/p>\n\n\n\n<p><strong>CONTATO<\/strong><\/p>\n\n\n\n<p>(62) 3524-1007<\/p>\n\n\n\n<p><\/p>\n\n\n\n<p><\/p>\n","protected":false},"excerpt":{"rendered":"<p>Wandir Allan de Oliveira ATRIBUI\u00c7\u00d5ES Compete ao Procurador-Geral representar o Munic\u00edpio de Goi\u00e2nia em qualquer ju\u00edzo ou inst\u00e2ncia, al\u00e9m de dar suporte jur\u00eddico aos gestores da Administra\u00e7\u00e3o Municipal para que os atos sejam realizados dentro da legalidade e atenda ao interesse p\u00fablico, entre outras atribui\u00e7\u00f5es. CONTATO (62) 3524-1007<\/p>\n","protected":false},"author":23,"featured_media":0,"parent":0,"menu_order":51,"comment_status":"closed","ping_status":"closed","template":"","meta":{"_acf_changed":false,"custom_icon_class":"","footnotes":""},"class_list":["post-93","page","type-page","status-publish","hentry"],"acf":[],"_links":{"self":[{"href":"https:\/\/www.goiania.go.gov.br\/procuradoria\/wp-json\/wp\/v2\/pages\/93","targetHints":{"allow":["GET"]}}],"collection":[{"href":"https:\/\/www.goiania.go.gov.br\/procuradoria\/wp-json\/wp\/v2\/pages"}],"about":[{"href":"https:\/\/www.goiania.go.gov.br\/procuradoria\/wp-json\/wp\/v2\/types\/page"}],"author":[{"embeddable":true,"href":"https:\/\/www.goiania.go.gov.br\/procuradoria\/wp-json\/wp\/v2\/users\/23"}],"replies":[{"embeddable":true,"href":"https:\/\/www.goiania.go.gov.br\/procuradoria\/wp-json\/wp\/v2\/comments?post=93"}],"version-history":[{"count":10,"href":"https:\/\/www.goiania.go.gov.br\/procuradoria\/wp-json\/wp\/v2\/pages\/93\/revisions"}],"predecessor-version":[{"id":1978,"href":"https:\/\/www.goiania.go.gov.br\/procuradoria\/wp-json\/wp\/v2\/pages\/93\/revisions\/1978"}],"wp:attachment":[{"href":"https:\/\/www.goiania.go.gov.br\/procuradoria\/wp-json\/wp\/v2\/media?parent=93"}],"curies":[{"name":"wp","href":"https:\/\/api.w.org\/{rel}","templated":true}]}}