{"id":1124,"date":"2022-07-13T17:38:15","date_gmt":"2022-07-13T20:38:15","guid":{"rendered":"https:\/\/www.goiania.go.gov.br\/procuradoria\/?page_id=1124"},"modified":"2022-07-13T17:38:15","modified_gmt":"2022-07-13T20:38:15","slug":"pareceres-2020","status":"publish","type":"page","link":"https:\/\/www.goiania.go.gov.br\/procuradoria\/pareceres-2020\/","title":{"rendered":"PARECERES 2020"},"content":{"rendered":"\n<p><a href=\"https:\/\/www.goiania.go.gov.br\/procuradoria\/wp-content\/uploads\/sites\/11\/2022\/07\/Parecer-n.-072.2020.-Empregado-Publico.-Cargo-em-comissao-em-autarquia.-Participacao-no-Plano-Diretor._compressed.pdf\">Parecer 072\/2020<\/a> &#8211; Empregado P\u00fablico. Cargo em comiss\u00e3o em autarquia. Participa\u00e7\u00e3o no Plano Diretor.<\/p>\n\n\n\n<p><a href=\"https:\/\/www.goiania.go.gov.br\/procuradoria\/wp-content\/uploads\/sites\/11\/2022\/07\/Parecer-no-206.2020.-Contrato-por-tempo-determinado.-Remuneracao.-Limite.-SEINFRA..pdf\">Parecer 206\/2020<\/a> &#8211; Contrato por tempo determinado. Remunera\u00e7\u00e3o. Limite. SEINFRA.<\/p>\n\n\n\n<p><a href=\"https:\/\/www.goiania.go.gov.br\/procuradoria\/wp-content\/uploads\/sites\/11\/2022\/07\/Parecer-no-409.2020-Afastamento-para-cursar-Doutorado-em-Goiania..pdf\">Parecer 409\/2020<\/a> &#8211; Afastamento para cursar Doutorado em Goi\u00e2nia.<\/p>\n\n\n\n<p><a href=\"https:\/\/www.goiania.go.gov.br\/procuradoria\/wp-content\/uploads\/sites\/11\/2022\/07\/Parecer-no-468.2020.-Contrato-por-tempo-determinado.-Nao-aplicacao-da-CLT.-Validade-ou-Nulidade-do-contrato.-FGTS..pdf\">Parecer 468\/2020<\/a> &#8211; Contrato por tempo determinado. N\u00e3o aplica\u00e7\u00e3o da CLT. Validade ou Nulidade do contrato. FGTS.<\/p>\n\n\n\n<p><a href=\"https:\/\/www.goiania.go.gov.br\/procuradoria\/wp-content\/uploads\/sites\/11\/2022\/07\/Parecer-no-499.2020.-Decreto-1639.2017.-Quarentena.-GOIANIAPREV.pdf\">Parecer 499\/2020<\/a> &#8211; Decreto 1639.2017. Quarentena. GOIANIAPREV.<\/p>\n\n\n\n<p><a href=\"https:\/\/www.goiania.go.gov.br\/procuradoria\/wp-content\/uploads\/sites\/11\/2022\/07\/Parecer-no-550.2020.-Contrato-por-Tempo-Determinado.-Decisao-Judicial.-Recontratacao._compressed.pdf\">Parecer 550\/2020<\/a> &#8211; Contrato por Tempo Determinado. Decis\u00e3o Judicial. Recontrata\u00e7\u00e3o.<\/p>\n\n\n\n<p><a href=\"https:\/\/www.goiania.go.gov.br\/procuradoria\/wp-content\/uploads\/sites\/11\/2022\/07\/Parecer-no-569.2020-Adicional-de-Insalubridade.-Licenca-para-tratamento-de-saude.-Suspensao..pdf\">Parecer 569\/2020<\/a> &#8211; Adicional de Insalubridade. Licen\u00e7a para tratamento de sa\u00fade. Suspens\u00e3o.<\/p>\n\n\n\n<p><a href=\"https:\/\/www.goiania.go.gov.br\/procuradoria\/wp-content\/uploads\/sites\/11\/2022\/07\/Parecer-no-570.2020.-RGPS.-Doenca-ocupacional.-Emissao-de-CAT..pdf\">Parecer 570\/2020<\/a> &#8211; RGPS. Doen\u00e7a ocupacional. Emiss\u00e3o de CAT.<\/p>\n\n\n\n<p><a href=\"https:\/\/www.goiania.go.gov.br\/procuradoria\/wp-content\/uploads\/sites\/11\/2022\/07\/Parecer-no-572.2020.-AGCM.-Servico-de-Supervisao._compressed.pdf\">Parecer 572\/2020 <\/a>&#8211; AGCM. Servi\u00e7o de Supervis\u00e3o.<\/p>\n\n\n\n<p><a href=\"https:\/\/www.goiania.go.gov.br\/procuradoria\/wp-content\/uploads\/sites\/11\/2022\/07\/Parecer-no-577.2020.-RGPS.-Doenca-ocupacional.-Emissao-de-CAT..pdf\">Parecer 577\/2020<\/a> &#8211; RGPS. Doen\u00e7a ocupacional. Emiss\u00e3o de CAT.<\/p>\n\n\n\n<p><a href=\"https:\/\/www.goiania.go.gov.br\/procuradoria\/wp-content\/uploads\/sites\/11\/2022\/07\/Parecer-no-582.2020.-Vedacao-de-aumento-de-despesa.-180-dias-do-fim-do-mandato..pdf\">Parecer 582\/2020<\/a> &#8211; Veda\u00e7\u00e3o de aumento de despesa. 180 dias do fim do mandato.<\/p>\n\n\n\n<p><a href=\"https:\/\/www.goiania.go.gov.br\/procuradoria\/wp-content\/uploads\/sites\/11\/2022\/07\/Parecer-no-591.2020-Pagamento-retroativo.-Funcao-de-Confianca..pdf\">Parecer 591\/2020 <\/a>&#8211; Pagamento retroativo. Fun\u00e7\u00e3o de Confian\u00e7a.<\/p>\n\n\n\n<p><\/p>\n","protected":false},"excerpt":{"rendered":"<p>Parecer 072\/2020 &#8211; Empregado P\u00fablico. Cargo em comiss\u00e3o em autarquia. Participa\u00e7\u00e3o no Plano Diretor. Parecer 206\/2020 &#8211; Contrato por tempo determinado. Remunera\u00e7\u00e3o. Limite. SEINFRA. Parecer 409\/2020 &#8211; Afastamento para cursar Doutorado em Goi\u00e2nia. Parecer 468\/2020 &#8211; Contrato por tempo determinado. N\u00e3o aplica\u00e7\u00e3o da CLT. Validade ou Nulidade do contrato. FGTS. Parecer 499\/2020 &#8211; Decreto 1639.2017. [&hellip;]<\/p>\n","protected":false},"author":23,"featured_media":0,"parent":0,"menu_order":46,"comment_status":"closed","ping_status":"closed","template":"","meta":{"_acf_changed":false,"custom_icon_class":"","footnotes":""},"class_list":["post-1124","page","type-page","status-publish","hentry"],"acf":[],"_links":{"self":[{"href":"https:\/\/www.goiania.go.gov.br\/procuradoria\/wp-json\/wp\/v2\/pages\/1124","targetHints":{"allow":["GET"]}}],"collection":[{"href":"https:\/\/www.goiania.go.gov.br\/procuradoria\/wp-json\/wp\/v2\/pages"}],"about":[{"href":"https:\/\/www.goiania.go.gov.br\/procuradoria\/wp-json\/wp\/v2\/types\/page"}],"author":[{"embeddable":true,"href":"https:\/\/www.goiania.go.gov.br\/procuradoria\/wp-json\/wp\/v2\/users\/23"}],"replies":[{"embeddable":true,"href":"https:\/\/www.goiania.go.gov.br\/procuradoria\/wp-json\/wp\/v2\/comments?post=1124"}],"version-history":[{"count":1,"href":"https:\/\/www.goiania.go.gov.br\/procuradoria\/wp-json\/wp\/v2\/pages\/1124\/revisions"}],"predecessor-version":[{"id":1125,"href":"https:\/\/www.goiania.go.gov.br\/procuradoria\/wp-json\/wp\/v2\/pages\/1124\/revisions\/1125"}],"wp:attachment":[{"href":"https:\/\/www.goiania.go.gov.br\/procuradoria\/wp-json\/wp\/v2\/media?parent=1124"}],"curies":[{"name":"wp","href":"https:\/\/api.w.org\/{rel}","templated":true}]}}