{"id":330,"date":"2022-03-29T15:41:49","date_gmt":"2021-04-27T15:43:10","guid":{"rendered":"https:\/\/www.goiania.go.gov.br\/procon\/apresentacao\/chefia-da-advocacia-setorial\/"},"modified":"2025-04-14T10:13:04","modified_gmt":"2025-04-14T13:13:04","slug":"chefia-da-advocacia-setorial","status":"publish","type":"page","link":"https:\/\/www.goiania.go.gov.br\/procon\/apresentacao\/chefia-da-advocacia-setorial\/","title":{"rendered":"Chefe da Advocacia Setorial do PROCON"},"content":{"rendered":"\n<p><strong>Art. 15. <\/strong>Compete ao Chefe da Advocacia Setorial, unidade de assist\u00eancia e assessoramento jur\u00eddico do PROCON\/GOI\u00c2NIA, incumbida de proceder a an\u00e1lise e a emiss\u00e3o de pareceres jur\u00eddicos para o julgamento em primeira inst\u00e2ncia administrativa dos processos contenciosos: <\/p>\n\n\n\n<p><strong>I &#8211; <\/strong>fazer observar as disposi\u00e7\u00f5es e os prazos fixados em leis e regulamentos para a tramita\u00e7\u00e3o de processos relacionados com procedimentos fiscais; <\/p>\n\n\n\n<p><strong>II &#8211; <\/strong>promover a instru\u00e7\u00e3o e a emiss\u00e3o de parecer jur\u00eddico em processos fiscais contenciosos, de autos de infra\u00e7\u00f5es, interdi\u00e7\u00f5es, apreens\u00f5es e de outros atos fiscais e administrativos, decorrentes da aplica\u00e7\u00e3o da legisla\u00e7\u00e3o de compet\u00eancia do PROCON\/GOI\u00c2NIA; <\/p>\n\n\n\n<p><strong>III &#8211;<\/strong> verificar a corre\u00e7\u00e3o e a legalidade dos documentos e processos submetidos \u00e0 assinatura do Presidente do PROCON\/GOI\u00c2NIA, providenciando quando for o caso, a conveniente instru\u00e7\u00e3o dos mesmos; <\/p>\n\n\n\n<p><strong>IV &#8211; <\/strong>assessorar juridicamente, quando solicitado, a realiza\u00e7\u00e3o de acordos entre as partes envolvidas nas reclama\u00e7\u00f5es, individuais ou coletivas; <\/p>\n\n\n\n<p><strong>V &#8211;<\/strong> promover o registro dos processos contenciosos, acompanhando sua tramita\u00e7\u00e3o at\u00e9 a solu\u00e7\u00e3o final nas esferas administrativa e judicial; <\/p>\n\n\n\n<p><strong>VI &#8211;<\/strong> formular, sempre que for o caso, representa\u00e7\u00f5es em favor do consumidor, a serem impetradas pela Presid\u00eancia do PROCON\/GOI\u00c2NIA;<\/p>\n\n\n\n<p> <strong>VII &#8211; <\/strong>manter arquivadas, ordenadamente, as c\u00f3pias das decis\u00f5es de primeira e de segunda inst\u00e2ncias prolatadas nos processos contenciosos fiscais, utilizando-as como subs\u00eddios para o desempenho de suas fun\u00e7\u00f5es;<\/p>\n\n\n\n<p><strong>VIII &#8211; <\/strong>providenciar a notifica\u00e7\u00e3o dos autuados para o cumprimento das decis\u00f5es de primeira inst\u00e2ncia, na forma da lei; <\/p>\n\n\n\n<p><strong>IX &#8211; <\/strong>assessorar de forma jur\u00eddica todos os departamentos, emitir pareceres sobre mat\u00e9rias, submetidas \u00e0 sua aprecia\u00e7\u00e3o; <\/p>\n\n\n\n<p><strong>X &#8211; <\/strong>elaborar minutas de decretos, conv\u00eanios, contratos e de outros atos administrativos, necess\u00e1rios \u00e0 adequada e fiel execu\u00e7\u00e3o do processo de defesa dos direitos do consumidor, quando solicitados; <\/p>\n\n\n\n<p><strong>XI &#8211; <\/strong>proceder a defesa dos interesses do PROCON\/GOI\u00c2NIA, impetrando recursos e outras medidas judiciais cab\u00edveis, conjuntamente com a (Procuradoria Geral do Munic\u00edpio); <\/p>\n\n\n\n<p><strong>XII &#8211;<\/strong> representar, propor e ajuizar a\u00e7\u00f5es coletivas, de que trata o artigo 81, da Lei Federal n\u00ba. 8.078\/90, contestando e acompanhando o seu andamento, junto a f\u00f3runs, tribunais e demais \u00f3rg\u00e3os competentes; <\/p>\n\n\n\n<p><strong>XIII &#8211;<\/strong> tomar as provid\u00eancias necess\u00e1rias para inscri\u00e7\u00e3o, na D\u00edvida Ativa, de infratores que n\u00e3o tenham quitado seus d\u00e9bitos nos prazos legais; <\/p>\n\n\n\n<p><strong>XIV &#8211; <\/strong>desenvolver outras atividades compat\u00edveis com as suas atribui\u00e7\u00f5es e que lhes forem designadas pelo Presidente do PROCON\/GOI\u00c2NIA.<\/p>\n\n\n\n<p><\/p>\n","protected":false},"excerpt":{"rendered":"<p>Art. 15. Compete ao Chefe da Advocacia Setorial, unidade de assist\u00eancia e assessoramento jur\u00eddico do PROCON\/GOI\u00c2NIA, incumbida de proceder a an\u00e1lise e a emiss\u00e3o de pareceres jur\u00eddicos para o julgamento em primeira inst\u00e2ncia administrativa dos processos contenciosos: I &#8211; fazer observar as disposi\u00e7\u00f5es e os prazos fixados em leis e regulamentos para a tramita\u00e7\u00e3o de [&hellip;]<\/p>\n","protected":false},"author":28,"featured_media":0,"parent":21,"menu_order":9,"comment_status":"closed","ping_status":"closed","template":"","meta":{"_acf_changed":false,"custom_icon_class":"","footnotes":""},"class_list":["post-330","page","type-page","status-publish","hentry"],"acf":[],"_links":{"self":[{"href":"https:\/\/www.goiania.go.gov.br\/procon\/wp-json\/wp\/v2\/pages\/330","targetHints":{"allow":["GET"]}}],"collection":[{"href":"https:\/\/www.goiania.go.gov.br\/procon\/wp-json\/wp\/v2\/pages"}],"about":[{"href":"https:\/\/www.goiania.go.gov.br\/procon\/wp-json\/wp\/v2\/types\/page"}],"author":[{"embeddable":true,"href":"https:\/\/www.goiania.go.gov.br\/procon\/wp-json\/wp\/v2\/users\/28"}],"replies":[{"embeddable":true,"href":"https:\/\/www.goiania.go.gov.br\/procon\/wp-json\/wp\/v2\/comments?post=330"}],"version-history":[{"count":2,"href":"https:\/\/www.goiania.go.gov.br\/procon\/wp-json\/wp\/v2\/pages\/330\/revisions"}],"predecessor-version":[{"id":472,"href":"https:\/\/www.goiania.go.gov.br\/procon\/wp-json\/wp\/v2\/pages\/330\/revisions\/472"}],"up":[{"embeddable":true,"href":"https:\/\/www.goiania.go.gov.br\/procon\/wp-json\/wp\/v2\/pages\/21"}],"wp:attachment":[{"href":"https:\/\/www.goiania.go.gov.br\/procon\/wp-json\/wp\/v2\/media?parent=330"}],"curies":[{"name":"wp","href":"https:\/\/api.w.org\/{rel}","templated":true}]}}

<p><strong>Art. 15. </strong>Compete ao Chefe da Advocacia Setorial, unidade de assistência e assessoramento jurídico do PROCON/GOIÂNIA, incumbida de proceder a análise e a emissão de pareceres jurídicos para o julgamento em primeira instância administrativa dos processos contenciosos: </p>



<p><strong>I &#8211; </strong>fazer observar as disposições e os prazos fixados em leis e regulamentos para a tramitação de processos relacionados com procedimentos fiscais; </p>



<p><strong>II &#8211; </strong>promover a instrução e a emissão de parecer jurídico em processos fiscais contenciosos, de autos de infrações, interdições, apreensões e de outros atos fiscais e administrativos, decorrentes da aplicação da legislação de competência do PROCON/GOIÂNIA; </p>



<p><strong>III &#8211;</strong> verificar a correção e a legalidade dos documentos e processos submetidos à assinatura do Presidente do PROCON/GOIÂNIA, providenciando quando for o caso, a conveniente instrução dos mesmos; </p>



<p><strong>IV &#8211; </strong>assessorar juridicamente, quando solicitado, a realização de acordos entre as partes envolvidas nas reclamações, individuais ou coletivas; </p>



<p><strong>V &#8211;</strong> promover o registro dos processos contenciosos, acompanhando sua tramitação até a solução final nas esferas administrativa e judicial; </p>



<p><strong>VI &#8211;</strong> formular, sempre que for o caso, representações em favor do consumidor, a serem impetradas pela Presidência do PROCON/GOIÂNIA;</p>



<p> <strong>VII &#8211; </strong>manter arquivadas, ordenadamente, as cópias das decisões de primeira e de segunda instâncias prolatadas nos processos contenciosos fiscais, utilizando-as como subsídios para o desempenho de suas funções;</p>



<p><strong>VIII &#8211; </strong>providenciar a notificação dos autuados para o cumprimento das decisões de primeira instância, na forma da lei; </p>



<p><strong>IX &#8211; </strong>assessorar de forma jurídica todos os departamentos, emitir pareceres sobre matérias, submetidas à sua apreciação; </p>



<p><strong>X &#8211; </strong>elaborar minutas de decretos, convênios, contratos e de outros atos administrativos, necessários à adequada e fiel execução do processo de defesa dos direitos do consumidor, quando solicitados; </p>



<p><strong>XI &#8211; </strong>proceder a defesa dos interesses do PROCON/GOIÂNIA, impetrando recursos e outras medidas judiciais cabíveis, conjuntamente com a (Procuradoria Geral do Município); </p>



<p><strong>XII &#8211;</strong> representar, propor e ajuizar ações coletivas, de que trata o artigo 81, da Lei Federal nº. 8.078/90, contestando e acompanhando o seu andamento, junto a fóruns, tribunais e demais órgãos competentes; </p>



<p><strong>XIII &#8211;</strong> tomar as providências necessárias para inscrição, na Dívida Ativa, de infratores que não tenham quitado seus débitos nos prazos legais; </p>



<p><strong>XIV &#8211; </strong>desenvolver outras atividades compatíveis com as suas atribuições e que lhes forem designadas pelo Presidente do PROCON/GOIÂNIA.</p>



<p></p>

<p>Art. 15. Compete ao Chefe da Advocacia Setorial, unidade de assistência e assessoramento jurídico do PROCON/GOIÂNIA, incumbida de proceder a análise e a emissão de pareceres jurídicos para o julgamento em primeira instância administrativa dos processos contenciosos: I &#8211; fazer observar as disposições e os prazos fixados em leis e regulamentos para a tramitação de [&hellip;]</p>
