{"id":329,"date":"2022-03-29T15:41:49","date_gmt":"2021-04-27T15:41:12","guid":{"rendered":"https:\/\/www.goiania.go.gov.br\/procon\/apresentacao\/assessoria-de-comunicacao\/"},"modified":"2025-04-14T10:12:53","modified_gmt":"2025-04-14T13:12:53","slug":"assessoria-de-comunicacao","status":"publish","type":"page","link":"https:\/\/www.goiania.go.gov.br\/procon\/apresentacao\/assessoria-de-comunicacao\/","title":{"rendered":"Assessor de Comunica\u00e7\u00e3o do PROCON"},"content":{"rendered":"\n<p><strong>Art. 14.<\/strong> Compete \u00e0 Assessoria de Comunica\u00e7\u00e3o, a unidade de assist\u00eancia, assessoramento e comunica\u00e7\u00e3o do PROCON\/GOI\u00c2NIA, planejamento, execu\u00e7\u00e3o, acompanhamento, registro e avalia\u00e7\u00e3o das atividades relacionadas \u00e0 comunica\u00e7\u00e3o interna e externa do PROCON\/GOI\u00c2NIA, e a sua chefia: <\/p>\n\n\n\n<p><strong>I &#8211;<\/strong> Assessorar o Presidente do Programa de Defesa do Consumidor em assuntos de sua especialidade; <\/p>\n\n\n\n<p><strong>II &#8211;<\/strong> Planejar procedimentos a serem adotados na \u00e1rea de comunica\u00e7\u00e3o; <\/p>\n\n\n\n<p><strong>III &#8211;<\/strong> Encaminhar para publica\u00e7\u00e3o os trabalhos e mat\u00e9rias de interesse do Programa de Defesa do Consumidor; <\/p>\n\n\n\n<p><strong>IV &#8211; <\/strong>Preparar material para as entrevistas aos meios de comunica\u00e7\u00e3o; V &#8211; Divulgar, por meio dos ve\u00edculos de comunica\u00e7\u00e3o, orienta\u00e7\u00f5es, materiais t\u00e9cnicos relativos \u00e0 defesa e prote\u00e7\u00e3o do consumidor e materiais institucionais, j\u00e1 submetidos \u00e0 aprecia\u00e7\u00e3o da Presid\u00eancia; <\/p>\n\n\n\n<p><strong>VI &#8211;<\/strong> Redigir artigos, notas, an\u00fancios e avisos de interesse do Programa de Defesa do Consumidor; <\/p>\n\n\n\n<p><strong>VII &#8211;<\/strong> Efetuar controle di\u00e1rio do notici\u00e1rio veiculado em jornais, revistas, r\u00e1dio, sites e televis\u00e3o e outros meios de comunica\u00e7\u00e3o; <\/p>\n\n\n\n<p><strong>VIII &#8211;<\/strong> Redigir e distribuir relat\u00f3rios interno do Programa de Defesa do Consumidor; <\/p>\n\n\n\n<p><strong>IX &#8211;<\/strong> Preparar e adequar \u00e0 apresenta\u00e7\u00e3o do material t\u00e9cnico;<\/p>\n\n\n\n<p> <strong>X &#8211; <\/strong>Participar, quando solicitado, do planejamento das atividades relativas \u00e0 realiza\u00e7\u00e3o de eventos, inclusive na reda\u00e7\u00e3o e revis\u00e3o de textos e sele\u00e7\u00e3o de mat\u00e9rias para divulga\u00e7\u00e3o;<\/p>\n\n\n\n<p><strong>XI &#8211; <\/strong>Efetuar triagem de entrevistas para os meios de comunica\u00e7\u00e3o, encaminhando aos t\u00e9cnicos especializados no assunto; <\/p>\n\n\n\n<p><strong>XII &#8211;<\/strong> Atualizar a Presid\u00eancia do PROCON\/GOI\u00c2NIA, com informa\u00e7\u00f5es sobre assuntos pertinentes ao consumidor;<\/p>\n\n\n\n<p> <strong>XIII &#8211; <\/strong>Realizar outras atividades correlatas e pertinentes ao seu campo de atua\u00e7\u00e3o, aprovadas pela Presid\u00eancia do Programa de Defesa do Consumidor.<\/p>\n","protected":false},"excerpt":{"rendered":"<p>Art. 14. Compete \u00e0 Assessoria de Comunica\u00e7\u00e3o, a unidade de assist\u00eancia, assessoramento e comunica\u00e7\u00e3o do PROCON\/GOI\u00c2NIA, planejamento, execu\u00e7\u00e3o, acompanhamento, registro e avalia\u00e7\u00e3o das atividades relacionadas \u00e0 comunica\u00e7\u00e3o interna e externa do PROCON\/GOI\u00c2NIA, e a sua chefia: I &#8211; Assessorar o Presidente do Programa de Defesa do Consumidor em assuntos de sua especialidade; II &#8211; Planejar [&hellip;]<\/p>\n","protected":false},"author":28,"featured_media":0,"parent":21,"menu_order":8,"comment_status":"closed","ping_status":"closed","template":"","meta":{"_acf_changed":false,"custom_icon_class":"","footnotes":""},"class_list":["post-329","page","type-page","status-publish","hentry"],"acf":[],"_links":{"self":[{"href":"https:\/\/www.goiania.go.gov.br\/procon\/wp-json\/wp\/v2\/pages\/329","targetHints":{"allow":["GET"]}}],"collection":[{"href":"https:\/\/www.goiania.go.gov.br\/procon\/wp-json\/wp\/v2\/pages"}],"about":[{"href":"https:\/\/www.goiania.go.gov.br\/procon\/wp-json\/wp\/v2\/types\/page"}],"author":[{"embeddable":true,"href":"https:\/\/www.goiania.go.gov.br\/procon\/wp-json\/wp\/v2\/users\/28"}],"replies":[{"embeddable":true,"href":"https:\/\/www.goiania.go.gov.br\/procon\/wp-json\/wp\/v2\/comments?post=329"}],"version-history":[{"count":2,"href":"https:\/\/www.goiania.go.gov.br\/procon\/wp-json\/wp\/v2\/pages\/329\/revisions"}],"predecessor-version":[{"id":471,"href":"https:\/\/www.goiania.go.gov.br\/procon\/wp-json\/wp\/v2\/pages\/329\/revisions\/471"}],"up":[{"embeddable":true,"href":"https:\/\/www.goiania.go.gov.br\/procon\/wp-json\/wp\/v2\/pages\/21"}],"wp:attachment":[{"href":"https:\/\/www.goiania.go.gov.br\/procon\/wp-json\/wp\/v2\/media?parent=329"}],"curies":[{"name":"wp","href":"https:\/\/api.w.org\/{rel}","templated":true}]}}

Assessor de Comunicação do PROCON

<p><strong>Art. 14.</strong> Compete à Assessoria de Comunicação, a unidade de assistência, assessoramento e comunicação do PROCON/GOIÂNIA, planejamento, execução, acompanhamento, registro e avaliação das atividades relacionadas à comunicação interna e externa do PROCON/GOIÂNIA, e a sua chefia: </p>



<p><strong>I &#8211;</strong> Assessorar o Presidente do Programa de Defesa do Consumidor em assuntos de sua especialidade; </p>



<p><strong>II &#8211;</strong> Planejar procedimentos a serem adotados na área de comunicação; </p>



<p><strong>III &#8211;</strong> Encaminhar para publicação os trabalhos e matérias de interesse do Programa de Defesa do Consumidor; </p>



<p><strong>IV &#8211; </strong>Preparar material para as entrevistas aos meios de comunicação; V &#8211; Divulgar, por meio dos veículos de comunicação, orientações, materiais técnicos relativos à defesa e proteção do consumidor e materiais institucionais, já submetidos à apreciação da Presidência; </p>



<p><strong>VI &#8211;</strong> Redigir artigos, notas, anúncios e avisos de interesse do Programa de Defesa do Consumidor; </p>



<p><strong>VII &#8211;</strong> Efetuar controle diário do noticiário veiculado em jornais, revistas, rádio, sites e televisão e outros meios de comunicação; </p>



<p><strong>VIII &#8211;</strong> Redigir e distribuir relatórios interno do Programa de Defesa do Consumidor; </p>



<p><strong>IX &#8211;</strong> Preparar e adequar à apresentação do material técnico;</p>



<p> <strong>X &#8211; </strong>Participar, quando solicitado, do planejamento das atividades relativas à realização de eventos, inclusive na redação e revisão de textos e seleção de matérias para divulgação;</p>



<p><strong>XI &#8211; </strong>Efetuar triagem de entrevistas para os meios de comunicação, encaminhando aos técnicos especializados no assunto; </p>



<p><strong>XII &#8211;</strong> Atualizar a Presidência do PROCON/GOIÂNIA, com informações sobre assuntos pertinentes ao consumidor;</p>



<p> <strong>XIII &#8211; </strong>Realizar outras atividades correlatas e pertinentes ao seu campo de atuação, aprovadas pela Presidência do Programa de Defesa do Consumidor.</p>

<p>Art. 14. Compete à Assessoria de Comunicação, a unidade de assistência, assessoramento e comunicação do PROCON/GOIÂNIA, planejamento, execução, acompanhamento, registro e avaliação das atividades relacionadas à comunicação interna e externa do PROCON/GOIÂNIA, e a sua chefia: I &#8211; Assessorar o Presidente do Programa de Defesa do Consumidor em assuntos de sua especialidade; II &#8211; Planejar [&hellip;]</p>
