{"id":21,"date":"2019-08-01T14:17:53","date_gmt":"2019-07-16T18:30:16","guid":{"rendered":"http:\/\/www12.goiania.go.gov.br\/procon\/?page_id=21"},"modified":"2021-05-14T11:19:33","modified_gmt":"2021-05-14T14:19:33","slug":"apresentacao","status":"publish","type":"page","link":"https:\/\/www.goiania.go.gov.br\/procon\/apresentacao\/","title":{"rendered":"PROCON GOI\u00c2NIA"},"content":{"rendered":"\n<p><strong>Art. 1\u00ba<\/strong> O Programa de Defesa do Consumidor &#8211; PROCON\/GOI\u00c2NIA, entidade de natureza aut\u00e1rquica, dotada de autonomia administrativa e financeira, criado nos termos da al\u00ednea \u201ce\u201d, inciso II, do art. 26, da Lei Complementar n\u00ba 335, de 01 de janeiro de 2021, integra a Administra\u00e7\u00e3o Indireta do Poder Executivo Municipal, tendo por finalidade a promo\u00e7\u00e3o e implementa\u00e7\u00e3o de a\u00e7\u00f5es direcionadas \u00e0 formula\u00e7\u00e3o e execu\u00e7\u00e3o da Pol\u00edtica Municipal de Prote\u00e7\u00e3o, Orienta\u00e7\u00e3o, Defesa e Educa\u00e7\u00e3o do Consumidor, conforme Lei n\u00ba 7.770, de 29 de dezembro de 1997, Lei Federal n\u00ba 8.078, de 11 de setembro de 1990 e o Decreto Federal n\u00ba 2.181, de 20 de mar\u00e7o de 1997.<\/p>\n\n\n\n<p> <strong>Par\u00e1grafo \u00fanico. <\/strong>Programa de Defesa do Consumidor &#8211; PROCON\/GOI\u00c2NIA vincula-se para fins de supervis\u00e3o \u00e0 Procuradoria Geral do Munic\u00edpio. <\/p>\n\n\n\n<p><strong>Art. 2\u00ba <\/strong>O Programa de Defesa do Consumidor &#8211; PROCON\/GOI\u00c2NIA atuar\u00e1 de forma integrada com os demais \u00f3rg\u00e3os e entidades da Administra\u00e7\u00e3o Municipal na consecu\u00e7\u00e3o dos objetivos e metas governamentais a ela relacionados, observadas as compet\u00eancias e a sua dimens\u00e3o de atua\u00e7\u00e3o, definidas pela Lei Complementar n\u00ba 335\/2021. <\/p>\n\n\n\n<p><strong>Art. 3\u00ba <\/strong>As normas de administra\u00e7\u00e3o a serem seguidas pelo Programa de Defesa do Consumidor &#8211; PROCON\/GOI\u00c2NIA dever\u00e3o atender \u00e0s diretrizes e orienta\u00e7\u00f5es emanadas pelos \u00f3rg\u00e3os centrais dos sistemas municipais, previstas no art. 31 da Lei Complementar n\u00ba 335\/2021, e os seguintes princ\u00edpios b\u00e1sicos: legalidade, impessoalidade, moralidade, publicidade, efici\u00eancia, efic\u00e1cia e supremacia do interesse p\u00fablico.<\/p>\n","protected":false},"excerpt":{"rendered":"<p>Art. 1\u00ba O Programa de Defesa do Consumidor &#8211; PROCON\/GOI\u00c2NIA, entidade de natureza aut\u00e1rquica, dotada de autonomia administrativa e financeira, criado nos termos da al\u00ednea \u201ce\u201d, inciso II, do art. 26, da Lei Complementar n\u00ba 335, de 01 de janeiro de 2021, integra a Administra\u00e7\u00e3o Indireta do Poder Executivo Municipal, tendo por finalidade a promo\u00e7\u00e3o [&hellip;]<\/p>\n","protected":false},"author":1,"featured_media":0,"parent":0,"menu_order":0,"comment_status":"closed","ping_status":"closed","template":"","meta":{"_acf_changed":false,"custom_icon_class":"","footnotes":""},"class_list":["post-21","page","type-page","status-publish","hentry"],"acf":[],"_links":{"self":[{"href":"https:\/\/www.goiania.go.gov.br\/procon\/wp-json\/wp\/v2\/pages\/21","targetHints":{"allow":["GET"]}}],"collection":[{"href":"https:\/\/www.goiania.go.gov.br\/procon\/wp-json\/wp\/v2\/pages"}],"about":[{"href":"https:\/\/www.goiania.go.gov.br\/procon\/wp-json\/wp\/v2\/types\/page"}],"author":[{"embeddable":true,"href":"https:\/\/www.goiania.go.gov.br\/procon\/wp-json\/wp\/v2\/users\/1"}],"replies":[{"embeddable":true,"href":"https:\/\/www.goiania.go.gov.br\/procon\/wp-json\/wp\/v2\/comments?post=21"}],"version-history":[{"count":10,"href":"https:\/\/www.goiania.go.gov.br\/procon\/wp-json\/wp\/v2\/pages\/21\/revisions"}],"predecessor-version":[{"id":426,"href":"https:\/\/www.goiania.go.gov.br\/procon\/wp-json\/wp\/v2\/pages\/21\/revisions\/426"}],"wp:attachment":[{"href":"https:\/\/www.goiania.go.gov.br\/procon\/wp-json\/wp\/v2\/media?parent=21"}],"curies":[{"name":"wp","href":"https:\/\/api.w.org\/{rel}","templated":true}]}}

PROCON GOIÂNIA

<p><strong>Art. 1º</strong> O Programa de Defesa do Consumidor &#8211; PROCON/GOIÂNIA, entidade de natureza autárquica, dotada de autonomia administrativa e financeira, criado nos termos da alínea “e”, inciso II, do art. 26, da Lei Complementar nº 335, de 01 de janeiro de 2021, integra a Administração Indireta do Poder Executivo Municipal, tendo por finalidade a promoção e implementação de ações direcionadas à formulação e execução da Política Municipal de Proteção, Orientação, Defesa e Educação do Consumidor, conforme Lei nº 7.770, de 29 de dezembro de 1997, Lei Federal nº 8.078, de 11 de setembro de 1990 e o Decreto Federal nº 2.181, de 20 de março de 1997.</p>



<p> <strong>Parágrafo único. </strong>Programa de Defesa do Consumidor &#8211; PROCON/GOIÂNIA vincula-se para fins de supervisão à Procuradoria Geral do Município. </p>



<p><strong>Art. 2º </strong>O Programa de Defesa do Consumidor &#8211; PROCON/GOIÂNIA atuará de forma integrada com os demais órgãos e entidades da Administração Municipal na consecução dos objetivos e metas governamentais a ela relacionados, observadas as competências e a sua dimensão de atuação, definidas pela Lei Complementar nº 335/2021. </p>



<p><strong>Art. 3º </strong>As normas de administração a serem seguidas pelo Programa de Defesa do Consumidor &#8211; PROCON/GOIÂNIA deverão atender às diretrizes e orientações emanadas pelos órgãos centrais dos sistemas municipais, previstas no art. 31 da Lei Complementar nº 335/2021, e os seguintes princípios básicos: legalidade, impessoalidade, moralidade, publicidade, eficiência, eficácia e supremacia do interesse público.</p>

<p>Art. 1º O Programa de Defesa do Consumidor &#8211; PROCON/GOIÂNIA, entidade de natureza autárquica, dotada de autonomia administrativa e financeira, criado nos termos da alínea “e”, inciso II, do art. 26, da Lei Complementar nº 335, de 01 de janeiro de 2021, integra a Administração Indireta do Poder Executivo Municipal, tendo por finalidade a promoção [&hellip;]</p>
