{"id":115,"date":"2019-08-01T11:41:11","date_gmt":"2019-08-01T14:41:11","guid":{"rendered":"http:\/\/www12.goiania.go.gov.br\/procon\/apresentacao\/visao\/"},"modified":"2025-04-14T10:00:09","modified_gmt":"2025-04-14T13:00:09","slug":"visao","status":"publish","type":"page","link":"https:\/\/www.goiania.go.gov.br\/procon\/apresentacao\/visao\/","title":{"rendered":"ESTRUTURA ORGANIZACIONAL"},"content":{"rendered":"\n<p><strong>Art. 5\u00ba <\/strong>Integram a estrutura organizacional e administrativa do Programa de Defesa do Consumidor &#8211; PROCON\/GOI\u00c2NIA, as seguintes unidades:<\/p>\n\n\n\n<p><strong>1.12. Superintendente do PROCON<br>1.12.1. Chefe da Advocacia Setorial do PROCON<br>1.12.2. Assessor de Comunica\u00e7\u00e3o do PROCON<br>1.12.3. Gerente do Fundo Municipal de Prote\u00e7\u00e3o e Defesa do Consumidor<br>1.12.4. Gerente de Fiscaliza\u00e7\u00e3o<br>1.12.5. Gerente de Pesquisa e C\u00e1lculo<br>1.12.6. Gerente de Atendimento ao Consumidor<br>1.12.7. Gerente de Cart\u00f3rio e Protocolo<\/strong><\/p>\n\n\n\n<p><strong>\u00a7 1\u00ba<\/strong> O Programa de Defesa do Consumidor &#8211; PROCON\/GOI\u00c2NIA ser\u00e1 dirigido pelo Presidente, a Secretaria Executiva por Secret\u00e1rio Executivo, as Chefias por Chefes, as Diretorias por Diretores e as Ger\u00eancias por Gerentes, nomeados pelo Chefe do Poder Executivo para os respectivos cargos de provimento em comiss\u00e3o de chefia, dire\u00e7\u00e3o e assessoramento superior e\/ou intermedi\u00e1rio, constantes do Anexo I, da Lei Complementar n\u00ba 335\/2021.<\/p>\n\n\n\n<p> <strong>\u00a7 2\u00ba <\/strong>As Fun\u00e7\u00f5es de Confian\u00e7a (FC) alocadas \u00e0 PROCON\/GOI\u00c2NIA ter\u00e3o o seu quantitativo e respectiva simbologia definidas em decreto do Chefe do Poder Executivo, nos termos da Lei Complementar n\u00ba 335\/2021. <\/p>\n\n\n\n<p><strong>\u00a7 3\u00ba<\/strong> A designa\u00e7\u00e3o de servidores efetivos para o exerc\u00edcio de Fun\u00e7\u00e3o de Confian\u00e7a (FC) dar-se-\u00e1 por meio de Portaria do Titular da Pasta, na qual dever\u00e3o constar as atribui\u00e7\u00f5es a serem desempenhadas pelo servidor.  <\/p>\n\n\n\n<p><strong>\u00a7 4\u00ba<\/strong> O Presidente do Programa de Defesa do Consumidor -PROCON\/GOI\u00c2NIA, por ato pr\u00f3prio, poder\u00e1 criar comiss\u00f5es ou organizar equipes de trabalho de dura\u00e7\u00e3o tempor\u00e1ria, n\u00e3o remuneradas, com a finalidade de desenvolver trabalhos e executar projetos e atividades espec\u00edficas, de acordo com os objetivos a atingir e os recursos or\u00e7ament\u00e1rios destinados aos programas, definindo no ato que a constituir: o objetivo do trabalho, os componentes da equipe e o prazo para conclus\u00e3o dos trabalhos.<\/p>\n\n\n\n<p><strong>\u00a7 5\u00ba<\/strong> O Presidente do Programa de Defesa do Consumidor -PROCON\/GOI\u00c2NIA ser\u00e1 substitu\u00eddo, nas suas faltas e impedimentos, pelo Secret\u00e1rio Executivo, nos termos do \u00a71\u00ba do artigo 64 da Lei Complementar n\u00ba 335\/2021.<\/p>\n","protected":false},"excerpt":{"rendered":"<p>Art. 5\u00ba Integram a estrutura organizacional e administrativa do Programa de Defesa do Consumidor &#8211; PROCON\/GOI\u00c2NIA, as seguintes unidades: 1.12. Superintendente do PROCON1.12.1. Chefe da Advocacia Setorial do PROCON1.12.2. Assessor de Comunica\u00e7\u00e3o do PROCON1.12.3. Gerente do Fundo Municipal de Prote\u00e7\u00e3o e Defesa do Consumidor1.12.4. Gerente de Fiscaliza\u00e7\u00e3o1.12.5. Gerente de Pesquisa e C\u00e1lculo1.12.6. Gerente de Atendimento [&hellip;]<\/p>\n","protected":false},"author":28,"featured_media":0,"parent":21,"menu_order":1,"comment_status":"closed","ping_status":"closed","template":"","meta":{"_acf_changed":false,"custom_icon_class":"","footnotes":""},"class_list":["post-115","page","type-page","status-publish","hentry"],"acf":[],"_links":{"self":[{"href":"https:\/\/www.goiania.go.gov.br\/procon\/wp-json\/wp\/v2\/pages\/115","targetHints":{"allow":["GET"]}}],"collection":[{"href":"https:\/\/www.goiania.go.gov.br\/procon\/wp-json\/wp\/v2\/pages"}],"about":[{"href":"https:\/\/www.goiania.go.gov.br\/procon\/wp-json\/wp\/v2\/types\/page"}],"author":[{"embeddable":true,"href":"https:\/\/www.goiania.go.gov.br\/procon\/wp-json\/wp\/v2\/users\/28"}],"replies":[{"embeddable":true,"href":"https:\/\/www.goiania.go.gov.br\/procon\/wp-json\/wp\/v2\/comments?post=115"}],"version-history":[{"count":6,"href":"https:\/\/www.goiania.go.gov.br\/procon\/wp-json\/wp\/v2\/pages\/115\/revisions"}],"predecessor-version":[{"id":470,"href":"https:\/\/www.goiania.go.gov.br\/procon\/wp-json\/wp\/v2\/pages\/115\/revisions\/470"}],"up":[{"embeddable":true,"href":"https:\/\/www.goiania.go.gov.br\/procon\/wp-json\/wp\/v2\/pages\/21"}],"wp:attachment":[{"href":"https:\/\/www.goiania.go.gov.br\/procon\/wp-json\/wp\/v2\/media?parent=115"}],"curies":[{"name":"wp","href":"https:\/\/api.w.org\/{rel}","templated":true}]}}

<p><strong>Art. 5º </strong>Integram a estrutura organizacional e administrativa do Programa de Defesa do Consumidor &#8211; PROCON/GOIÂNIA, as seguintes unidades:</p>



<p><strong>1.12. Superintendente do PROCON<br>1.12.1. Chefe da Advocacia Setorial do PROCON<br>1.12.2. Assessor de Comunicação do PROCON<br>1.12.3. Gerente do Fundo Municipal de Proteção e Defesa do Consumidor<br>1.12.4. Gerente de Fiscalização<br>1.12.5. Gerente de Pesquisa e Cálculo<br>1.12.6. Gerente de Atendimento ao Consumidor<br>1.12.7. Gerente de Cartório e Protocolo</strong></p>



<p><strong>§ 1º</strong> O Programa de Defesa do Consumidor &#8211; PROCON/GOIÂNIA será dirigido pelo Presidente, a Secretaria Executiva por Secretário Executivo, as Chefias por Chefes, as Diretorias por Diretores e as Gerências por Gerentes, nomeados pelo Chefe do Poder Executivo para os respectivos cargos de provimento em comissão de chefia, direção e assessoramento superior e/ou intermediário, constantes do Anexo I, da Lei Complementar nº 335/2021.</p>



<p> <strong>§ 2º </strong>As Funções de Confiança (FC) alocadas à PROCON/GOIÂNIA terão o seu quantitativo e respectiva simbologia definidas em decreto do Chefe do Poder Executivo, nos termos da Lei Complementar nº 335/2021. </p>



<p><strong>§ 3º</strong> A designação de servidores efetivos para o exercício de Função de Confiança (FC) dar-se-á por meio de Portaria do Titular da Pasta, na qual deverão constar as atribuições a serem desempenhadas pelo servidor.  </p>



<p><strong>§ 4º</strong> O Presidente do Programa de Defesa do Consumidor -PROCON/GOIÂNIA, por ato próprio, poderá criar comissões ou organizar equipes de trabalho de duração temporária, não remuneradas, com a finalidade de desenvolver trabalhos e executar projetos e atividades específicas, de acordo com os objetivos a atingir e os recursos orçamentários destinados aos programas, definindo no ato que a constituir: o objetivo do trabalho, os componentes da equipe e o prazo para conclusão dos trabalhos.</p>



<p><strong>§ 5º</strong> O Presidente do Programa de Defesa do Consumidor -PROCON/GOIÂNIA será substituído, nas suas faltas e impedimentos, pelo Secretário Executivo, nos termos do §1º do artigo 64 da Lei Complementar nº 335/2021.</p>

<p>Art. 5º Integram a estrutura organizacional e administrativa do Programa de Defesa do Consumidor &#8211; PROCON/GOIÂNIA, as seguintes unidades: 1.12. Superintendente do PROCON1.12.1. Chefe da Advocacia Setorial do PROCON1.12.2. Assessor de Comunicação do PROCON1.12.3. Gerente do Fundo Municipal de Proteção e Defesa do Consumidor1.12.4. Gerente de Fiscalização1.12.5. Gerente de Pesquisa e Cálculo1.12.6. Gerente de Atendimento [&hellip;]</p>
