{"id":60,"date":"2020-01-24T09:43:32","date_gmt":"2020-01-24T12:43:32","guid":{"rendered":"https:\/\/www12.goiania.go.gov.br\/imas\/?page_id=60"},"modified":"2024-02-09T16:20:18","modified_gmt":"2024-02-09T19:20:18","slug":"o-imas","status":"publish","type":"page","link":"https:\/\/www.goiania.go.gov.br\/imas\/o-imas\/","title":{"rendered":"O Imas"},"content":{"rendered":"\n<p>O Instituto de Assist\u00eancia \u00e0 Sa\u00fade e Social dos Servidores\nMunicipais (Imas) \u00e9 uma autarquia municipal criada pela lei n\u00b0 8.537, de 20 de\njunho de 2007. Tem por finalidade a gest\u00e3o do Sistema de Assist\u00eancia \u00e0 Sa\u00fade\ndos Servidores Municipais de Goi\u00e2nia, juntamente com o Plano de Assist\u00eancia \u00e0\nSa\u00fade e o Fundo Assistencial.<\/p>\n\n\n\n<p>O objetivo do \u00f3rg\u00e3o \u00e9 a presta\u00e7\u00e3o de servi\u00e7os nas \u00e1reas m\u00e9dica, hospitalar, ambulatorial, laboratorial, odontol\u00f3gica, psicol\u00f3gica, fonoaudiol\u00f3gica, fisioter\u00e1pica, nutricional, farmac\u00eautica e de assist\u00eancia social dos servidores da prefeitura. Atualmente, o n\u00famero de atendidos pelo Imas soma 83.189 usu\u00e1rios, sendo 33.785 segurados servidores, 42.714 dependentes e 6.690 associados adjuntos.<\/p>\n\n\n\n<figure class=\"wp-block-image size-large\"><img loading=\"lazy\" decoding=\"async\" width=\"576\" height=\"1024\" src=\"https:\/\/www.goiania.go.gov.br\/imas\/wp-content\/uploads\/sites\/20\/2024\/02\/novo-imas-576x1024.jpg\" alt=\"\" class=\"wp-image-182\" srcset=\"https:\/\/www.goiania.go.gov.br\/imas\/wp-content\/uploads\/sites\/20\/2024\/02\/novo-imas-576x1024.jpg 576w, https:\/\/www.goiania.go.gov.br\/imas\/wp-content\/uploads\/sites\/20\/2024\/02\/novo-imas-169x300.jpg 169w, https:\/\/www.goiania.go.gov.br\/imas\/wp-content\/uploads\/sites\/20\/2024\/02\/novo-imas-768x1365.jpg 768w, https:\/\/www.goiania.go.gov.br\/imas\/wp-content\/uploads\/sites\/20\/2024\/02\/novo-imas-864x1536.jpg 864w, https:\/\/www.goiania.go.gov.br\/imas\/wp-content\/uploads\/sites\/20\/2024\/02\/novo-imas-1152x2048.jpg 1152w, https:\/\/www.goiania.go.gov.br\/imas\/wp-content\/uploads\/sites\/20\/2024\/02\/novo-imas-scaled.jpg 1080w\" sizes=\"auto, (max-width: 576px) 100vw, 576px\" \/><\/figure>\n","protected":false},"excerpt":{"rendered":"<p>O Instituto de Assist\u00eancia \u00e0 Sa\u00fade e Social dos Servidores Municipais (Imas) \u00e9 uma autarquia municipal criada pela lei n\u00b0 8.537, de 20 de junho de 2007. Tem por finalidade a gest\u00e3o do Sistema de Assist\u00eancia \u00e0 Sa\u00fade dos Servidores Municipais de Goi\u00e2nia, juntamente com o Plano de Assist\u00eancia \u00e0 Sa\u00fade e o Fundo Assistencial. [&hellip;]<\/p>\n","protected":false},"author":1,"featured_media":0,"parent":0,"menu_order":0,"comment_status":"closed","ping_status":"closed","template":"page-templates\/page-sidebar-right.php","meta":{"_acf_changed":false,"custom_icon_class":"","footnotes":""},"class_list":["post-60","page","type-page","status-publish","hentry"],"acf":[],"_links":{"self":[{"href":"https:\/\/www.goiania.go.gov.br\/imas\/wp-json\/wp\/v2\/pages\/60","targetHints":{"allow":["GET"]}}],"collection":[{"href":"https:\/\/www.goiania.go.gov.br\/imas\/wp-json\/wp\/v2\/pages"}],"about":[{"href":"https:\/\/www.goiania.go.gov.br\/imas\/wp-json\/wp\/v2\/types\/page"}],"author":[{"embeddable":true,"href":"https:\/\/www.goiania.go.gov.br\/imas\/wp-json\/wp\/v2\/users\/1"}],"replies":[{"embeddable":true,"href":"https:\/\/www.goiania.go.gov.br\/imas\/wp-json\/wp\/v2\/comments?post=60"}],"version-history":[{"count":2,"href":"https:\/\/www.goiania.go.gov.br\/imas\/wp-json\/wp\/v2\/pages\/60\/revisions"}],"predecessor-version":[{"id":184,"href":"https:\/\/www.goiania.go.gov.br\/imas\/wp-json\/wp\/v2\/pages\/60\/revisions\/184"}],"wp:attachment":[{"href":"https:\/\/www.goiania.go.gov.br\/imas\/wp-json\/wp\/v2\/media?parent=60"}],"curies":[{"name":"wp","href":"https:\/\/api.w.org\/{rel}","templated":true}]}}