{"id":228,"date":"2024-03-22T16:44:05","date_gmt":"2024-03-22T19:44:05","guid":{"rendered":"https:\/\/www.goiania.go.gov.br\/imas\/?page_id=228"},"modified":"2024-03-27T09:23:42","modified_gmt":"2024-03-27T12:23:42","slug":"cadeia-de-valor-processos-organizacionais-e-procedimentos-operacionais-padrao","status":"publish","type":"page","link":"https:\/\/www.goiania.go.gov.br\/imas\/cadeia-de-valor-processos-organizacionais-e-procedimentos-operacionais-padrao\/","title":{"rendered":"Cadeia de Valor, Processos Organizacionais e Procedimentos Operacionais Padr\u00e3o"},"content":{"rendered":"\n<iframe loading=\"lazy\" src=\"https:\/\/viewer.diagrams.net\/index.html?tags=%7B%7D&#038;highlight=0000ff&#038;layers=1&#038;nav=1&#038;title=V1.0.9_22-02-2024_Cadeia_de_valor_IMAS_%5Bvalidar%5D#Uhttps%3A%2F%2Fdrive.google.com%2Fuc%3Fid%3D14LbgOcj_Qy4nh0LJ8xqnd3IodznvpUjf%26export%3Ddownload#%7B%22pageId%22%3A%220cUV9fDfBjXIoS31fplA%22%7D\" frameborder=\"0\" height=\"600px\" width=\"100%\"><\/iframe>\n\n\n\n<h3 class=\"wp-block-heading\">Perguntas Frequentes<\/h3>\n\n\n\n<p><strong>O que s\u00e3o os processos organizacionais<\/strong> (cadeia de valor, processos organizacionais e<br>procedimentos operacionais padr\u00e3o)<\/p>\n\n\n\n<p>Os processos organizacionais do Instituto Municipal de Assist\u00eancia \u00e0 Sa\u00fade dos Servidores de Goi\u00e2nia (IMAS) consistem em um conjunto de atividades inter-relacionadas e estruturadas em cadeia, respons\u00e1veis por entregar valor ao p\u00fablico-alvo. Com o objetivo de definir processos organizacionais transversais \u00e0s diversas \u00e1reas do Imas e que possibilitem melhorar a efici\u00eancia, efic\u00e1cia e a efetividade das opera\u00e7\u00f5es de trabalho, foi utilizada uma metodologia que integra cadeia de valor, processos de trabalho e procedimentos operacionais padr\u00e3o.<\/p>\n\n\n\n<p>A cadeia de valor apresenta a finalidade, o p\u00fablico-alvo e os macroprocessos prim\u00e1rios e de apoio do Imas. Os macroprocessos prim\u00e1rios contribuem diretamente para o alcance da finalidade do IMAS, enquanto os de apoio fornecem a infraestrutura necess\u00e1ria para o seu funcionamento. A modelagem dos macroprocessos oferece uma vis\u00e3o abrangente e simplificada de todo o fluxo, facilitando a compreens\u00e3o das suas principais etapas. Essa representa\u00e7\u00e3o panor\u00e2mica permite ao p\u00fablico interessado identificar rapidamente o ponto espec\u00edfico do processo que deseja visualizar com mais detalhes. Os processos de trabalho, por sua vez, possibilitam a identifica\u00e7\u00e3o dos conjuntos de atividades realizadas dentro dos<br>setores do IMAS. Os procedimentos operacionais padr\u00e3o (POPs) complementam os processos, detalhando as atividades a serem realizadas para a entrega final do servi\u00e7o.<\/p>\n\n\n\n<p><strong>Como navegar pelos processos organizacionais<\/strong><\/p>\n\n\n\n<p>A estrutura desenvolvida para o acesso \u00e0 cadeia de valor, \u00e0s modelagens e aos POPs possibilita ao usu\u00e1rio identificar os fluxos das atividades dos processos organizacionais, partindo do n\u00edvel estrat\u00e9gico, passando pelo n\u00edvel t\u00e1tico e chegando ao n\u00edvel operacional. Desenvolvidos e conectados de maneira interdependente por meio da inser\u00e7\u00e3o de links que possibilitam uma navega\u00e7\u00e3o interativa, os documentos padronizados podem, em fun\u00e7\u00e3o desta interconectividade, serem consultados a partir da cadeia de valor, passando pelos seus respectivos macroprocessos, processos at\u00e9 chegar aos procedimentos operacionais padr\u00e3o. O sentido inverso tamb\u00e9m \u00e9 poss\u00edvel.<\/p>\n\n\n\n<p>Estrutura de organiza\u00e7\u00e3o e agrupamento da cadeia de valor, modelagem dos processos e procedimentos operacionais padr\u00e3o.<\/p>\n\n\n<div class=\"wp-block-image\">\n<figure class=\"aligncenter size-full\"><img loading=\"lazy\" decoding=\"async\" width=\"615\" height=\"555\" src=\"https:\/\/www.goiania.go.gov.br\/imas\/wp-content\/uploads\/sites\/20\/2024\/03\/processos-organizacionais.png\" alt=\"\" class=\"wp-image-253\" srcset=\"https:\/\/www.goiania.go.gov.br\/imas\/wp-content\/uploads\/sites\/20\/2024\/03\/processos-organizacionais.png 615w, https:\/\/www.goiania.go.gov.br\/imas\/wp-content\/uploads\/sites\/20\/2024\/03\/processos-organizacionais-300x271.png 300w\" sizes=\"auto, (max-width: 615px) 100vw, 615px\" \/><\/figure>\n<\/div>\n\n\n<p><strong>Como consultar os documentos integrados<\/strong> (cadeia de valor, processos organizacionais,<br>procedimentos operacionais padr\u00e3o)<\/p>\n\n\n\n<p>Os documentos integrados do Imas podem ser acessados atrav\u00e9s da planilha &#8220;Consulta de Documentos Padronizados&#8221;, que oferece uma interface para pesquisa e consulta. A planilha permite a aplica\u00e7\u00e3o de filtros para refinar a busca por documentos espec\u00edficos e oferece uma maneira de acessar os documentos integrados, com vista a simplificar o processo de busca.<\/p>\n\n\n\n<h3 class=\"wp-block-heading\">Consulta de Documentos Padronizados<\/h3>\n\n\n\n<div class=\"wp-block-buttons is-content-justification-center is-layout-flex wp-container-core-buttons-is-layout-16018d1d wp-block-buttons-is-layout-flex\">\n<div class=\"wp-block-button botao aligncenter\"><a class=\"wp-block-button__link wp-element-button\" href=\"https:\/\/docs.google.com\/spreadsheets\/d\/11FIGdUzgh85l65Wc334AiZMGpv_s7qoXgSpf_BeAjRA\/edit?usp=drive_link\"><span class=\"icon icon-invoice\"><\/span>Consulta de Documentos Padronizados<\/a><\/div>\n<\/div>\n\n\n\n<style>\n.post-title{\ndisplay: none\n}\n.botao a{\ncolor: white !important;\ndisplay: flex;\nflex-direction: row;\ngap: 15px;\n    font-weight: 700;\n    font-size: 1rem;\n    line-height: 19px;\n    text-align: center;\n    color: inherit;\n    align-items: center;\n    padding: 25px 20px;\n    width: 100%;\n    height: 100%;\n    background: var(--emerald);\n    border-radius: 10px;\n    padding: 36px 20px;\n    justify-content: center;\n    transition: background-color .2s,box-shadow .3s;\n}\n\n.botao a:hover{\ntext-decoration: none\n}\n\n.botao a .icon{\n    width: 45px;\n    height: 45px;\n    flex-shrink: 0;\n}\n\n.botao a .icon{\nfont-size: 45px\n}\n\n.template-part-singular-page-unrelated .container .page-wrapper{\npadding: 60px 30px;\nbackground: #fff\n}\n\niframe{border-radius: 10px}\n\n.mb-0{\nmargin-bottom: 0\n}\n\n.mt-10{\nmargin-top: 20px}\n\nh1.has-large-font-size{line-height: 130%}\n\n@media only screen and (max-width: 465px){\n.template-part-singular-page-unrelated .container .page-wrapper{\npadding: 30px 15px;\n}\n}\n\n<\/style>\n","protected":false},"excerpt":{"rendered":"<p>Perguntas Frequentes O que s\u00e3o os processos organizacionais (cadeia de valor, processos organizacionais eprocedimentos operacionais padr\u00e3o) Os processos organizacionais do Instituto Municipal de Assist\u00eancia \u00e0 Sa\u00fade dos Servidores de Goi\u00e2nia (IMAS) consistem em um conjunto de atividades inter-relacionadas e estruturadas em cadeia, respons\u00e1veis por entregar valor ao p\u00fablico-alvo. Com o objetivo de definir processos organizacionais [&hellip;]<\/p>\n","protected":false},"author":1,"featured_media":0,"parent":0,"menu_order":0,"comment_status":"closed","ping_status":"closed","template":"","meta":{"_acf_changed":false,"custom_icon_class":"","footnotes":""},"class_list":["post-228","page","type-page","status-publish","hentry"],"acf":[],"_links":{"self":[{"href":"https:\/\/www.goiania.go.gov.br\/imas\/wp-json\/wp\/v2\/pages\/228","targetHints":{"allow":["GET"]}}],"collection":[{"href":"https:\/\/www.goiania.go.gov.br\/imas\/wp-json\/wp\/v2\/pages"}],"about":[{"href":"https:\/\/www.goiania.go.gov.br\/imas\/wp-json\/wp\/v2\/types\/page"}],"author":[{"embeddable":true,"href":"https:\/\/www.goiania.go.gov.br\/imas\/wp-json\/wp\/v2\/users\/1"}],"replies":[{"embeddable":true,"href":"https:\/\/www.goiania.go.gov.br\/imas\/wp-json\/wp\/v2\/comments?post=228"}],"version-history":[{"count":10,"href":"https:\/\/www.goiania.go.gov.br\/imas\/wp-json\/wp\/v2\/pages\/228\/revisions"}],"predecessor-version":[{"id":261,"href":"https:\/\/www.goiania.go.gov.br\/imas\/wp-json\/wp\/v2\/pages\/228\/revisions\/261"}],"wp:attachment":[{"href":"https:\/\/www.goiania.go.gov.br\/imas\/wp-json\/wp\/v2\/media?parent=228"}],"curies":[{"name":"wp","href":"https:\/\/api.w.org\/{rel}","templated":true}]}}