{"id":93,"date":"2020-05-18T14:40:05","date_gmt":"2020-05-18T17:40:05","guid":{"rendered":"https:\/\/www.goiania.go.gov.br\/agetul\/desenhos\/"},"modified":"2025-02-18T08:17:32","modified_gmt":"2025-02-18T11:17:32","slug":"desenhos","status":"publish","type":"page","link":"https:\/\/www.goiania.go.gov.br\/goianiatur\/turismo\/desenhos\/","title":{"rendered":"Desenhos"},"content":{"rendered":"<p style=\"text-align: justify\" data-start=\"0\" data-end=\"217\">Agora voc\u00ea pode conhecer Goi\u00e2nia de um jeito divertido e criativo! Baixe e imprima desenhos dos principais pontos tur\u00edsticos da cidade para colorir, explorando monumentos, parques, feiras e outros lugares incr\u00edveis.<\/p>\n<p style=\"text-align: justify\" data-start=\"219\" data-end=\"365\">Essa \u00e9 uma atividade perfeita para todas as idades, ideal para quem quer relaxar, se divertir e se conectar com a cidade de uma forma diferente.<\/p>\n\n\n<div data-wp-interactive=\"core\/file\" class=\"wp-block-file\"><object data-wp-bind--hidden=\"!state.hasPdfPreview\" hidden class=\"wp-block-file__embed\" data=\"https:\/\/www.goiania.go.gov.br\/goianiatur\/wp-content\/uploads\/sites\/18\/2025\/02\/ATRATIVOS-GOIANIA-DESENHOS2.pdf\" type=\"application\/pdf\" style=\"width:100%;height:600px\" aria-label=\"Incorporado de ATRATIVOS-GOIANIA-DESENHOS2.\"><\/object><a id=\"wp-block-file--media-95397194-4ae0-498b-9780-e36213ae4cdd\" href=\"https:\/\/www.goiania.go.gov.br\/goianiatur\/wp-content\/uploads\/sites\/18\/2025\/02\/ATRATIVOS-GOIANIA-DESENHOS2.pdf\">ATRATIVOS-GOIANIA-DESENHOS2<\/a><a href=\"https:\/\/www.goiania.go.gov.br\/goianiatur\/wp-content\/uploads\/sites\/18\/2025\/02\/ATRATIVOS-GOIANIA-DESENHOS2.pdf\" class=\"wp-block-file__button wp-element-button\" download aria-describedby=\"wp-block-file--media-95397194-4ae0-498b-9780-e36213ae4cdd\">Baixar<\/a><\/div>\n\n\n\n<div data-wp-interactive=\"core\/file\" class=\"wp-block-file\"><object data-wp-bind--hidden=\"!state.hasPdfPreview\" hidden class=\"wp-block-file__embed\" data=\"https:\/\/www.goiania.go.gov.br\/goianiatur\/wp-content\/uploads\/sites\/18\/2025\/02\/ATRATIVOS-GOIANIA-DESENHOS.pdf\" type=\"application\/pdf\" style=\"width:100%;height:600px\" aria-label=\"Incorporado de ATRATIVOS-GOIANIA-DESENHOS.\"><\/object><a id=\"wp-block-file--media-a8333a41-86d9-4921-910c-1b72c8bfc889\" href=\"https:\/\/www.goiania.go.gov.br\/goianiatur\/wp-content\/uploads\/sites\/18\/2025\/02\/ATRATIVOS-GOIANIA-DESENHOS.pdf\">ATRATIVOS-GOIANIA-DESENHOS<\/a><a href=\"https:\/\/www.goiania.go.gov.br\/goianiatur\/wp-content\/uploads\/sites\/18\/2025\/02\/ATRATIVOS-GOIANIA-DESENHOS.pdf\" class=\"wp-block-file__button wp-element-button\" download aria-describedby=\"wp-block-file--media-a8333a41-86d9-4921-910c-1b72c8bfc889\">Baixar<\/a><\/div>\n","protected":false},"excerpt":{"rendered":"<p>Agora voc\u00ea pode conhecer Goi\u00e2nia de um jeito divertido e criativo! Baixe e imprima desenhos dos principais pontos tur\u00edsticos da cidade para colorir, explorando monumentos, parques, feiras e outros lugares incr\u00edveis. Essa \u00e9 uma atividade perfeita para todas as idades, ideal para quem quer relaxar, se divertir e se conectar com a cidade de uma [&hellip;]<\/p>\n","protected":false},"author":56,"featured_media":0,"parent":89,"menu_order":2,"comment_status":"closed","ping_status":"closed","template":"","meta":{"_acf_changed":false,"custom_icon_class":"","footnotes":""},"class_list":["post-93","page","type-page","status-publish","hentry"],"acf":[],"_links":{"self":[{"href":"https:\/\/www.goiania.go.gov.br\/goianiatur\/wp-json\/wp\/v2\/pages\/93","targetHints":{"allow":["GET"]}}],"collection":[{"href":"https:\/\/www.goiania.go.gov.br\/goianiatur\/wp-json\/wp\/v2\/pages"}],"about":[{"href":"https:\/\/www.goiania.go.gov.br\/goianiatur\/wp-json\/wp\/v2\/types\/page"}],"author":[{"embeddable":true,"href":"https:\/\/www.goiania.go.gov.br\/goianiatur\/wp-json\/wp\/v2\/users\/56"}],"replies":[{"embeddable":true,"href":"https:\/\/www.goiania.go.gov.br\/goianiatur\/wp-json\/wp\/v2\/comments?post=93"}],"version-history":[{"count":2,"href":"https:\/\/www.goiania.go.gov.br\/goianiatur\/wp-json\/wp\/v2\/pages\/93\/revisions"}],"predecessor-version":[{"id":1656,"href":"https:\/\/www.goiania.go.gov.br\/goianiatur\/wp-json\/wp\/v2\/pages\/93\/revisions\/1656"}],"up":[{"embeddable":true,"href":"https:\/\/www.goiania.go.gov.br\/goianiatur\/wp-json\/wp\/v2\/pages\/89"}],"wp:attachment":[{"href":"https:\/\/www.goiania.go.gov.br\/goianiatur\/wp-json\/wp\/v2\/media?parent=93"}],"curies":[{"name":"wp","href":"https:\/\/api.w.org\/{rel}","templated":true}]}}