{"id":89,"date":"2020-05-18T14:38:46","date_gmt":"2020-05-18T17:38:46","guid":{"rendered":"https:\/\/www.goiania.go.gov.br\/agetul\/turismo\/"},"modified":"2020-10-23T16:31:22","modified_gmt":"2020-10-23T19:31:22","slug":"turismo","status":"publish","type":"page","link":"https:\/\/www.goiania.go.gov.br\/goianiatur\/turismo\/","title":{"rendered":"Turismo"},"content":{"rendered":"\n<figure class=\"wp-block-image size-large\"><img loading=\"lazy\" decoding=\"async\" width=\"1024\" height=\"682\" src=\"https:\/\/www.goiania.go.gov.br\/agetul\/wp-uploads\/sites\/18\/2020\/10\/turism.jpg\" alt=\"\" class=\"wp-image-640\" srcset=\"https:\/\/www.goiania.go.gov.br\/goianiatur\/wp-content\/uploads\/sites\/18\/2020\/10\/turism.jpg 1024w, https:\/\/www.goiania.go.gov.br\/goianiatur\/wp-content\/uploads\/sites\/18\/2020\/10\/turism-300x200.jpg 300w, https:\/\/www.goiania.go.gov.br\/goianiatur\/wp-content\/uploads\/sites\/18\/2020\/10\/turism-768x512.jpg 768w, https:\/\/www.goiania.go.gov.br\/goianiatur\/wp-content\/uploads\/sites\/18\/2020\/10\/turism-711x474.jpg 711w, https:\/\/www.goiania.go.gov.br\/goianiatur\/wp-content\/uploads\/sites\/18\/2020\/10\/turism-336x224.jpg 336w\" sizes=\"auto, (max-width: 1024px) 100vw, 1024px\" \/><\/figure>\n\n\n\n<h2 class=\"wp-block-heading\">Apresenta\u00e7\u00e3o<\/h2>\n\n\n\n<p>Goi\u00e2nia com seu verde em abund\u00e2ncia garante o t\u00edtulo de uma das capitais mais arborizadas do Pa\u00eds. A Prefeitura de Goi\u00e2nia tem investido na implanta\u00e7\u00e3o de unidades de conserva\u00e7\u00e3o e preserva\u00e7\u00e3o das \u00e1reas verdes, sendo a cidade refer\u00eancia em qualidade de vida.<\/p>\n\n\n\n<p>A capital foi planejada e idealizada pelo arquiteto urbanista Attilio Corr\u00eaa Lima nos anos de 1930. Elaborada com um tra\u00e7ado radial, onde todas as vias se convergem para a Pra\u00e7a C\u00edvica, similar ao princ\u00edpio adotado no Pal\u00e1cio de Versalhes, na Fran\u00e7a. As grandes avenidas do Centro formam um tri\u00e2ngulo partindo da Pra\u00e7a C\u00edvica e foram nomeadas em uma alus\u00e3o \u00e0 geografia do Estado \u00e0 \u00e9poca (que ainda abrigava o territ\u00f3rio onde hoje \u00e9 o Estado do Tocantins), que era delimitado pelos rios Araguaia, Tocantins e Parana\u00edba.<\/p>\n\n\n\n<p>O plano diretor de Goi\u00e2nia foi pensado originalmente para comportar 50.000 habitantes, hoje a capital abriga cerca de 1 milh\u00e3o e meio de habitantes. Mesmo assim, no Setor Central \u00e9 poss\u00edvel observar o planejamento inicial pensado pelo arquiteto Att\u00edlio Corr\u00eaa Lima. Conhecida por suas pra\u00e7as e parques, floridas e arborizadas, com um clima agrad\u00e1vel \u00e9 cen\u00e1rio de lindas fotografias n\u00e3o s\u00f3 pelos turistas que visitam a cidade, mas tamb\u00e9m por seus moradores.<\/p>\n\n\n\n<p>Na arquitetura, o estilo utilizado \u2013 Art D\u00e9co \u2013 simbolizava a busca pelo moderno, futurista. Inicialmente mais ligado ao design de mobili\u00e1rio, vestu\u00e1rio e artes gr\u00e1ficas, s\u00f3 depois chegou \u00e0 arquitetura. Os edif\u00edcios apresentam fachadas com elementos decorativos que remetem \u00e0 monumentalidade, geometria, retas e curvas, sendo comum tamb\u00e9m o uso de elementos regionais, o que torna o estilo diferente em cada cidade. Assim que os primeiros edif\u00edcios p\u00fablicos da nova capital ficaram prontos, os edif\u00edcios comerciais seguiram o mesmo estilo arquitet\u00f4nico, tornando Goi\u00e2nia um dos maiores conjuntos Art D\u00e9co do mundo. Em 2002, foram tombados pelo Iphan 22 bens em Goi\u00e2nia: 19 edif\u00edcios, al\u00e9m do tra\u00e7ado de Goi\u00e2nia e do atual bairro de Campinas, bem como os nomes das ruas no Setor Central.<\/p>\n\n\n\n<p>Al\u00e9m das \u00e1reas verdes e arquitetura a cidade \u00e9 bastante conhecida pelas noites goianienses que s\u00e3o marcadas por uma grande quantidade de bares, casas de shows, restaurantes, caf\u00e9s, feiras que acontecem em v\u00e1rios pontos da cidade. A cidade \u00e9 famosa por suas baladas em casas noturnas e pub\u00b4s que atendem diversos tipos de p\u00fablicos, dos mais conservadores, vanguardistas e irreverentes.<\/p>\n\n\n\n<p>Nossa gastronomia possui forte liga\u00e7\u00e3o com as cozinhas mineira e baiana. O uso do pequi e o da guariroba \u00e9 comum no arroz. A pamonha, a galinhada e o empad\u00e3o goiano s\u00e3o alguns dos pratos t\u00edpicos da capital goiana. Os caf\u00e9s da manh\u00e3 s\u00e3o marcados com p\u00e3o de queijo, cuscuz, biscoitos fritos, entre outros alimentos. J\u00e1 o destaque das sobremesas est\u00e1 no uso de frutas, como a mangaba, jenipapo, jaca, caju e manga. Os doces s\u00e3o feitos predominantemente \u00e0 base de leite.<\/p>\n\n\n\n<p>Goi\u00e2nia \u00e9 cheia de movimentos, cores e sabores. Devido a sua localiza\u00e7\u00e3o estrat\u00e9gica e sua grande rede hoteleira a cidade \u00e9 refer\u00eancia para realiza\u00e7\u00e3o de grandes feiras e congressos. Possui um grande destaque, tamb\u00e9m, no polo da moda. Hoje, \u00e9 imposs\u00edvel falar de turismo de compras em Goi\u00e2nia sem citar a ind\u00fastria da moda. Al\u00e9m das tradicionais feiras, a moda produzida em Goi\u00e2nia tem se tornado refer\u00eancia nacional e atra\u00eddo visitantes de v\u00e1rias regi\u00f5es do pa\u00eds. Destaque para a Regi\u00e3o da Rua 44 que abriga mais de 12 mil lojas. E para fechar o circuito de compras, voc\u00ea ainda tem como op\u00e7\u00e3o, in\u00fameros shoppings centers espalhados pela capital.<\/p>\n\n\n\n<p>Na m\u00fasica Goi\u00e2nia \u00e9 conhecida como a terra do sertanejo, mas tamb\u00e9m \u00e9 a terra do rock, dos festivais de m\u00fasica alternativa como o \u2018Bananada\u2019, \u2018Vaca Amarela\u2019 e o \u2018Goi\u00e2nia Noise\u2019. Goi\u00e2nia tem arte e diversidade. \u00c9 rica em arquitetura, monumentos, parques, feiras e compras e em sua gastronomia, afinal: GOI\u00c2NIA PULSA.<\/p>\n\n\n\n<p>A diretoria de turismo tem em sua equipe 5 servidores e 1 estagi\u00e1rio.<\/p>\n","protected":false},"excerpt":{"rendered":"<p>Apresenta\u00e7\u00e3o Goi\u00e2nia com seu verde em abund\u00e2ncia garante o t\u00edtulo de uma das capitais mais arborizadas do Pa\u00eds. A Prefeitura de Goi\u00e2nia tem investido na implanta\u00e7\u00e3o de unidades de conserva\u00e7\u00e3o e preserva\u00e7\u00e3o das \u00e1reas verdes, sendo a cidade refer\u00eancia em qualidade de vida. A capital foi planejada e idealizada pelo arquiteto urbanista Attilio Corr\u00eaa Lima [&hellip;]<\/p>\n","protected":false},"author":56,"featured_media":0,"parent":0,"menu_order":5,"comment_status":"closed","ping_status":"closed","template":"","meta":{"_acf_changed":false,"custom_icon_class":"","footnotes":""},"class_list":["post-89","page","type-page","status-publish","hentry"],"acf":[],"_links":{"self":[{"href":"https:\/\/www.goiania.go.gov.br\/goianiatur\/wp-json\/wp\/v2\/pages\/89","targetHints":{"allow":["GET"]}}],"collection":[{"href":"https:\/\/www.goiania.go.gov.br\/goianiatur\/wp-json\/wp\/v2\/pages"}],"about":[{"href":"https:\/\/www.goiania.go.gov.br\/goianiatur\/wp-json\/wp\/v2\/types\/page"}],"author":[{"embeddable":true,"href":"https:\/\/www.goiania.go.gov.br\/goianiatur\/wp-json\/wp\/v2\/users\/56"}],"replies":[{"embeddable":true,"href":"https:\/\/www.goiania.go.gov.br\/goianiatur\/wp-json\/wp\/v2\/comments?post=89"}],"version-history":[{"count":2,"href":"https:\/\/www.goiania.go.gov.br\/goianiatur\/wp-json\/wp\/v2\/pages\/89\/revisions"}],"predecessor-version":[{"id":641,"href":"https:\/\/www.goiania.go.gov.br\/goianiatur\/wp-json\/wp\/v2\/pages\/89\/revisions\/641"}],"wp:attachment":[{"href":"https:\/\/www.goiania.go.gov.br\/goianiatur\/wp-json\/wp\/v2\/media?parent=89"}],"curies":[{"name":"wp","href":"https:\/\/api.w.org\/{rel}","templated":true}]}}