{"id":1563,"date":"2025-02-17T10:06:13","date_gmt":"2025-02-17T13:06:13","guid":{"rendered":"https:\/\/www.goiania.go.gov.br\/goianiatur\/dti\/seguranca\/"},"modified":"2025-02-17T11:28:14","modified_gmt":"2025-02-17T14:28:14","slug":"seguranca","status":"publish","type":"page","link":"https:\/\/www.goiania.go.gov.br\/goianiatur\/dti\/seguranca\/","title":{"rendered":"Seguran\u00e7a"},"content":{"rendered":"<p style=\"text-align: justify\"><span style=\"font-weight: 400\">O eixo de Seguran\u00e7a est\u00e1 centrado em garantir que o destino tur\u00edstico ofere\u00e7a um ambiente seguro tanto em termos de sa\u00fade quanto de prote\u00e7\u00e3o p\u00fablica para os visitantes e moradores. Esse eixo abrange a comunica\u00e7\u00e3o clara das condi\u00e7\u00f5es sanit\u00e1rias do destino, al\u00e9m da oferta de servi\u00e7os de sa\u00fade acess\u00edveis aos turistas. Ele tamb\u00e9m inclui medidas preventivas para evitar riscos \u00e0 sa\u00fade, como o controle de surtos e a implementa\u00e7\u00e3o de protocolos de seguran\u00e7a sanit\u00e1ria.<\/span><\/p>\n<p style=\"text-align: justify\"><span style=\"font-weight: 400\">No campo da seguran\u00e7a p\u00fablica, o eixo promove a\u00e7\u00f5es de preven\u00e7\u00e3o ao crime e a cria\u00e7\u00e3o de medidas para evitar incidentes. Al\u00e9m disso, o eixo de Seguran\u00e7a se dedica \u00e0 preven\u00e7\u00e3o da explora\u00e7\u00e3o de crian\u00e7as e adolescentes no contexto do turismo, com campanhas de conscientiza\u00e7\u00e3o e a divulga\u00e7\u00e3o do C\u00f3digo de Conduta do Brasil, garantindo que o destino tur\u00edstico mantenha um ambiente seguro e \u00e9tico para todos os envolvidos.<\/span><\/p>\n<p><a href=\"https:\/\/saude.goiania.go.gov.br\/\"><span style=\"font-weight: 400\">Sa\u00fade P\u00fablica<\/span><\/a><\/p>\n<p><a href=\"https:\/\/drive.google.com\/file\/d\/1waH0Ta1L9-5jBN5uZJnFTojS9_MM7t_5\/view?usp=sharing\"><span style=\"font-weight: 400\">Programa Turismo + Seguro<\/span><\/a><\/p>\n<p><a href=\"https:\/\/drive.google.com\/file\/d\/1Uvp9zkC3tKYK6OmR-YLcNBDiPlUH9-V0\/view?usp=sharing\"><span style=\"font-weight: 400\">Lei Municipal &#8211; Registro de Crian\u00e7as e Adolescentes<\/span><\/a><\/p>\n","protected":false},"excerpt":{"rendered":"<p>O eixo de Seguran\u00e7a est\u00e1 centrado em garantir que o destino tur\u00edstico ofere\u00e7a um ambiente seguro tanto em termos de sa\u00fade quanto de prote\u00e7\u00e3o p\u00fablica para os visitantes e moradores. Esse eixo abrange a comunica\u00e7\u00e3o clara das condi\u00e7\u00f5es sanit\u00e1rias do destino, al\u00e9m da oferta de servi\u00e7os de sa\u00fade acess\u00edveis aos turistas. Ele tamb\u00e9m inclui medidas [&hellip;]<\/p>\n","protected":false},"author":115,"featured_media":0,"parent":1229,"menu_order":9,"comment_status":"closed","ping_status":"closed","template":"","meta":{"_acf_changed":false,"custom_icon_class":"","footnotes":""},"class_list":["post-1563","page","type-page","status-publish","hentry"],"acf":[],"_links":{"self":[{"href":"https:\/\/www.goiania.go.gov.br\/goianiatur\/wp-json\/wp\/v2\/pages\/1563","targetHints":{"allow":["GET"]}}],"collection":[{"href":"https:\/\/www.goiania.go.gov.br\/goianiatur\/wp-json\/wp\/v2\/pages"}],"about":[{"href":"https:\/\/www.goiania.go.gov.br\/goianiatur\/wp-json\/wp\/v2\/types\/page"}],"author":[{"embeddable":true,"href":"https:\/\/www.goiania.go.gov.br\/goianiatur\/wp-json\/wp\/v2\/users\/115"}],"replies":[{"embeddable":true,"href":"https:\/\/www.goiania.go.gov.br\/goianiatur\/wp-json\/wp\/v2\/comments?post=1563"}],"version-history":[{"count":3,"href":"https:\/\/www.goiania.go.gov.br\/goianiatur\/wp-json\/wp\/v2\/pages\/1563\/revisions"}],"predecessor-version":[{"id":1599,"href":"https:\/\/www.goiania.go.gov.br\/goianiatur\/wp-json\/wp\/v2\/pages\/1563\/revisions\/1599"}],"up":[{"embeddable":true,"href":"https:\/\/www.goiania.go.gov.br\/goianiatur\/wp-json\/wp\/v2\/pages\/1229"}],"wp:attachment":[{"href":"https:\/\/www.goiania.go.gov.br\/goianiatur\/wp-json\/wp\/v2\/media?parent=1563"}],"curies":[{"name":"wp","href":"https:\/\/api.w.org\/{rel}","templated":true}]}}