{"id":1561,"date":"2025-02-17T10:05:51","date_gmt":"2025-02-17T13:05:51","guid":{"rendered":"https:\/\/www.goiania.go.gov.br\/goianiatur\/dti\/mobilidade-e-transporte\/"},"modified":"2025-02-17T11:25:41","modified_gmt":"2025-02-17T14:25:41","slug":"mobilidade-e-transporte","status":"publish","type":"page","link":"https:\/\/www.goiania.go.gov.br\/goianiatur\/dti\/mobilidade-e-transporte\/","title":{"rendered":"Mobilidade e Transporte"},"content":{"rendered":"<p style=\"text-align: justify\"><span style=\"font-weight: 400\">O eixo de Mobilidade e Transporte foca em garantir que os destinos tur\u00edsticos ofere\u00e7am meios de transporte eficientes, acess\u00edveis e sustent\u00e1veis. Ele avalia as condi\u00e7\u00f5es das infraestruturas de transporte dentro do destino e busca promover melhorias que facilitem a locomo\u00e7\u00e3o dos turistas de maneira integrada e segura. Al\u00e9m disso, o eixo considera a conectividade do destino com outros munic\u00edpios, promovendo uma rede de transporte que atenda \u00e0s necessidades tanto dos turistas quanto dos moradores.<\/span><\/p>\n<p style=\"text-align: justify\"><span style=\"font-weight: 400\">A acessibilidade no transporte tamb\u00e9m \u00e9 uma prioridade, garantindo que todas as infraestruturas sejam adequadas para pessoas com mobilidade reduzida, melhorando a experi\u00eancia e o conforto dos visitantes no destino.<\/span><\/p>\n<p><a href=\"https:\/\/www.rmtcgoiania.com.br\/\"><span style=\"font-weight: 400\">RMTC &#8211; Rede Metropolitana de Transporte Coletivo<\/span><\/a><\/p>\n<p><a href=\"https:\/\/sistemabrt.rmtcgoiania.com.br\/\"><span style=\"font-weight: 400\">Sistema BRT<\/span><\/a><\/p>\n<p><a href=\"https:\/\/drive.google.com\/file\/d\/1SQC7Ir8Uixhmy6qZ2wRgnR_MSG_va2R1\/view?usp=sharing\"><span style=\"font-weight: 400\">Plano de Mobilidade de Goi\u00e2nia<\/span><\/a><\/p>\n<p><a href=\"https:\/\/www.google.com\/maps\/d\/edit?mid=1eSC04pb1nOHWAxQ0Sw0nCl5ML9d8oO8&amp;usp=sharing\"><span style=\"font-weight: 400\">Mapa de Ciclovias, Ciclorrotas e Ciclofaixas<\/span><\/a><\/p>\n","protected":false},"excerpt":{"rendered":"<p>O eixo de Mobilidade e Transporte foca em garantir que os destinos tur\u00edsticos ofere\u00e7am meios de transporte eficientes, acess\u00edveis e sustent\u00e1veis. Ele avalia as condi\u00e7\u00f5es das infraestruturas de transporte dentro do destino e busca promover melhorias que facilitem a locomo\u00e7\u00e3o dos turistas de maneira integrada e segura. Al\u00e9m disso, o eixo considera a conectividade do [&hellip;]<\/p>\n","protected":false},"author":115,"featured_media":0,"parent":1229,"menu_order":8,"comment_status":"closed","ping_status":"closed","template":"","meta":{"_acf_changed":false,"custom_icon_class":"","footnotes":""},"class_list":["post-1561","page","type-page","status-publish","hentry"],"acf":[],"_links":{"self":[{"href":"https:\/\/www.goiania.go.gov.br\/goianiatur\/wp-json\/wp\/v2\/pages\/1561","targetHints":{"allow":["GET"]}}],"collection":[{"href":"https:\/\/www.goiania.go.gov.br\/goianiatur\/wp-json\/wp\/v2\/pages"}],"about":[{"href":"https:\/\/www.goiania.go.gov.br\/goianiatur\/wp-json\/wp\/v2\/types\/page"}],"author":[{"embeddable":true,"href":"https:\/\/www.goiania.go.gov.br\/goianiatur\/wp-json\/wp\/v2\/users\/115"}],"replies":[{"embeddable":true,"href":"https:\/\/www.goiania.go.gov.br\/goianiatur\/wp-json\/wp\/v2\/comments?post=1561"}],"version-history":[{"count":3,"href":"https:\/\/www.goiania.go.gov.br\/goianiatur\/wp-json\/wp\/v2\/pages\/1561\/revisions"}],"predecessor-version":[{"id":1597,"href":"https:\/\/www.goiania.go.gov.br\/goianiatur\/wp-json\/wp\/v2\/pages\/1561\/revisions\/1597"}],"up":[{"embeddable":true,"href":"https:\/\/www.goiania.go.gov.br\/goianiatur\/wp-json\/wp\/v2\/pages\/1229"}],"wp:attachment":[{"href":"https:\/\/www.goiania.go.gov.br\/goianiatur\/wp-json\/wp\/v2\/media?parent=1561"}],"curies":[{"name":"wp","href":"https:\/\/api.w.org\/{rel}","templated":true}]}}