{"id":1553,"date":"2025-02-17T10:04:42","date_gmt":"2025-02-17T13:04:42","guid":{"rendered":"https:\/\/www.goiania.go.gov.br\/goianiatur\/dti\/inovacao\/"},"modified":"2025-02-17T11:09:29","modified_gmt":"2025-02-17T14:09:29","slug":"inovacao","status":"publish","type":"page","link":"https:\/\/www.goiania.go.gov.br\/goianiatur\/dti\/inovacao\/","title":{"rendered":"Inova\u00e7\u00e3o"},"content":{"rendered":"<p style=\"text-align: justify\"><span style=\"font-weight: 400\">O eixo de Inova\u00e7\u00e3o foca em promover e integrar ideias e pr\u00e1ticas inovadoras para impulsionar o desenvolvimento dos destinos tur\u00edsticos. Ele incentiva a an\u00e1lise e implementa\u00e7\u00e3o de inova\u00e7\u00f5es cient\u00edficas, tecnol\u00f3gicas, metodol\u00f3gicas e institucionais, permitindo que os destinos respondam de maneira eficiente a riscos e oportunidades. A inova\u00e7\u00e3o se manifesta na cria\u00e7\u00e3o de novos produtos, processos e servi\u00e7os tur\u00edsticos que atendam \u00e0s demandas do mercado e \u00e0s expectativas dos turistas, aumentando a competitividade e a capacidade de atra\u00e7\u00e3o do destino.<\/span><\/p>\n<p style=\"text-align: justify\"><span style=\"font-weight: 400\">Al\u00e9m disso, o eixo estimula a cria\u00e7\u00e3o de programas que incentivem a inova\u00e7\u00e3o dentro do setor tur\u00edstico e fortale\u00e7am a coopera\u00e7\u00e3o entre destinos e partes interessadas. Ao incorporar tecnologias e processos inovadores, o eixo tamb\u00e9m promove a adapta\u00e7\u00e3o cont\u00ednua \u00e0s mudan\u00e7as do mercado, sempre com foco na melhoria da experi\u00eancia do turista e no desenvolvimento sustent\u00e1vel do destino.<\/span><\/p>\n<p>Conhe\u00e7a mais sobre a Inova\u00e7\u00e3o em Goi\u00e2nia:<\/p>\n<p><a href=\"https:\/\/hubcerrado.com.br\/\"><span style=\"font-weight: 400\">Hub Cerrado<\/span><\/a><\/p>\n<p><a href=\"https:\/\/hubgoias.org\/\"><span style=\"font-weight: 400\">Hub Goi\u00e1s<\/span><\/a><\/p>\n","protected":false},"excerpt":{"rendered":"<p>O eixo de Inova\u00e7\u00e3o foca em promover e integrar ideias e pr\u00e1ticas inovadoras para impulsionar o desenvolvimento dos destinos tur\u00edsticos. Ele incentiva a an\u00e1lise e implementa\u00e7\u00e3o de inova\u00e7\u00f5es cient\u00edficas, tecnol\u00f3gicas, metodol\u00f3gicas e institucionais, permitindo que os destinos respondam de maneira eficiente a riscos e oportunidades. A inova\u00e7\u00e3o se manifesta na cria\u00e7\u00e3o de novos produtos, processos [&hellip;]<\/p>\n","protected":false},"author":115,"featured_media":0,"parent":1229,"menu_order":4,"comment_status":"closed","ping_status":"closed","template":"","meta":{"_acf_changed":false,"custom_icon_class":"","footnotes":""},"class_list":["post-1553","page","type-page","status-publish","hentry"],"acf":[],"_links":{"self":[{"href":"https:\/\/www.goiania.go.gov.br\/goianiatur\/wp-json\/wp\/v2\/pages\/1553","targetHints":{"allow":["GET"]}}],"collection":[{"href":"https:\/\/www.goiania.go.gov.br\/goianiatur\/wp-json\/wp\/v2\/pages"}],"about":[{"href":"https:\/\/www.goiania.go.gov.br\/goianiatur\/wp-json\/wp\/v2\/types\/page"}],"author":[{"embeddable":true,"href":"https:\/\/www.goiania.go.gov.br\/goianiatur\/wp-json\/wp\/v2\/users\/115"}],"replies":[{"embeddable":true,"href":"https:\/\/www.goiania.go.gov.br\/goianiatur\/wp-json\/wp\/v2\/comments?post=1553"}],"version-history":[{"count":3,"href":"https:\/\/www.goiania.go.gov.br\/goianiatur\/wp-json\/wp\/v2\/pages\/1553\/revisions"}],"predecessor-version":[{"id":1586,"href":"https:\/\/www.goiania.go.gov.br\/goianiatur\/wp-json\/wp\/v2\/pages\/1553\/revisions\/1586"}],"up":[{"embeddable":true,"href":"https:\/\/www.goiania.go.gov.br\/goianiatur\/wp-json\/wp\/v2\/pages\/1229"}],"wp:attachment":[{"href":"https:\/\/www.goiania.go.gov.br\/goianiatur\/wp-json\/wp\/v2\/media?parent=1553"}],"curies":[{"name":"wp","href":"https:\/\/api.w.org\/{rel}","templated":true}]}}