{"id":1551,"date":"2025-02-17T10:04:29","date_gmt":"2025-02-17T13:04:29","guid":{"rendered":"https:\/\/www.goiania.go.gov.br\/goianiatur\/dti\/tecnologia\/"},"modified":"2025-02-17T11:06:30","modified_gmt":"2025-02-17T14:06:30","slug":"tecnologia","status":"publish","type":"page","link":"https:\/\/www.goiania.go.gov.br\/goianiatur\/dti\/tecnologia\/","title":{"rendered":"Tecnologia"},"content":{"rendered":"<p style=\"text-align: justify\"><span style=\"font-weight: 400\">O eixo de Tecnologia \u00e9 centrado na implementa\u00e7\u00e3o de solu\u00e7\u00f5es tecnol\u00f3gicas que melhorem a experi\u00eancia tur\u00edstica e a gest\u00e3o do destino. Ele inclui a cria\u00e7\u00e3o e o aprimoramento de infraestruturas de telecomunica\u00e7\u00f5es para suportar aplicativos e plataformas que forne\u00e7am informa\u00e7\u00f5es sobre o destino aos turistas. A digitaliza\u00e7\u00e3o da oferta tur\u00edstica e a ado\u00e7\u00e3o de ferramentas tecnol\u00f3gicas s\u00e3o incentivadas para facilitar a intera\u00e7\u00e3o com os atrativos e a promo\u00e7\u00e3o do destino.<\/span><\/p>\n<p style=\"text-align: justify\"><span style=\"font-weight: 400\">Com isso, o eixo de Tecnologia visa modernizar e digitalizar os processos tur\u00edsticos, garantindo um destino mais inteligente e conectado, proporcionando benef\u00edcios diretos para a gest\u00e3o eficiente e a satisfa\u00e7\u00e3o dos visitantes\u200b.<\/span><\/p>\n<p>Confira algumas das a\u00e7\u00f5es da GoianiaTur e outros parceiros:<\/p>\n<p><a href=\"https:\/\/docs.google.com\/spreadsheets\/d\/1hjwSQyOzt8tEGLxYja_5B8gO-DAKN8fr\/edit?usp=sharing&amp;ouid=109376909347058632579&amp;rtpof=true&amp;sd=true\"><span style=\"font-weight: 400\">Pontos de Wi-fi Gratuito<\/span><\/a><\/p>\n<p><a href=\"https:\/\/apps.apple.com\/br\/app\/prefeitura-24horas\/id1436502081\"><span style=\"font-weight: 400\">App Gyn 24 horas &#8211; ios<\/span><\/a><\/p>\n<p><a href=\"https:\/\/play.google.com\/store\/apps\/details?id=br.gov.go.goiania.outprod01.novoprefeitura24horas&amp;pcampaignid=web_share\">App Gyn 24 horas &#8211; Android<\/a><\/p>\n<p><a href=\"https:\/\/apps.apple.com\/br\/app\/simrmtc\/id978327806\"><span style=\"font-weight: 400\">App da Rede Metropolitana de Transporte Coletivo &#8211; ios<\/span><\/a><\/p>\n<p><a href=\"https:\/\/play.google.com\/store\/apps\/details?id=br.com.consorciormtc.amip002&amp;pcampaignid=web_share\"><span style=\"font-weight: 400\">App da Rede Metropolitana de Transporte Coletivo &#8211; Android<\/span><\/a><\/p>\n<p><a href=\"https:\/\/pwa4.app.vc\/fala_serio\/home\"><span style=\"font-weight: 400\">Fala S\u00e9rio, aqui tem museu<\/span><\/a><\/p>\n","protected":false},"excerpt":{"rendered":"<p>O eixo de Tecnologia \u00e9 centrado na implementa\u00e7\u00e3o de solu\u00e7\u00f5es tecnol\u00f3gicas que melhorem a experi\u00eancia tur\u00edstica e a gest\u00e3o do destino. Ele inclui a cria\u00e7\u00e3o e o aprimoramento de infraestruturas de telecomunica\u00e7\u00f5es para suportar aplicativos e plataformas que forne\u00e7am informa\u00e7\u00f5es sobre o destino aos turistas. A digitaliza\u00e7\u00e3o da oferta tur\u00edstica e a ado\u00e7\u00e3o de ferramentas [&hellip;]<\/p>\n","protected":false},"author":115,"featured_media":0,"parent":1229,"menu_order":3,"comment_status":"closed","ping_status":"closed","template":"","meta":{"_acf_changed":false,"custom_icon_class":"","footnotes":""},"class_list":["post-1551","page","type-page","status-publish","hentry"],"acf":[],"_links":{"self":[{"href":"https:\/\/www.goiania.go.gov.br\/goianiatur\/wp-json\/wp\/v2\/pages\/1551","targetHints":{"allow":["GET"]}}],"collection":[{"href":"https:\/\/www.goiania.go.gov.br\/goianiatur\/wp-json\/wp\/v2\/pages"}],"about":[{"href":"https:\/\/www.goiania.go.gov.br\/goianiatur\/wp-json\/wp\/v2\/types\/page"}],"author":[{"embeddable":true,"href":"https:\/\/www.goiania.go.gov.br\/goianiatur\/wp-json\/wp\/v2\/users\/115"}],"replies":[{"embeddable":true,"href":"https:\/\/www.goiania.go.gov.br\/goianiatur\/wp-json\/wp\/v2\/comments?post=1551"}],"version-history":[{"count":2,"href":"https:\/\/www.goiania.go.gov.br\/goianiatur\/wp-json\/wp\/v2\/pages\/1551\/revisions"}],"predecessor-version":[{"id":1584,"href":"https:\/\/www.goiania.go.gov.br\/goianiatur\/wp-json\/wp\/v2\/pages\/1551\/revisions\/1584"}],"up":[{"embeddable":true,"href":"https:\/\/www.goiania.go.gov.br\/goianiatur\/wp-json\/wp\/v2\/pages\/1229"}],"wp:attachment":[{"href":"https:\/\/www.goiania.go.gov.br\/goianiatur\/wp-json\/wp\/v2\/media?parent=1551"}],"curies":[{"name":"wp","href":"https:\/\/api.w.org\/{rel}","templated":true}]}}