{"id":1547,"date":"2025-02-17T10:03:39","date_gmt":"2025-02-17T13:03:39","guid":{"rendered":"https:\/\/www.goiania.go.gov.br\/goianiatur\/dti\/destinos-turisticos-inteligentes\/"},"modified":"2025-02-17T10:33:15","modified_gmt":"2025-02-17T13:33:15","slug":"destinos-turisticos-inteligentes","status":"publish","type":"page","link":"https:\/\/www.goiania.go.gov.br\/goianiatur\/dti\/destinos-turisticos-inteligentes\/","title":{"rendered":"Destinos Tur\u00edsticos Inteligentes"},"content":{"rendered":"\n<p class=\"has-text-align-center\"><img decoding=\"async\" style=\"width: 400px\" src=\"https:\/\/lh7-rt.googleusercontent.com\/docsz\/AD_4nXfwR600Ezn4Of7b18cY3Bp4AJmfI9hWvMZb9XF5v5ecA7is-erECRyjo4QqRNpklRbXz16PIUQODAnp5CeKtt63p82SbITczPbuudHuPrPcgpIzeUMBlr6zRvGU67KcocYqxP4O8Q?key=7Sup79U5LnntOoe6nFEccg\"><\/p>\n\n\n<p style=\"text-align: justify\"><span style=\"font-weight: 400\">Um <strong>Destino Tur\u00edstico Inteligente (DTI)<\/strong> \u00e9 um destino que gerencia seus processos e seu territ\u00f3rio de maneira inovadora e sustent\u00e1vel, comprometido com pilares que melhoram tanto a qualidade de vida dos moradores quanto a experi\u00eancia dos turistas. Atrav\u00e9s do uso estrat\u00e9gico da tecnologia, esses destinos buscam integrar pr\u00e1ticas que favore\u00e7am o desenvolvimento econ\u00f4mico, ambiental e social, tornando as cidades mais atrativas e eficientes para quem as visita.<\/span><\/p>\n<p style=\"text-align: justify\">Goi\u00e2nia est\u00e1 inserida na Estrat\u00e9gia Nacional DTI Brasil, iniciativa do Minist\u00e9rio do Turismo que adapta a metodologia desenvolvida pela SEGITTUR, na Espanha, para promover a transforma\u00e7\u00e3o dos destinos tur\u00edsticos no pa\u00eds. Atualmente, o munic\u00edpio j\u00e1 possui certifica\u00e7\u00e3o de Destino Tur\u00edstico Inteligente (DTI) em Transforma\u00e7\u00e3o e continua avan\u00e7ando nas etapas de diagn\u00f3stico e planejamento. Com foco na inova\u00e7\u00e3o e na sustentabilidade, Goi\u00e2nia vem implementando a\u00e7\u00f5es estrat\u00e9gicas para integrar tecnologia \u00e0 gest\u00e3o do territ\u00f3rio e \u00e0 experi\u00eancia dos visitantes, consolidando-se como um destino moderno e inteligente.<\/p>\n<p><span style=\"font-weight: 400\">Para conhecer um pouco mais da Metodologia DTI clique <a href=\"https:\/\/drive.google.com\/file\/d\/1dKsV2pcQ7Uby8G2k4bcIlaN5i8Lawn4Q\/view?usp=drive_link\">aqui.<\/a><\/span><\/p>\n\n\n<figure class=\"wp-block-image size-large\"><img loading=\"lazy\" decoding=\"async\" width=\"1024\" height=\"724\" src=\"https:\/\/www.goiania.go.gov.br\/goianiatur\/wp-content\/uploads\/sites\/18\/2025\/02\/image-3-1024x724.png\" alt=\"\" class=\"wp-image-1576\" srcset=\"https:\/\/www.goiania.go.gov.br\/goianiatur\/wp-content\/uploads\/sites\/18\/2025\/02\/image-3-1024x724.png 1024w, https:\/\/www.goiania.go.gov.br\/goianiatur\/wp-content\/uploads\/sites\/18\/2025\/02\/image-3-300x212.png 300w, https:\/\/www.goiania.go.gov.br\/goianiatur\/wp-content\/uploads\/sites\/18\/2025\/02\/image-3-768x543.png 768w, https:\/\/www.goiania.go.gov.br\/goianiatur\/wp-content\/uploads\/sites\/18\/2025\/02\/image-3.png 1526w\" sizes=\"auto, (max-width: 1024px) 100vw, 1024px\" \/><\/figure>\n","protected":false},"excerpt":{"rendered":"<p>Um Destino Tur\u00edstico Inteligente (DTI) \u00e9 um destino que gerencia seus processos e seu territ\u00f3rio de maneira inovadora e sustent\u00e1vel, comprometido com pilares que melhoram tanto a qualidade de vida dos moradores quanto a experi\u00eancia dos turistas. Atrav\u00e9s do uso estrat\u00e9gico da tecnologia, esses destinos buscam integrar pr\u00e1ticas que favore\u00e7am o desenvolvimento econ\u00f4mico, ambiental e [&hellip;]<\/p>\n","protected":false},"author":115,"featured_media":0,"parent":1229,"menu_order":0,"comment_status":"closed","ping_status":"closed","template":"","meta":{"_acf_changed":false,"custom_icon_class":"","footnotes":""},"class_list":["post-1547","page","type-page","status-publish","hentry"],"acf":[],"_links":{"self":[{"href":"https:\/\/www.goiania.go.gov.br\/goianiatur\/wp-json\/wp\/v2\/pages\/1547","targetHints":{"allow":["GET"]}}],"collection":[{"href":"https:\/\/www.goiania.go.gov.br\/goianiatur\/wp-json\/wp\/v2\/pages"}],"about":[{"href":"https:\/\/www.goiania.go.gov.br\/goianiatur\/wp-json\/wp\/v2\/types\/page"}],"author":[{"embeddable":true,"href":"https:\/\/www.goiania.go.gov.br\/goianiatur\/wp-json\/wp\/v2\/users\/115"}],"replies":[{"embeddable":true,"href":"https:\/\/www.goiania.go.gov.br\/goianiatur\/wp-json\/wp\/v2\/comments?post=1547"}],"version-history":[{"count":6,"href":"https:\/\/www.goiania.go.gov.br\/goianiatur\/wp-json\/wp\/v2\/pages\/1547\/revisions"}],"predecessor-version":[{"id":1577,"href":"https:\/\/www.goiania.go.gov.br\/goianiatur\/wp-json\/wp\/v2\/pages\/1547\/revisions\/1577"}],"up":[{"embeddable":true,"href":"https:\/\/www.goiania.go.gov.br\/goianiatur\/wp-json\/wp\/v2\/pages\/1229"}],"wp:attachment":[{"href":"https:\/\/www.goiania.go.gov.br\/goianiatur\/wp-json\/wp\/v2\/media?parent=1547"}],"curies":[{"name":"wp","href":"https:\/\/api.w.org\/{rel}","templated":true}]}}