{"id":1396,"date":"2025-01-31T10:14:01","date_gmt":"2025-01-31T13:14:01","guid":{"rendered":"https:\/\/www.goiania.go.gov.br\/goianiatur\/governanca\/"},"modified":"2025-02-17T10:43:34","modified_gmt":"2025-02-17T13:43:34","slug":"governanca","status":"publish","type":"page","link":"https:\/\/www.goiania.go.gov.br\/goianiatur\/dti\/governanca\/","title":{"rendered":"Governan\u00e7a"},"content":{"rendered":"<p style=\"text-align: justify\">O eixo de Governan\u00e7a na metodologia de Destinos Tur\u00edsticos Inteligentes (DTI) refere-se ao sistema pelo qual uma organiza\u00e7\u00e3o \u00e9 dirigida, controlada e responsabilizada para alcan\u00e7ar seu prop\u00f3sito de longo prazo. No contexto dos destinos tur\u00edsticos, a governan\u00e7a envolve a condu\u00e7\u00e3o coordenada e sin\u00e9rgica entre os diferentes n\u00edveis de governo, a sociedade civil dos destinos e o setor empresarial relacionado ao turismo, conforme definido pela Organiza\u00e7\u00e3o Mundial do Turismo.<\/p>\n<p style=\"text-align: justify\">Nesta se\u00e7\u00e3o, ser\u00e3o disponibilizados os documentos que detalham a estrutura de governan\u00e7a implementada para o DTI em Goi\u00e2nia, destacando as estrat\u00e9gias e a\u00e7\u00f5es que promovem uma gest\u00e3o integrada, eficiente e colaborativa entre os diversos atores envolvidos. Conhe\u00e7a a Governan\u00e7a DTI em Goi\u00e2nia:<\/p>\n<p><a href=\"https:\/\/drive.google.com\/file\/d\/1dKsV2pcQ7Uby8G2k4bcIlaN5i8Lawn4Q\/view?usp=drive_link\">Cartilha DTI Brasil<\/a><\/p>\n<p><a href=\"https:\/\/drive.google.com\/file\/d\/104uMbYQZeIUmLsjk5u-_rWSIcoLSxK9U\/view?usp=sharing\"><span style=\"font-weight: 400\">Manual Metodol\u00f3gico\u00a0 DTI Brasil<\/span><\/a><\/p>\n<p><a href=\"https:\/\/drive.google.com\/file\/d\/1YWsQx2-QYQeS0avegKQcBIKZxwhuA5V6\/view?usp=sharing\">Programa Goi\u00e2nia DTI<\/a><\/p>\n<p><a href=\"https:\/\/drive.google.com\/file\/d\/1c6voKRpbu5I-XdEshqjGzaHqjb5k0J7h\/view?usp=sharing\"><span style=\"font-weight: 400\">Manual de Gest\u00e3o Goi\u00e2nia DTI<\/span><\/a><\/p>\n","protected":false},"excerpt":{"rendered":"<p>O eixo de Governan\u00e7a na metodologia de Destinos Tur\u00edsticos Inteligentes (DTI) refere-se ao sistema pelo qual uma organiza\u00e7\u00e3o \u00e9 dirigida, controlada e responsabilizada para alcan\u00e7ar seu prop\u00f3sito de longo prazo. No contexto dos destinos tur\u00edsticos, a governan\u00e7a envolve a condu\u00e7\u00e3o coordenada e sin\u00e9rgica entre os diferentes n\u00edveis de governo, a sociedade civil dos destinos e [&hellip;]<\/p>\n","protected":false},"author":115,"featured_media":0,"parent":1229,"menu_order":1,"comment_status":"closed","ping_status":"closed","template":"","meta":{"_acf_changed":false,"custom_icon_class":"","footnotes":""},"class_list":["post-1396","page","type-page","status-publish","hentry"],"acf":[],"_links":{"self":[{"href":"https:\/\/www.goiania.go.gov.br\/goianiatur\/wp-json\/wp\/v2\/pages\/1396","targetHints":{"allow":["GET"]}}],"collection":[{"href":"https:\/\/www.goiania.go.gov.br\/goianiatur\/wp-json\/wp\/v2\/pages"}],"about":[{"href":"https:\/\/www.goiania.go.gov.br\/goianiatur\/wp-json\/wp\/v2\/types\/page"}],"author":[{"embeddable":true,"href":"https:\/\/www.goiania.go.gov.br\/goianiatur\/wp-json\/wp\/v2\/users\/115"}],"replies":[{"embeddable":true,"href":"https:\/\/www.goiania.go.gov.br\/goianiatur\/wp-json\/wp\/v2\/comments?post=1396"}],"version-history":[{"count":9,"href":"https:\/\/www.goiania.go.gov.br\/goianiatur\/wp-json\/wp\/v2\/pages\/1396\/revisions"}],"predecessor-version":[{"id":1580,"href":"https:\/\/www.goiania.go.gov.br\/goianiatur\/wp-json\/wp\/v2\/pages\/1396\/revisions\/1580"}],"up":[{"embeddable":true,"href":"https:\/\/www.goiania.go.gov.br\/goianiatur\/wp-json\/wp\/v2\/pages\/1229"}],"wp:attachment":[{"href":"https:\/\/www.goiania.go.gov.br\/goianiatur\/wp-json\/wp\/v2\/media?parent=1396"}],"curies":[{"name":"wp","href":"https:\/\/api.w.org\/{rel}","templated":true}]}}