{"id":1375,"date":"2022-06-27T08:43:48","date_gmt":"2025-01-31T12:37:37","guid":{"rendered":"https:\/\/www.goiania.go.gov.br\/goianiatur\/caminho-dos-bougainvilles\/o-percurso\/roteiro-parques-i-do-lago-das-rosas-ao-jardim-botanico\/"},"modified":"2025-05-13T09:09:40","modified_gmt":"2025-05-13T12:09:40","slug":"roteiro-parques-i-do-lago-das-rosas-ao-jardim-botanico","status":"publish","type":"page","link":"https:\/\/www.goiania.go.gov.br\/goianiatur\/caminho-dos-bougainvilles\/o-percurso\/roteiro-parques-i-do-lago-das-rosas-ao-jardim-botanico\/","title":{"rendered":"Roteiro Parques II \u2013 Do Lago das Rosas ao Macambira Anicuns"},"content":{"rendered":"<p><b>Modalidade: Ciclista<\/b><\/p>\n<p><b>Percurso: 20,2 km<\/b><\/p>\n<p><b>Eleva\u00e7\u00e3o: 261 m<\/b><\/p>\n<h2><b>Pontos tur\u00edsticos e trajeto do roteiro:<\/b><\/h2>\n<p style=\"text-align: justify\"><b>Parque Lago das Rosas &#8211;\u00a0<\/b><span style=\"font-weight: 400\">Localizado no setor Oeste o Lago das Rosas \u00e9 o parque mais antigo da cidade, constru\u00eddo na d\u00e9cada de 1940. Inicialmente abrigava um grande canteiro de rosas, de onde veio a inspira\u00e7\u00e3o para o nome. O lugar conserva ainda hoje elementos representativos no estilo Art D\u00e9co como a Mureta e o Trampolim. O parque possui pedalinhos, uma \u00e1rea verde convidativa \u00e0 pr\u00e1tica de piqueniques, al\u00e9m de uma extensa pista de caminhada.<\/span><\/p>\n<ul>\n<li style=\"text-align: justify\"><b>Mureta\/Trampolim \u2013 <\/b><span style=\"font-weight: 400\">Constru\u00edda em 1941, na via que ligava a ent\u00e3o cidade de Campininha das Flores (hoje bairro Campinas) \u00e0 cidade de Goi\u00e2nia, a Mureta delimitava a represa da nascente do c\u00f3rrego Capim Puba. Anos depois, a represa passou a ser um balne\u00e1rio p\u00fablico com 1,50 metros de profundidade e um trampolim. A mureta e o trampolim s\u00e3o tombados pelo IPHAN como bens hist\u00f3ricos, representantes da arquitetura Art D\u00e9co.<\/span><\/li>\n<\/ul>\n\n\n<p><img decoding=\"async\" src=\"https:\/\/lh7-rt.googleusercontent.com\/docsz\/AD_4nXdnEwIg8Dj1JyTitUt3QabclqiY4tSqvWdzfQ7xCSj8dDsAgzrekdIZL_EtDSZfPjv0WCjLke4pj5vsOSJUNyHFOFvOKXGRVl1NsfqLsRkPbYz7RwpnfmHRSpBvqoL_idcqOu4Qg9c-pG6pmNgrSHg?key=GUO1jfhVnjgI8ZWyZ9byFQ\" style=\"width: 900px\"><\/p>\n\n\n<h6><b>Lago das Rosas &#8211; Mureta (Foto: Jackson Rodrigues) <\/b><\/h6>\n\n\n<p><img decoding=\"async\" src=\"https:\/\/lh7-rt.googleusercontent.com\/docsz\/AD_4nXfSZCMuxHEiwdHBnydP_ncDBfSvUpz7ZVOI8UuAu_wc-WhGJLoEHnq7-GD-yIiDtIQ-IyvlpL0zZASfmu23-a41M2TqcHAINmboSiid9B8z3rTHhsKWsIE7Y3c-nk6QPwWKJq07u7OoO6Wm1XfYDk8?key=GUO1jfhVnjgI8ZWyZ9byFQ\" style=\"width: 900px\"><\/p>\n\n\n<h6><b>Lago das Rosas &#8211; Trampolim (Foto: Jackson Rodrigues) <\/b><\/h6>\n<ul>\n<li style=\"text-align: justify\"><b>Parque Zool\u00f3gico &#8211; <\/b><span style=\"font-weight: 400\">Localizado no Lago das Rosas, o Parque Zool\u00f3gico de Goi\u00e2nia foi fundado em 1956, pelo encarregado e morador do Lago das Rosas, Saturnino Maciel de Carvalho. Embora o lago das Rosas naquela \u00e9poca j\u00e1 fosse um local de recrea\u00e7\u00e3o e lazer tradicionalmente usado pela popula\u00e7\u00e3o de Goi\u00e2nia, somente ap\u00f3s esta data, com a doa\u00e7\u00e3o de alguns animais pelo ornit\u00f3logo e professor Jos\u00e9 Hidasi, o zool\u00f3gico surgiu. O Parque Zool\u00f3gico de Goi\u00e2nia se modernizou e est\u00e1 engajado com os novos objetivos no cuidado e bem-estar dos animais.\u00a0<\/span><b>Endere\u00e7o:<\/b><span style=\"font-weight: 400\"> Alameda das Rosas, St. Oeste. Telefone: 62 3524.2390. Funcionamento: Quarta a domingo das 8h30 \u00e0s 16h<\/span><\/li>\n<\/ul>\n\n\n<p><strong><img decoding=\"async\" src=\"https:\/\/lh7-rt.googleusercontent.com\/docsz\/AD_4nXcnTxkRR2qKtYgxHEiYRKGhZhzrJ8PPHPavIY-nR-E-6u0OZDZv_XiPIbkE3YRiUjclM2gVROdoYrtU7VKyBZqOAcIur7jaL6G3uW4yVFCjEN7ZXWRdUAJ1F2MFC1rgXzdrIxXcgY-X-BSAI3E2N3s?key=GUO1jfhVnjgI8ZWyZ9byFQ\" style=\"width: 900px\"><\/strong><\/p>\n\n\n<h6><b>Parque Zool\u00f3gico (Foto:Leandro Moura)<\/b><\/h6>\n<ul>\n<li style=\"font-weight: 400\"><span style=\"font-weight: 400\">Alameda das Rosas<\/span><\/li>\n<li>Rua 29-A<\/li>\n<li>Rua 16-B<\/li>\n<li>Alameda das Rosas<\/li>\n<li style=\"font-weight: 400\"><span style=\"font-weight: 400\">Avenida Portugal<\/span><\/li>\n<li style=\"font-weight: 400\"><span style=\"font-weight: 400\">Rua T 52<\/span><\/li>\n<li style=\"font-weight: 400\"><span style=\"font-weight: 400\">Avenida T 3<\/span><\/li>\n<\/ul>\n<p style=\"text-align: justify\"><b>Parque Vaca Brava &#8211; <\/b><span style=\"font-weight: 400\">Criado em 1988, o Parque Vaca Brava est\u00e1 localizado no setor Bueno, na regi\u00e3o Sul de Goi\u00e2nia. Possui lago, parque infantil, esta\u00e7\u00e3o de gin\u00e1stica, pista de caminhada, mirante e \u00e1reas de conviv\u00eancia, trata-se de uma das mais belas vistas de Goi\u00e2nia, palco frequente de eventos relacionados \u00e0 sa\u00fade e bem-estar.<\/span><\/p>\n\n\n<p><img decoding=\"async\" src=\"https:\/\/lh7-rt.googleusercontent.com\/docsz\/AD_4nXfJeQjEhTPwmae1gDLw58Fkn5RLa7KsxbjA-Fefox56kw1_lVWN7MC4fofbhaZCETjO0kbayMfJ0Lpl0iU38p-Wvmh4ZhVUHB8vx98aNL8r6rVRHIEZhyBBul_sP6fyEJhv0snNlVNWg2FF-t3wXg?key=GUO1jfhVnjgI8ZWyZ9byFQ\" style=\"width: 900px\"><\/p>\n\n\n<h6><b>Parque Vaca Brava (Foto: Jackson Rodrigues)<\/b><\/h6>\n<ul>\n<li style=\"font-weight: 400\"><span style=\"font-weight: 400\">Avenida T 5<\/span><\/li>\n<li style=\"font-weight: 400\"><span style=\"font-weight: 400\">Avenida T 63<\/span><\/li>\n<li style=\"font-weight: 400\"><span style=\"font-weight: 400\">Rua V 7<\/span><\/li>\n<li style=\"font-weight: 400\"><span style=\"font-weight: 400\">Rua Incas<\/span><\/li>\n<\/ul>\n<p><b>Pra\u00e7a da F\u00e9 &#8211; Pra\u00e7a Itapu\u00e3<\/b><\/p>\n<ul>\n<li style=\"font-weight: 400\"><span style=\"font-weight: 400\">Avenida Pasteur<\/span><\/li>\n<li style=\"font-weight: 400\"><span style=\"font-weight: 400\">Avenida Marco Polo<\/span><\/li>\n<li style=\"font-weight: 400\"><span style=\"font-weight: 400\">Rua Dinamarca<\/span><\/li>\n<li style=\"font-weight: 400\"><span style=\"font-weight: 400\">Rua Su\u00e9cia <\/span><\/li>\n<li style=\"font-weight: 400\"><span style=\"font-weight: 400\">T 9<\/span><\/li>\n<li style=\"font-weight: 400\"><span style=\"font-weight: 400\">Avenida Fran\u00e7a<\/span><\/li>\n<li style=\"font-weight: 400\"><span style=\"font-weight: 400\">Avenida dos Alpes<\/span><\/li>\n<\/ul>\n<p style=\"text-align: justify\"><b>Parque Bernardo \u00c9lis &#8211; <\/b><span style=\"font-weight: 400\">Na divisa dos setores Celina Park e Novo Horizonte, o Parque Bernardo \u00c9lis possui \u00e1rea de 76 mil m\u00b2, pista de caminhada, biciclet\u00e1rio, duas esta\u00e7\u00f5es de gin\u00e1stica, academia ao ar livre, um belvedere, caminhos internos, dois parques de madeira para as crian\u00e7as, estacionamento e uma ponte de madeira constru\u00edda sobre o C\u00f3rrego Macambira.<\/span><\/p>\n\n\n<p><strong><img decoding=\"async\" src=\"https:\/\/lh7-rt.googleusercontent.com\/docsz\/AD_4nXe7okfEvplm3SXSrCiQwUbHnsGTQmu3YavYTg6KpZqembA-XTU1iAu6JInZxrJaqBgtr2oY3aGDb8j9jSWaBTbXsLHTtOfx98KASAdMBwPek63mx4mSAouaRJAzirLjuAavDznXZ8wRFgT4gobyTh0?key=GUO1jfhVnjgI8ZWyZ9byFQ\" style=\"width: 900px\"><\/strong><\/p>\n\n\n<h6><b>Parque Bernardo \u00c9lis (Foto: @gynsualinda<\/b><span style=\"font-weight: 400\">)<\/span><\/h6>\n\n\n<p><img decoding=\"async\" src=\"https:\/\/lh7-rt.googleusercontent.com\/docsz\/AD_4nXf9in6oFIUwYmlClIHSkC8xgzBIn_4bYvf3Sd1S08Ferq3i4Nz2y17aHozFs21hMmmP4zVwn4U1gBeTpsQ7IFKaAaFImF6JEYQzSfJbQfHIlo4bn3fKPCH_-u-YeO4n4iz7sWt535_DwygaNkuI6Q?key=GUO1jfhVnjgI8ZWyZ9byFQ\" style=\"width: 900px\"><\/p>\n\n\n<h6><b>Parque Bernardo \u00c9lis (Foto: @gynsualinda<\/b><span style=\"font-weight: 400\">)<\/span><\/h6>\n<ul>\n<li style=\"font-weight: 400\"><span style=\"font-weight: 400\">Ciclovia do Parque Bernardo \u00c9lis<\/span><\/li>\n<li style=\"font-weight: 400\"><span style=\"font-weight: 400\">Ciclovia do Parque Parque da Vizinhan\u00e7a<\/span><\/li>\n<li style=\"font-weight: 400\"><span style=\"font-weight: 400\">Ciclovia do Parque Macambira<\/span><\/li>\n<li style=\"font-weight: 400\"><span style=\"font-weight: 400\">Avenida Juscelino Kubitschek<\/span><\/li>\n<li><span style=\"font-weight: 400\">Avenida Nadra Bufai\u00e7al<\/span><\/li>\n<li><span style=\"font-weight: 400\">Ciclovia do Parque Macambira<\/span><\/li>\n<\/ul>\n<p style=\"text-align: justify\"><b>Parque Macambira Anicuns &#8211; <\/b><span style=\"font-weight: 400\">Situado no setor <\/span><span style=\"font-weight: 400\">Fai\u00e7alville o<\/span><span style=\"font-weight: 400\"> Parque Macambira \u00e9 apenas uma das etapas do Projeto Urbano Ambiental Macambira Anicuns. Inaugurado em outubro de 2015, o Parque \u00e9 a primeira etapa do complexo projeto de preserva\u00e7\u00e3o ambiental. O espa\u00e7o, que antes era usado para descarte irregular de lixo, hoje conta com parquinho para crian\u00e7as, pista de caminhada e ciclovia. A \u00e1rea total do parque \u00e9 de cerca 25 hectares e possui em seu interior as nascentes do c\u00f3rrego Macambira.<\/span><\/p>\n\n\n<p><img decoding=\"async\" src=\"https:\/\/lh7-rt.googleusercontent.com\/docsz\/AD_4nXc-0Lf99w5jqISpfyUdVTVF-2oItgVwHLHE0CTO_13wRYZq_PgBCQiuvwI0Y1ZepEEfrErDZLZKYYYt550m3rJRmZaNWA50e6-D5Vu1Ki4UdWmXOC4CURTJgYkw-mXetF4hhQQMgS5TpEXMvzMAQ9Q?key=GUO1jfhVnjgI8ZWyZ9byFQ\" style=\"width: 900px\"><\/p>\n\n\n<h6><b>Parque Macambira Anicuns (Foto: @gynsualinda<\/b><span style=\"font-weight: 400\">)<\/span><\/h6>\n<p>\u00a0<\/p>\n<p><strong>Mapa (Google Maps)<\/strong><\/p>\n<p><a href=\"https:\/\/www.google.com\/maps\/d\/edit?mid=1wJtxWuGeLmoXwZFrDadpw-2JiqvxYlo&amp;usp=sharing\">https:\/\/www.google.com\/maps\/d\/edit?mid=1wJtxWuGeLmoXwZFrDadpw-2JiqvxYlo&amp;usp=sharing<\/a><\/p>\n<p><b>Mapa (Strava)<\/b><\/p>\n<p><a href=\"https:\/\/www.strava.com\/routes\/3320378231082129820\"><span style=\"font-weight: 400\">https:\/\/www.strava.com\/routes\/3320378231082129820<\/span><\/a><\/p>\n\n\n<p><img decoding=\"async\" src=\"https:\/\/lh7-rt.googleusercontent.com\/docsz\/AD_4nXfT_J87LQ3BIfeIjRf9nQuAId60dpRTXxILBX4A5v9Qvdx1WTTF2cNm3WSN-UTT3j0Cu5SnMeJ-ejgpEMhHLRW8Spa19af66RbBuSXrWOe9pvwNnLX_TDDhkgWZwcgzIgiJiGWZOLsJbRV4oJoeYLk?key=GUO1jfhVnjgI8ZWyZ9byFQ\" style=\"width: 900px\"><\/p>\n\n\n\n<p><\/p>\n\n\n\n<p><\/p>\n\n\n\n<p><\/p>\n","protected":false},"excerpt":{"rendered":"<p>Modalidade: Ciclista Percurso: 20,2 km Eleva\u00e7\u00e3o: 261 m Pontos tur\u00edsticos e trajeto do roteiro: Parque Lago das Rosas &#8211;\u00a0Localizado no setor Oeste o Lago das Rosas \u00e9 o parque mais antigo da cidade, constru\u00eddo na d\u00e9cada de 1940. Inicialmente abrigava um grande canteiro de rosas, de onde veio a inspira\u00e7\u00e3o para o nome. O lugar [&hellip;]<\/p>\n","protected":false},"author":115,"featured_media":0,"parent":1371,"menu_order":2,"comment_status":"closed","ping_status":"closed","template":"","meta":{"_acf_changed":false,"custom_icon_class":"","footnotes":""},"class_list":["post-1375","page","type-page","status-publish","hentry"],"acf":[],"_links":{"self":[{"href":"https:\/\/www.goiania.go.gov.br\/goianiatur\/wp-json\/wp\/v2\/pages\/1375","targetHints":{"allow":["GET"]}}],"collection":[{"href":"https:\/\/www.goiania.go.gov.br\/goianiatur\/wp-json\/wp\/v2\/pages"}],"about":[{"href":"https:\/\/www.goiania.go.gov.br\/goianiatur\/wp-json\/wp\/v2\/types\/page"}],"author":[{"embeddable":true,"href":"https:\/\/www.goiania.go.gov.br\/goianiatur\/wp-json\/wp\/v2\/users\/115"}],"replies":[{"embeddable":true,"href":"https:\/\/www.goiania.go.gov.br\/goianiatur\/wp-json\/wp\/v2\/comments?post=1375"}],"version-history":[{"count":9,"href":"https:\/\/www.goiania.go.gov.br\/goianiatur\/wp-json\/wp\/v2\/pages\/1375\/revisions"}],"predecessor-version":[{"id":1714,"href":"https:\/\/www.goiania.go.gov.br\/goianiatur\/wp-json\/wp\/v2\/pages\/1375\/revisions\/1714"}],"up":[{"embeddable":true,"href":"https:\/\/www.goiania.go.gov.br\/goianiatur\/wp-json\/wp\/v2\/pages\/1371"}],"wp:attachment":[{"href":"https:\/\/www.goiania.go.gov.br\/goianiatur\/wp-json\/wp\/v2\/media?parent=1375"}],"curies":[{"name":"wp","href":"https:\/\/api.w.org\/{rel}","templated":true}]}}