{"id":1371,"date":"2025-01-31T09:35:13","date_gmt":"2025-01-31T12:35:13","guid":{"rendered":"https:\/\/www.goiania.go.gov.br\/goianiatur\/caminho-dos-bougainvilles\/a-trilha\/o-percurso\/"},"modified":"2025-02-14T10:13:18","modified_gmt":"2025-02-14T13:13:18","slug":"o-percurso","status":"publish","type":"page","link":"https:\/\/www.goiania.go.gov.br\/goianiatur\/caminho-dos-bougainvilles\/o-percurso\/","title":{"rendered":"O percurso"},"content":{"rendered":"<p style=\"text-align: justify\"><b>O Caminho dos Bougainvilles<\/b><span style=\"font-weight: 400\"> \u00e9 uma excelente op\u00e7\u00e3o para quem deseja conhecer Goi\u00e2nia explorando seus atrativos naturais e culturais de forma sustent\u00e1vel e ativa. Composto por trilhas urbanas que podem ser percorridas a p\u00e9 ou de bicicleta, o Caminho oferece um tour pela capital em seus quatro roteiros que somam mais de 50 quil\u00f4metros, revelando as belezas da cidade, valorizando o patrim\u00f4nio hist\u00f3rico-cultural e os atrativos naturais.\u00a0<\/span><\/p>\n","protected":false},"excerpt":{"rendered":"<p>O Caminho dos Bougainvilles \u00e9 uma excelente op\u00e7\u00e3o para quem deseja conhecer Goi\u00e2nia explorando seus atrativos naturais e culturais de forma sustent\u00e1vel e ativa. Composto por trilhas urbanas que podem ser percorridas a p\u00e9 ou de bicicleta, o Caminho oferece um tour pela capital em seus quatro roteiros que somam mais de 50 quil\u00f4metros, revelando [&hellip;]<\/p>\n","protected":false},"author":115,"featured_media":0,"parent":1362,"menu_order":2,"comment_status":"closed","ping_status":"closed","template":"","meta":{"_acf_changed":false,"custom_icon_class":"","footnotes":""},"class_list":["post-1371","page","type-page","status-publish","hentry"],"acf":[],"_links":{"self":[{"href":"https:\/\/www.goiania.go.gov.br\/goianiatur\/wp-json\/wp\/v2\/pages\/1371","targetHints":{"allow":["GET"]}}],"collection":[{"href":"https:\/\/www.goiania.go.gov.br\/goianiatur\/wp-json\/wp\/v2\/pages"}],"about":[{"href":"https:\/\/www.goiania.go.gov.br\/goianiatur\/wp-json\/wp\/v2\/types\/page"}],"author":[{"embeddable":true,"href":"https:\/\/www.goiania.go.gov.br\/goianiatur\/wp-json\/wp\/v2\/users\/115"}],"replies":[{"embeddable":true,"href":"https:\/\/www.goiania.go.gov.br\/goianiatur\/wp-json\/wp\/v2\/comments?post=1371"}],"version-history":[{"count":3,"href":"https:\/\/www.goiania.go.gov.br\/goianiatur\/wp-json\/wp\/v2\/pages\/1371\/revisions"}],"predecessor-version":[{"id":1498,"href":"https:\/\/www.goiania.go.gov.br\/goianiatur\/wp-json\/wp\/v2\/pages\/1371\/revisions\/1498"}],"up":[{"embeddable":true,"href":"https:\/\/www.goiania.go.gov.br\/goianiatur\/wp-json\/wp\/v2\/pages\/1362"}],"wp:attachment":[{"href":"https:\/\/www.goiania.go.gov.br\/goianiatur\/wp-json\/wp\/v2\/media?parent=1371"}],"curies":[{"name":"wp","href":"https:\/\/api.w.org\/{rel}","templated":true}]}}