{"id":44,"date":"2020-07-02T08:20:57","date_gmt":"2020-07-02T11:20:57","guid":{"rendered":"https:\/\/www.goiania.go.gov.br\/conselhotributario\/?page_id=44"},"modified":"2025-05-22T11:06:38","modified_gmt":"2025-05-22T14:06:38","slug":"sessoes-virtuais","status":"publish","type":"page","link":"https:\/\/www.goiania.go.gov.br\/conselhotributario\/sessoes-virtuais\/","title":{"rendered":"Sess\u00f5es Virtuais"},"content":{"rendered":"\n<p class=\"has-text-align-left\"><strong>IMPORTANTE:<\/strong> Consulte o <strong><a href=\"https:\/\/www.goiania.go.gov.br\/conselhotributario\/wp-content\/uploads\/sites\/24\/2022\/07\/Manual-ZOOM-projeto.pdf\" target=\"_blank\" rel=\"noreferrer noopener\">Manual de Instru\u00e7\u00f5es<\/a><\/strong> para participar das sess\u00f5es virtuais do Conselho Tribut\u00e1rio Fiscal.<\/p>\n\n\n\n<p class=\"has-text-align-left\">Foi publicada no DOM-e em 29\/11\/2023 a <a href=\"https:\/\/www.goiania.go.gov.br\/conselhotributario\/wp-uploads\/sites\/24\/2021\/07\/IN-01-2021-CTF.pdf\" target=\"_blank\" rel=\"noreferrer noopener\">IN n\u00ba <\/a><a href=\"https:\/\/www.goiania.go.gov.br\/conselhotributario\/wp-content\/uploads\/sites\/24\/2025\/05\/IN-no-12-de-29-de-novembro-de-2023.pdf\" target=\"_blank\" rel=\"noreferrer noopener\">012<\/a><a href=\"https:\/\/www.goiania.go.gov.br\/conselhotributario\/wp-uploads\/sites\/24\/2021\/07\/IN-01-2021-CTF.pdf\" target=\"_blank\" rel=\"noreferrer noopener\">\/2023\/CTF<\/a> disciplinando as sess\u00f5es de julgamento por videoconfer\u00eancia no \u00e2mbito do Conselho Tribut\u00e1rio Fiscal de Goi\u00e2nia (CTF), previstas na Portaria n\u00ba 95 de 18 de maio de 2020.<\/p>\n\n\n\n<p class=\"has-text-align-left\">A virtualiza\u00e7\u00e3o do tr\u00e2mite administrativo tribut\u00e1rio fiscal ocorre em fun\u00e7\u00e3o da necessidade da continuidade dos julgamentos em 2\u00aa inst\u00e2ncia do CTF, eis que suspensas as sess\u00f5es presenciais desde 18 de mar\u00e7o de 2020 por for\u00e7a da Portaria N\u00ba 054\/2020, que alterou a rotina administrativa da Secretaria Municipal da Fazenda (Sefaz) em decorr\u00eancia da pandemia provocada pelo Coronav\u00edrus (Covid-19).<\/p>\n\n\n\n<p class=\"has-text-align-left\">Referida IN n\u00ba 012\/2023\/CTF foi publicada com uma vac\u00e2ncia de 15 dias, a fim de permitir ampla divulga\u00e7\u00e3o e ampla publicidade para a sociedade sobre a nova sistem\u00e1tica, que j\u00e1 \u00e9 adotada, em especial, pelo Judici\u00e1rio.<\/p>\n\n\n\n<p class=\"has-text-align-left\">O modelo adotado permite aos contribuintes, ou seus patronos, assistir \u00e0s sess\u00f5es on line, bem como realizar sustenta\u00e7\u00e3o oral em tempo real.<\/p>\n\n\n\n<p class=\"has-text-align-left\">As sess\u00f5es virtuais s\u00e3o facultativas e reproduzem, na pr\u00e1tica, as sess\u00f5es presenciais do \u00f3rg\u00e3o, mantendo seus aspectos formais, respeitadas as particularidades dos meios tecnol\u00f3gicos.<\/p>\n\n\n\n<p class=\"has-text-align-left\">As sess\u00f5es ser\u00e3o precedidas da publica\u00e7\u00e3o da pauta no s\u00edtio do CTF, com anteced\u00eancia m\u00ednima de dez dias, mencionando expressamente que a sess\u00e3o ser\u00e1 virtual.<\/p>\n","protected":false},"excerpt":{"rendered":"<p>IMPORTANTE: Consulte o Manual de Instru\u00e7\u00f5es para participar das sess\u00f5es virtuais do Conselho Tribut\u00e1rio Fiscal. Foi publicada no DOM-e em 29\/11\/2023 a IN n\u00ba 012\/2023\/CTF disciplinando as sess\u00f5es de julgamento por videoconfer\u00eancia no \u00e2mbito do Conselho Tribut\u00e1rio Fiscal de Goi\u00e2nia (CTF), previstas na Portaria n\u00ba 95 de 18 de maio de 2020. A virtualiza\u00e7\u00e3o do [&hellip;]<\/p>\n","protected":false},"author":1,"featured_media":0,"parent":0,"menu_order":9,"comment_status":"closed","ping_status":"closed","template":"","meta":{"_acf_changed":false,"custom_icon_class":"","footnotes":""},"class_list":["post-44","page","type-page","status-publish","hentry"],"acf":[],"_links":{"self":[{"href":"https:\/\/www.goiania.go.gov.br\/conselhotributario\/wp-json\/wp\/v2\/pages\/44","targetHints":{"allow":["GET"]}}],"collection":[{"href":"https:\/\/www.goiania.go.gov.br\/conselhotributario\/wp-json\/wp\/v2\/pages"}],"about":[{"href":"https:\/\/www.goiania.go.gov.br\/conselhotributario\/wp-json\/wp\/v2\/types\/page"}],"author":[{"embeddable":true,"href":"https:\/\/www.goiania.go.gov.br\/conselhotributario\/wp-json\/wp\/v2\/users\/1"}],"replies":[{"embeddable":true,"href":"https:\/\/www.goiania.go.gov.br\/conselhotributario\/wp-json\/wp\/v2\/comments?post=44"}],"version-history":[{"count":10,"href":"https:\/\/www.goiania.go.gov.br\/conselhotributario\/wp-json\/wp\/v2\/pages\/44\/revisions"}],"predecessor-version":[{"id":2666,"href":"https:\/\/www.goiania.go.gov.br\/conselhotributario\/wp-json\/wp\/v2\/pages\/44\/revisions\/2666"}],"wp:attachment":[{"href":"https:\/\/www.goiania.go.gov.br\/conselhotributario\/wp-json\/wp\/v2\/media?parent=44"}],"curies":[{"name":"wp","href":"https:\/\/api.w.org\/{rel}","templated":true}]}}