{"id":422,"date":"2020-07-08T11:28:39","date_gmt":"2020-07-08T14:28:39","guid":{"rendered":"https:\/\/www.goiania.go.gov.br\/conselhotributario\/?page_id=422"},"modified":"2026-03-18T10:27:48","modified_gmt":"2026-03-18T13:27:48","slug":"colegio-pleno-fiscal","status":"publish","type":"page","link":"https:\/\/www.goiania.go.gov.br\/conselhotributario\/colegio-pleno-fiscal\/","title":{"rendered":"Col\u00e9gio Pleno Fiscal"},"content":{"rendered":"\n<p><a href=\"https:\/\/www.goiania.go.gov.br\/conselhotributario\/colegio-pleno-fiscal\/pautas-colegio-pleno-fiscal-2026\/\">Pautas Col\u00e9gio Pleno Fiscal &#8211; 2026<\/a><\/p>\n\n\n\n<p><a href=\"https:\/\/www.goiania.go.gov.br\/conselhotributario\/colegio-pleno-fiscal\/pautas-colegio-pleno-fiscal-2025\/\">Pautas Col\u00e9gio Pleno Fiscal &#8211; 2025<\/a><\/p>\n\n\n\n<p><a href=\"https:\/\/www.goiania.go.gov.br\/conselhotributario\/colegio-pleno-fiscal\/pautas-colegio-pleno-fiscal-3a-e-4a-camaras-2024\/\">Pautas Col\u00e9gio Pleno Fiscal &#8211; 2024<\/a><\/p>\n\n\n\n<p><a href=\"https:\/\/www.goiania.go.gov.br\/conselhotributario\/colegio-pleno-fiscal\/pautas-colegio-pleno-fiscal-3a-e-4a-camaras-2023\/\">Pautas Col\u00e9gio Pleno Fiscal &#8211; 2023<\/a><\/p>\n\n\n\n<p><a href=\"https:\/\/www.goiania.go.gov.br\/conselhotributario\/colegio-pleno-fiscal\/pautas-colegio-pleno-fiscal-3a-e-4a-camaras-2022\/\">Pautas Col\u00e9gio Pleno Fiscal &#8211; 2022<\/a><\/p>\n\n\n\n<p><a href=\"https:\/\/www.goiania.go.gov.br\/conselhotributario\/colegio-pleno-fiscal\/pautas-colegio-pleno-fiscal-2020\/\">Pautas Col\u00e9gio Pleno Fiscal &#8211; 2021<\/a><\/p>\n\n\n\n<p><a href=\"https:\/\/www.goiania.go.gov.br\/conselhotributario\/colegio-pleno-fiscal\/pautas-colegio-pleno-fiscal-2020\/\">Pautas Col\u00e9gio Pleno Fiscal &#8211; 2020<\/a><\/p>\n\n\n\n<p><a href=\"https:\/\/www.goiania.go.gov.br\/conselhotributario\/colegio-pleno-fiscal\/pautas-colegio-pleno-fiscal-2019\/\">Pautas Col\u00e9gio Pleno Fiscal &#8211; 2019<\/a><\/p>\n\n\n\n<p><a href=\"https:\/\/www.goiania.go.gov.br\/conselhotributario\/colegio-pleno-fiscal\/pautas-colegio-pleno-fiscal-2018\/\">Pautas Col\u00e9gio Pleno Fiscal &#8211; 2018<\/a><\/p>\n\n\n\n<p><a href=\"https:\/\/www.goiania.go.gov.br\/conselhotributario\/colegio-pleno-fiscal\/pautas-colegio-pleno-fiscal-2017\/\">Pautas Col\u00e9gio Pleno Fiscal &#8211; 2017<\/a><\/p>\n","protected":false},"excerpt":{"rendered":"<p>Pautas Col\u00e9gio Pleno Fiscal &#8211; 2026 Pautas Col\u00e9gio Pleno Fiscal &#8211; 2025 Pautas Col\u00e9gio Pleno Fiscal &#8211; 2024 Pautas Col\u00e9gio Pleno Fiscal &#8211; 2023 Pautas Col\u00e9gio Pleno Fiscal &#8211; 2022 Pautas Col\u00e9gio Pleno Fiscal &#8211; 2021 Pautas Col\u00e9gio Pleno Fiscal &#8211; 2020 Pautas Col\u00e9gio Pleno Fiscal &#8211; 2019 Pautas Col\u00e9gio Pleno Fiscal &#8211; 2018 Pautas [&hellip;]<\/p>\n","protected":false},"author":1,"featured_media":0,"parent":0,"menu_order":18,"comment_status":"closed","ping_status":"closed","template":"","meta":{"_acf_changed":false,"custom_icon_class":"","footnotes":""},"class_list":["post-422","page","type-page","status-publish","hentry"],"acf":[],"_links":{"self":[{"href":"https:\/\/www.goiania.go.gov.br\/conselhotributario\/wp-json\/wp\/v2\/pages\/422","targetHints":{"allow":["GET"]}}],"collection":[{"href":"https:\/\/www.goiania.go.gov.br\/conselhotributario\/wp-json\/wp\/v2\/pages"}],"about":[{"href":"https:\/\/www.goiania.go.gov.br\/conselhotributario\/wp-json\/wp\/v2\/types\/page"}],"author":[{"embeddable":true,"href":"https:\/\/www.goiania.go.gov.br\/conselhotributario\/wp-json\/wp\/v2\/users\/1"}],"replies":[{"embeddable":true,"href":"https:\/\/www.goiania.go.gov.br\/conselhotributario\/wp-json\/wp\/v2\/comments?post=422"}],"version-history":[{"count":10,"href":"https:\/\/www.goiania.go.gov.br\/conselhotributario\/wp-json\/wp\/v2\/pages\/422\/revisions"}],"predecessor-version":[{"id":2840,"href":"https:\/\/www.goiania.go.gov.br\/conselhotributario\/wp-json\/wp\/v2\/pages\/422\/revisions\/2840"}],"wp:attachment":[{"href":"https:\/\/www.goiania.go.gov.br\/conselhotributario\/wp-json\/wp\/v2\/media?parent=422"}],"curies":[{"name":"wp","href":"https:\/\/api.w.org\/{rel}","templated":true}]}}