{"id":368,"date":"2019-05-13T11:37:32","date_gmt":"2020-07-08T13:22:35","guid":{"rendered":"https:\/\/www.goiania.go.gov.br\/conselhotributario\/colegio-pleno-tributario\/pautas-colegio-tributario-1a-e-2a-camaras-2020\/"},"modified":"2025-01-16T10:02:33","modified_gmt":"2025-01-16T13:02:33","slug":"pautas-colegio-pleno-2020","status":"publish","type":"page","link":"https:\/\/www.goiania.go.gov.br\/conselhotributario\/colegio-pleno-tributario\/pautas-colegio-pleno-2020\/","title":{"rendered":"Pautas Col\u00e9gio Pleno Tribut\u00e1rio &#8211; 2020"},"content":{"rendered":"\n<p><a href=\"http:\/\/www.goiania.go.gov.br\/conselhotributario\/wp-uploads\/sites\/24\/2020\/07\/438504886342593.pdf\" target=\"_blank\" rel=\"noreferrer noopener\">Pauta Col\u00e9gio Pleno Tribut\u00e1rio 1\u00aa e 2\u00aa C\u00e2maras 29\/01\/2020<\/a><\/p>\n\n\n\n<p><a rel=\"noreferrer noopener\" href=\"https:\/\/www.goiania.go.gov.br\/conselhotributario\/wp-uploads\/sites\/24\/2020\/07\/Pauta-14.07.2020-Sess%C3%A3o-Virtual.pdf\" target=\"_blank\">Pauta Col\u00e9gio Pleno Tribut\u00e1rio 1\u00aa e 2\u00aa C\u00e2maras 14\/07\/2020<\/a> &#8211; Sess\u00e3o Virtual<\/p>\n\n\n\n<p><a rel=\"noreferrer noopener\" href=\"http:\/\/www.goiania.go.gov.br\/conselhotributario\/wp-uploads\/sites\/24\/2020\/08\/Pauta-18.08.2020-pdf-assinada.pdf\" target=\"_blank\">Pauta Col\u00e9gio Pleno Tribut\u00e1rio 1\u00aa e 2\u00aa C\u00e2maras 18\/08\/2020<\/a> &#8211; Sess\u00e3o Virtual<\/p>\n\n\n\n<p><a rel=\"noreferrer noopener\" href=\"http:\/\/www.goiania.go.gov.br\/conselhotributario\/wp-uploads\/sites\/24\/2020\/08\/Pauta-Sessao-Virtual-10.09.2020.pdf\" target=\"_blank\">Pauta Col\u00e9gio Pleno Tribut\u00e1rio 1\u00aa e 2\u00aa C\u00e2maras 10\/09\/2020<\/a> &#8211; Sess\u00e3o Virtual<\/p>\n\n\n\n<p><a rel=\"noreferrer noopener\" href=\"http:\/\/www.goiania.go.gov.br\/conselhotributario\/wp-uploads\/sites\/24\/2020\/09\/Pauta-30.09.2020-Sessao-Virtual.pdf\" target=\"_blank\">Pauta Col\u00e9gio Pleno Tribut\u00e1rio 1\u00aa e 2\u00aa C\u00e2maras <\/a><a href=\"http:\/\/www.goiania.go.gov.br\/conselhotributario\/wp-uploads\/sites\/24\/2020\/09\/Pauta-30.09.2020-Sessao-Virtual.pdf\" target=\"_blank\" rel=\"noreferrer noopener\">3<\/a><a rel=\"noreferrer noopener\" href=\"http:\/\/www.goiania.go.gov.br\/conselhotributario\/wp-uploads\/sites\/24\/2020\/09\/Pauta-30.09.2020-Sessao-Virtual.pdf\" target=\"_blank\">0\/09\/2020<\/a> &#8211; Sess\u00e3o Virtual<\/p>\n\n\n\n<p><a href=\"https:\/\/www.goiania.go.gov.br\/conselhotributario\/wp-uploads\/sites\/24\/2020\/12\/Pauta-Colegio-Pleno-Tributario-17.12.2020-Sessao-Virtual.pdf\" target=\"_blank\" rel=\"noreferrer noopener\">Pauta Col\u00e9gio Pleno Tribut\u00e1rio 1\u00aa e 2\u00aa C\u00e2maras 17\/12\/2020<\/a> &#8211; Sess\u00e3o Virtual<\/p>\n\n\n\n<p><\/p>\n\n\n\n<p><\/p>\n\n\n\n<p><\/p>\n","protected":false},"excerpt":{"rendered":"<p>Pauta Col\u00e9gio Pleno Tribut\u00e1rio 1\u00aa e 2\u00aa C\u00e2maras 29\/01\/2020 Pauta Col\u00e9gio Pleno Tribut\u00e1rio 1\u00aa e 2\u00aa C\u00e2maras 14\/07\/2020 &#8211; Sess\u00e3o Virtual Pauta Col\u00e9gio Pleno Tribut\u00e1rio 1\u00aa e 2\u00aa C\u00e2maras 18\/08\/2020 &#8211; Sess\u00e3o Virtual Pauta Col\u00e9gio Pleno Tribut\u00e1rio 1\u00aa e 2\u00aa C\u00e2maras 10\/09\/2020 &#8211; Sess\u00e3o Virtual Pauta Col\u00e9gio Pleno Tribut\u00e1rio 1\u00aa e 2\u00aa C\u00e2maras 30\/09\/2020 &#8211; [&hellip;]<\/p>\n","protected":false},"author":67,"featured_media":0,"parent":365,"menu_order":6,"comment_status":"closed","ping_status":"closed","template":"","meta":{"_acf_changed":false,"custom_icon_class":"","footnotes":""},"class_list":["post-368","page","type-page","status-publish","hentry"],"acf":[],"_links":{"self":[{"href":"https:\/\/www.goiania.go.gov.br\/conselhotributario\/wp-json\/wp\/v2\/pages\/368","targetHints":{"allow":["GET"]}}],"collection":[{"href":"https:\/\/www.goiania.go.gov.br\/conselhotributario\/wp-json\/wp\/v2\/pages"}],"about":[{"href":"https:\/\/www.goiania.go.gov.br\/conselhotributario\/wp-json\/wp\/v2\/types\/page"}],"author":[{"embeddable":true,"href":"https:\/\/www.goiania.go.gov.br\/conselhotributario\/wp-json\/wp\/v2\/users\/67"}],"replies":[{"embeddable":true,"href":"https:\/\/www.goiania.go.gov.br\/conselhotributario\/wp-json\/wp\/v2\/comments?post=368"}],"version-history":[{"count":10,"href":"https:\/\/www.goiania.go.gov.br\/conselhotributario\/wp-json\/wp\/v2\/pages\/368\/revisions"}],"predecessor-version":[{"id":2585,"href":"https:\/\/www.goiania.go.gov.br\/conselhotributario\/wp-json\/wp\/v2\/pages\/368\/revisions\/2585"}],"up":[{"embeddable":true,"href":"https:\/\/www.goiania.go.gov.br\/conselhotributario\/wp-json\/wp\/v2\/pages\/365"}],"wp:attachment":[{"href":"https:\/\/www.goiania.go.gov.br\/conselhotributario\/wp-json\/wp\/v2\/media?parent=368"}],"curies":[{"name":"wp","href":"https:\/\/api.w.org\/{rel}","templated":true}]}}