{"id":2548,"date":"2025-01-16T09:44:00","date_gmt":"2025-01-16T12:44:00","guid":{"rendered":"https:\/\/www.goiania.go.gov.br\/conselhotributario\/2a-camara\/pautas-segunda-camara-2025\/"},"modified":"2025-12-03T15:29:59","modified_gmt":"2025-12-03T18:29:59","slug":"pautas-segunda-camara-2025","status":"publish","type":"page","link":"https:\/\/www.goiania.go.gov.br\/conselhotributario\/2a-camara\/pautas-segunda-camara-2025\/","title":{"rendered":"Pautas Segunda C\u00e2mara &#8211; 2025"},"content":{"rendered":"\n<p><a href=\"https:\/\/www.goiania.go.gov.br\/conselhotributario\/wp-content\/uploads\/sites\/24\/2025\/02\/Pauta-Segunda-Camara-28.02.2025.pdf\">Pauta Segunda C\u00e2mara 28.02.2025 &#8211; Sess\u00e3o Virtual &#8211; Cancelada<\/a><\/p>\n\n\n\n<p><a href=\"https:\/\/www.goiania.go.gov.br\/conselhotributario\/wp-content\/uploads\/sites\/24\/2025\/05\/Pauta-de-Julgamento-2a-Camara.pdf\">Pauta Segunda C\u00e2mara 05.06.2025 &#8211; Sess\u00e3o Virtual<\/a><\/p>\n\n\n\n<p><a href=\"https:\/\/www.goiania.go.gov.br\/conselhotributario\/wp-content\/uploads\/sites\/24\/2025\/07\/Pauta-Sessao-de-Julgamento-Virtual-Segunda-Camara-1.pdf\">Pauta Segunda C\u00e2mara 07.08.2025 &#8211; Sess\u00e3o Virtual<\/a><\/p>\n\n\n\n<p><a href=\"https:\/\/www.goiania.go.gov.br\/conselhotributario\/wp-content\/uploads\/sites\/24\/2025\/12\/Pauta-Segunda-Camara-19.12.2025.pdf\">Pauta Segunda C\u00e2mara 19.12.2025 &#8211; Sess\u00e3o Virtual<\/a><\/p>\n\n\n\n<p><\/p>\n","protected":false},"excerpt":{"rendered":"<p>Pauta Segunda C\u00e2mara 28.02.2025 &#8211; Sess\u00e3o Virtual &#8211; Cancelada Pauta Segunda C\u00e2mara 05.06.2025 &#8211; Sess\u00e3o Virtual Pauta Segunda C\u00e2mara 07.08.2025 &#8211; Sess\u00e3o Virtual Pauta Segunda C\u00e2mara 19.12.2025 &#8211; Sess\u00e3o Virtual<\/p>\n","protected":false},"author":67,"featured_media":0,"parent":119,"menu_order":1,"comment_status":"closed","ping_status":"closed","template":"","meta":{"_acf_changed":false,"custom_icon_class":"","footnotes":""},"class_list":["post-2548","page","type-page","status-publish","hentry"],"acf":[],"_links":{"self":[{"href":"https:\/\/www.goiania.go.gov.br\/conselhotributario\/wp-json\/wp\/v2\/pages\/2548","targetHints":{"allow":["GET"]}}],"collection":[{"href":"https:\/\/www.goiania.go.gov.br\/conselhotributario\/wp-json\/wp\/v2\/pages"}],"about":[{"href":"https:\/\/www.goiania.go.gov.br\/conselhotributario\/wp-json\/wp\/v2\/types\/page"}],"author":[{"embeddable":true,"href":"https:\/\/www.goiania.go.gov.br\/conselhotributario\/wp-json\/wp\/v2\/users\/67"}],"replies":[{"embeddable":true,"href":"https:\/\/www.goiania.go.gov.br\/conselhotributario\/wp-json\/wp\/v2\/comments?post=2548"}],"version-history":[{"count":6,"href":"https:\/\/www.goiania.go.gov.br\/conselhotributario\/wp-json\/wp\/v2\/pages\/2548\/revisions"}],"predecessor-version":[{"id":2716,"href":"https:\/\/www.goiania.go.gov.br\/conselhotributario\/wp-json\/wp\/v2\/pages\/2548\/revisions\/2716"}],"up":[{"embeddable":true,"href":"https:\/\/www.goiania.go.gov.br\/conselhotributario\/wp-json\/wp\/v2\/pages\/119"}],"wp:attachment":[{"href":"https:\/\/www.goiania.go.gov.br\/conselhotributario\/wp-json\/wp\/v2\/media?parent=2548"}],"curies":[{"name":"wp","href":"https:\/\/api.w.org\/{rel}","templated":true}]}}