{"id":2170,"date":"2019-05-13T11:37:32","date_gmt":"2024-01-17T20:16:07","guid":{"rendered":"https:\/\/www.goiania.go.gov.br\/conselhotributario\/4a-camara\/pautas-4a-camara-2024\/"},"modified":"2025-01-16T09:56:03","modified_gmt":"2025-01-16T12:56:03","slug":"pautas-4a-camara-2024","status":"publish","type":"page","link":"https:\/\/www.goiania.go.gov.br\/conselhotributario\/4a-camara\/pautas-4a-camara-2024\/","title":{"rendered":"Pautas Quarta C\u00e2mara &#8211; 2024"},"content":{"rendered":"\n<p><a href=\"https:\/\/www.goiania.go.gov.br\/conselhotributario\/wp-content\/uploads\/sites\/24\/2024\/01\/Pauta-Sessao-de-Julgamento-Virtual-26.02.2024-4a-Camara.pdf\">Pauta Quarta C\u00e2mara 26.02.2024 &#8211; Sess\u00e3o Virtual<\/a><\/p>\n\n\n\n<p><a href=\"https:\/\/www.goiania.go.gov.br\/conselhotributario\/wp-content\/uploads\/sites\/24\/2024\/04\/Pauta-Sessao-de-Julgamento-Virtual-20.05.2024-4a-Camara.pdf\">Pauta Quarta C\u00e2mara 20.05.2024 &#8211; Sess\u00e3o Virtual<\/a><\/p>\n\n\n\n<p><a href=\"https:\/\/www.goiania.go.gov.br\/conselhotributario\/wp-content\/uploads\/sites\/24\/2024\/06\/Pauta-Sessao-de-Julgamento-Virtual-24.06.2024-4a-Camara.pdf\">Pauta Quarta C\u00e2mara 24.06.2024 &#8211; Sess\u00e3o Virtual<\/a><\/p>\n\n\n\n<p><a href=\"https:\/\/www.goiania.go.gov.br\/conselhotributario\/wp-content\/uploads\/sites\/24\/2024\/08\/Pauta-Sessao-de-Julgamento-Virtual-27.08.2024-4a-Camara-1.pdf\">Pauta Quarta C\u00e2mara 27.08.2024 &#8211; Sess\u00e3o virtual<\/a><\/p>\n\n\n\n<p><a href=\"https:\/\/www.goiania.go.gov.br\/conselhotributario\/wp-content\/uploads\/sites\/24\/2024\/11\/Pauta-Sessao-de-Julgamento-Virtual-19.11.2024-4a-Camara.pdf\">Pauta Quarta C\u00e2mara 19.11.2024 &#8211; Sess\u00e3o Virtual<\/a><\/p>\n\n\n\n<p><\/p>\n","protected":false},"excerpt":{"rendered":"<p>Pauta Quarta C\u00e2mara 26.02.2024 &#8211; Sess\u00e3o Virtual Pauta Quarta C\u00e2mara 20.05.2024 &#8211; Sess\u00e3o Virtual Pauta Quarta C\u00e2mara 24.06.2024 &#8211; Sess\u00e3o Virtual Pauta Quarta C\u00e2mara 27.08.2024 &#8211; Sess\u00e3o virtual Pauta Quarta C\u00e2mara 19.11.2024 &#8211; Sess\u00e3o Virtual<\/p>\n","protected":false},"author":67,"featured_media":0,"parent":293,"menu_order":2,"comment_status":"closed","ping_status":"closed","template":"","meta":{"_acf_changed":false,"custom_icon_class":"","footnotes":""},"class_list":["post-2170","page","type-page","status-publish","hentry"],"acf":[],"_links":{"self":[{"href":"https:\/\/www.goiania.go.gov.br\/conselhotributario\/wp-json\/wp\/v2\/pages\/2170","targetHints":{"allow":["GET"]}}],"collection":[{"href":"https:\/\/www.goiania.go.gov.br\/conselhotributario\/wp-json\/wp\/v2\/pages"}],"about":[{"href":"https:\/\/www.goiania.go.gov.br\/conselhotributario\/wp-json\/wp\/v2\/types\/page"}],"author":[{"embeddable":true,"href":"https:\/\/www.goiania.go.gov.br\/conselhotributario\/wp-json\/wp\/v2\/users\/67"}],"replies":[{"embeddable":true,"href":"https:\/\/www.goiania.go.gov.br\/conselhotributario\/wp-json\/wp\/v2\/comments?post=2170"}],"version-history":[{"count":10,"href":"https:\/\/www.goiania.go.gov.br\/conselhotributario\/wp-json\/wp\/v2\/pages\/2170\/revisions"}],"predecessor-version":[{"id":2568,"href":"https:\/\/www.goiania.go.gov.br\/conselhotributario\/wp-json\/wp\/v2\/pages\/2170\/revisions\/2568"}],"up":[{"embeddable":true,"href":"https:\/\/www.goiania.go.gov.br\/conselhotributario\/wp-json\/wp\/v2\/pages\/293"}],"wp:attachment":[{"href":"https:\/\/www.goiania.go.gov.br\/conselhotributario\/wp-json\/wp\/v2\/media?parent=2170"}],"curies":[{"name":"wp","href":"https:\/\/api.w.org\/{rel}","templated":true}]}}